{"id":58,"date":"2019-04-24T18:13:40","date_gmt":"2019-04-24T18:13:40","guid":{"rendered":"http:\/\/127.0.0.1\/rcm\/pagci\/sobre-las-ayudantias\/"},"modified":"2025-09-15T18:41:48","modified_gmt":"2025-09-15T18:41:48","slug":"sobre-las-ayudantias","status":"publish","type":"page","link":"https:\/\/rcm1.rcm.upr.edu\/ayudantias\/","title":{"rendered":"Sobre las Ayudant\u00edas"},"content":{"rendered":"<div class=\"wpb-content-wrapper\"><p>[vc_row][vc_column][vc_raw_js]JTNDJTIxLS0lMjBHbG9iYWwlMjBzaXRlJTIwdGFnJTIwJTI4Z3RhZy5qcyUyOSUyMC0lMjBHb29nbGUlMjBBbmFseXRpY3MlMjAtLSUzRSUwQSUzQ3NjcmlwdCUyMGFzeW5jJTIwc3JjJTNEJTIyaHR0cHMlM0ElMkYlMkZ3d3cuZ29vZ2xldGFnbWFuYWdlci5jb20lMkZndGFnJTJGanMlM0ZpZCUzRFVBLTExOTU4NDEwOS0yJTIyJTNFJTNDJTJGc2NyaXB0JTNFJTBBJTNDc2NyaXB0JTNFJTBBJTIwJTIwd2luZG93LmRhdGFMYXllciUyMCUzRCUyMHdpbmRvdy5kYXRhTGF5ZXIlMjAlN0MlN0MlMjAlNUIlNUQlM0IlMEElMjAlMjBmdW5jdGlvbiUyMGd0YWclMjglMjklN0JkYXRhTGF5ZXIucHVzaCUyOGFyZ3VtZW50cyUyOSUzQiU3RCUwQSUyMCUyMGd0YWclMjglMjdqcyUyNyUyQyUyMG5ldyUyMERhdGUlMjglMjklMjklM0IlMEElMEElMjAlMjBndGFnJTI4JTI3Y29uZmlnJTI3JTJDJTIwJTI3VUEtMTE5NTg0MTA5LTIlMjclMjklM0IlMEElM0MlMkZzY3JpcHQlM0UlMEE=[\/vc_raw_js][\/vc_column][\/vc_row][vc_row][vc_column][vc_column_text css=&#8221;&#8221;]<\/p>\n<p style=\"text-align: center;\"><strong>Universidad de Puerto Rico<\/strong><br \/>\n<strong>Recinto de Ciencias M\u00e9dicas<\/strong><br \/>\n<strong>Decanato de Asuntos Acad\u00e9micos<\/strong><\/p>\n<p style=\"text-align: center;\"><strong>Programa de Ayudant\u00edas Graduadas de C\u00e1tedra e Investigaci\u00f3n<br \/>\nA\u00f1o Acad\u00e9mico 2025-2026<\/strong><\/p>\n<p>[\/vc_column_text][vc_single_image image=&#8221;423&#8243; img_size=&#8221;full&#8221; alignment=&#8221;center&#8221; onclick=&#8221;custom_link&#8221; css=&#8221;&#8221; link=&#8221;https:\/\/rcm1.rcm.upr.edu\/ayudantias\/programa-de-ayudantias-graduadas-de-catedra-e-investigacion\/&#8221;][vc_btn title=&#8221;Solicitud en L\u00ednea&#8221; color=&#8221;black&#8221; size=&#8221;sm&#8221; align=&#8221;center&#8221; css=&#8221;&#8221; link=&#8221;url:https%3A%2F%2Frcm1.rcm.upr.edu%2Fayudantias%2Fprograma-de-ayudantias-graduadas-de-catedra-e-investigacion%2F&#8221;][\/vc_column][\/vc_row][vc_row][vc_column]<div class=\"ult_pricing_table_wrap ult_info_table ult_design_3  ult-cs-custom \">\n\t\t\t\t\t<div class=\"ult_pricing_table \" style=\"background:#ffffff;color:#000000; \"><div id=\"Info-table-wrap-7814\" class=\"ult_pricing_heading\">\n\t\t\t\t\t\t\t<h3 class=\"ult-responsive\"  data-ultimate-target='#Info-table-wrap-7814 h3'  data-responsive-json-new='{\"font-size\":\"\",\"line-height\":\"\"}'  style=\"font-weight:normal;\">Representantes de las Escuelas<\/h3><\/div><!--ult_pricing_heading--><div id=\"info_table_features_wrap-3404\"  data-ultimate-target='#info_table_features_wrap-3404.ult_price_features'  data-responsive-json-new='{\"font-size\":\"\",\"line-height\":\"\"}'  class=\"ult-responsive ult_price_features\" style=\"font-weight:normal;\">\n\t\t\t\t\t\t\t<table border=\"0\" width=\"100%\" cellspacing=\"0\" cellpadding=\"0\" align=\"center\">\n<tbody>\n<tr>\n<td align=\"center\" width=\"187\">\n<p align=\"center\"><strong>NOMBRE<\/strong><\/p>\n<\/td>\n<td align=\"center\" width=\"173\">\n<p align=\"center\"><strong>ESCUELA<\/strong><\/p>\n<\/td>\n<td align=\"center\" width=\"120\">\n<p align=\"center\"><strong>EXTENSIONES<\/strong><\/p>\n<\/td>\n<td align=\"center\" width=\"210\">\n<p align=\"center\"><strong>EMAIL<\/strong><\/p>\n<\/td>\n<td align=\"center\" width=\"246\">\n<p align=\"center\"><strong>UBICACI\u00d3N<\/strong><\/p>\n<\/td>\n<\/tr>\n<tr>\n<td align=\"center\" width=\"187\">Dr. Jorge Duconge Soler<\/td>\n<td align=\"center\" width=\"173\">Escuela de Farmacia<\/td>\n<td align=\"center\" width=\"120\">\n<p align=\"center\">5509, 5510<\/p>\n<\/td>\n<td align=\"center\" width=\"210\">\n<p align=\"center\"><a href=\"mailto:representante-ayudantias-farmacia.rcm@upr.edu\" target=\"_blank\" rel=\"noopener\">representante-ayudantias-farmacia.rcm@upr.edu<\/a><\/p>\n<\/td>\n<td align=\"center\" width=\"246\">Edif. Nuevo de Farmacia, Piso 2<br \/>\n(Nivel Plaza), Oficina 235<br \/>\nEscuela de Farmacia<\/td>\n<\/tr>\n<tr>\n<td align=\"center\" width=\"187\">Dra. Rosa Ruiz<\/td>\n<td align=\"center\" width=\"173\">Escuela de Enfermer\u00eda<\/td>\n<td align=\"center\" width=\"120\">\n<p align=\"center\">2148<\/p>\n<\/td>\n<td align=\"center\" width=\"210\">\n<p align=\"center\"><a href=\"mailto:representante-ayudantias-enfermeria.rcm@upr.edu\" target=\"_blank\" rel=\"noopener\">representante-ayudantias-enfermeria.rcm@upr.edu<\/a><\/p>\n<\/td>\n<td align=\"center\" width=\"246\">Departamento Sub-graduado<br \/>\nOficina de la Directora, Piso 2<br \/>\nEscuela de Enfermer\u00eda<\/td>\n<\/tr>\n<tr>\n<td align=\"center\" width=\"187\">Dr. Francis Pic\u00f3n<\/td>\n<td align=\"center\" width=\"173\">Escuela de Medicina Dental<\/td>\n<td align=\"center\" width=\"120\">\n<p align=\"center\">1110\/1113\/1219<\/p>\n<\/td>\n<td align=\"center\" width=\"210\">\n<p align=\"center\"><a href=\"mailto:representante-ayudantias-medicinadental@upr.edu\" target=\"_blank\" rel=\"noopener\">representante-ayudantias-medicinadental@upr.edu<\/a><\/p>\n<\/td>\n<td align=\"center\" width=\"246\">Asuntos Estudiantiles<br \/>\nEscuela de Medicina Dental<br \/>\nPiso 1, Oficina B-163<br \/>\nEdificio Principal<\/td>\n<\/tr>\n<tr>\n<td align=\"center\" width=\"187\">Dr. Alexie M. Lugo Canales<\/td>\n<td align=\"center\" width=\"173\">Escuela de Profesiones de la Salud<\/td>\n<td align=\"center\" width=\"120\">\n<p align=\"center\">3420<\/p>\n<\/td>\n<td align=\"center\" width=\"210\">\n<p align=\"center\"><a href=\"mailto:representante-ayudantias-profesionessalud.rcm@upr.edu\" target=\"_blank\" rel=\"noopener\">representante-ayudantias-profesionessalud.rcm@upr.edu<\/a><\/p>\n<\/td>\n<td align=\"center\" width=\"246\">Asuntos Acad\u00e9micos<br \/>\nEscuela de Profesiones de la Salud, Piso 1<\/td>\n<\/tr>\n<tr>\n<td align=\"center\" width=\"187\">Dr. Antonio Martins<\/td>\n<td align=\"center\" width=\"173\">Escuela de Medicina<\/td>\n<td align=\"center\" width=\"120\">\n<p align=\"center\">7017 (Julia)<br \/>\n1879, 1831<\/p>\n<\/td>\n<td align=\"center\" width=\"210\">\n<p align=\"center\"><a href=\"mailto:representante-ayudantias-medicina.rcm@upr.edu\" target=\"_blank\" rel=\"noopener\">representante-ayudantias-medicina.rcm@upr.edu<\/a><\/p>\n<\/td>\n<td align=\"center\" width=\"246\">Ciencias Biom\u00e9dicas<br \/>\nEscuela de Medicina<br \/>\nPiso 9, Oficina a-847<br \/>\nEdificio Principal<\/td>\n<\/tr>\n<tr>\n<td align=\"center\" width=\"187\">Dra. Yiselly M. V\u00e1zquez Guzm\u00e1n<\/td>\n<td align=\"center\" width=\"173\">Escuela Graduada de Salud P\u00fablica<\/td>\n<td align=\"center\" width=\"120\">\n<p align=\"center\">1412, 1413y 1598<\/p>\n<\/td>\n<td align=\"center\" width=\"210\">\n<p align=\"center\"><a href=\"mailto:representante-ayudantias-saludpublica.rcm@upr.edu\" target=\"_blank\" rel=\"noopener\">representante-ayudantias-saludpublica.rcm@upr.edu<\/a><\/p>\n<\/td>\n<td align=\"center\" width=\"246\">Asuntos Estudiantiles<br \/>\nEscuela Graduada de Salud P\u00fablica<br \/>\nPiso 4, Oficina A-444<br \/>\nEdificio Principal<\/td>\n<\/tr>\n<\/tbody>\n<\/table>\n\n\t\t\t\t\t\t<\/div><!--ult_price_features--><div class=\"ult_clr\"><\/div>\n\t\t\t<\/div><!--pricing_table-->\n\t\t<\/div><!--pricing_table_wrap-->[\/vc_column][\/vc_row][vc_row][vc_column width=&#8221;1\/2&#8243;][vc_column_text]Programa de Ayudant\u00edas Graduadas de C\u00e1tedra e Investigaci\u00f3n<br \/>\nEdificio Principal Guillermo Arbona Irizarry<br \/>\nPiso 7, Oficina A-745 Decanato de Asuntos Acad\u00e9micos[\/vc_column_text][vc_empty_space height=&#8221;15px&#8221;][vc_column_text]Universidad de Puerto Rico<br \/>\nRecinto de Ciencias M\u00e9dicas<br \/>\nDecanato de Asuntos Acad\u00e9micos<br \/>\nPO Box 365067<br \/>\nSan Juan, PR 00936-5067[\/vc_column_text][vc_empty_space height=&#8221;15px&#8221;][vc_column_text]Telel\u00e9fono: (787) 758-2525 extensiones 1724, 1725[\/vc_column_text][vc_empty_space height=&#8221;15px&#8221;][vc_column_text]Correo electr\u00f3nico: ayudantias_daa.rcm@upr.edu[\/vc_column_text][\/vc_column][vc_column width=&#8221;1\/2&#8243;][vc_gmaps link=&#8221;#E-8_JTNDaWZyYW1lJTIwc3JjJTNEJTIyaHR0cHMlM0ElMkYlMkZ3d3cuZ29vZ2xlLmNvbSUyRm1hcHMlMkZlbWJlZCUzRnBiJTNEJTIxMW0xOCUyMTFtMTIlMjExbTMlMjExZDM3ODUuOTIwNTE2MTQxNDkxNiUyMTJkLTY2LjA3NjcyMDA4NDc0Nzk2JTIxM2QxOC4zOTY0NjgyODc0ODE0MjIlMjEybTMlMjExZjAlMjEyZjAlMjEzZjAlMjEzbTIlMjExaTEwMjQlMjEyaTc2OCUyMTRmMTMuMSUyMTNtMyUyMTFtMiUyMTFzMHg4YzAzNjg1YmZlYTU4NDE5JTI1M0EweGMxMjU1NWUzZmJhNDAyMjclMjEyc1VuaXZlcnNpdHklMkJvZiUyQlB1ZXJ0byUyQlJpY28lMkItJTJCTWVkaWNhbCUyQlNjaWVuY2VzJTJCQ2FtcHVzJTIxNWUwJTIxM20yJTIxMXNlbiUyMTJzcHIlMjE0djE1NTYxOTkxMTE5NzUlMjE1bTIlMjExc2VuJTIxMnNwciUyMiUyMHdpZHRoJTNEJTIyNjAwJTIyJTIwaGVpZ2h0JTNEJTIyNDUwJTIyJTIwZnJhbWVib3JkZXIlM0QlMjIwJTIyJTIwc3R5bGUlM0QlMjJib3JkZXIlM0EwJTIyJTIwYWxsb3dmdWxsc2NyZWVuJTNFJTNDJTJGaWZyYW1lJTNF&#8221;][\/vc_column][\/vc_row]<\/p>\n<\/div>","protected":false},"excerpt":{"rendered":"<p>[vc_row][vc_column][vc_raw_js]JTNDJTIxLS0lMjBHbG9iYWwlMjBzaXRlJTIwdGFnJTIwJTI4Z3RhZy5qcyUyOSUyMC0lMjBHb29nbGUlMjBBbmFseXRpY3MlMjAtLSUzRSUwQSUzQ3NjcmlwdCUyMGFzeW5jJTIwc3JjJTNEJTIyaHR0cHMlM0ElMkYlMkZ3d3cuZ29vZ2xldGFnbWFuYWdlci5jb20lMkZndGFnJTJGanMlM0ZpZCUzRFVBLTExOTU4NDEwOS0yJTIyJTNFJTNDJTJGc2NyaXB0JTNFJTBBJTNDc2NyaXB0JTNFJTBBJTIwJTIwd2luZG93LmRhdGFMYXllciUyMCUzRCUyMHdpbmRvdy5kYXRhTGF5ZXIlMjAlN0MlN0MlMjAlNUIlNUQlM0IlMEElMjAlMjBmdW5jdGlvbiUyMGd0YWclMjglMjklN0JkYXRhTGF5ZXIucHVzaCUyOGFyZ3VtZW50cyUyOSUzQiU3RCUwQSUyMCUyMGd0YWclMjglMjdqcyUyNyUyQyUyMG5ldyUyMERhdGUlMjglMjklMjklM0IlMEElMEElMjAlMjBndGFnJTI4JTI3Y29uZmlnJTI3JTJDJTIwJTI3VUEtMTE5NTg0MTA5LTIlMjclMjklM0IlMEElM0MlMkZzY3JpcHQlM0UlMEE=[\/vc_raw_js][\/vc_column][\/vc_row][vc_row][vc_column][vc_column_text css=&#8221;&#8221;] Universidad de Puerto Rico Recinto de Ciencias M\u00e9dicas Decanato de Asuntos Acad\u00e9micos Programa de Ayudant\u00edas Graduadas de C\u00e1tedra e Investigaci\u00f3n A\u00f1o Acad\u00e9mico 2025-2026 [\/vc_column_text][vc_single_image image=&#8221;423&#8243; img_size=&#8221;full&#8221; alignment=&#8221;center&#8221; onclick=&#8221;custom_link&#8221; css=&#8221;&#8221; link=&#8221;https:\/\/rcm1.rcm.upr.edu\/ayudantias\/programa-de-ayudantias-graduadas-de-catedra-e-investigacion\/&#8221;][vc_btn title=&#8221;Solicitud en L\u00ednea&#8221; color=&#8221;black&#8221; size=&#8221;sm&#8221; align=&#8221;center&#8221; css=&#8221;&#8221; link=&#8221;url:https%3A%2F%2Frcm1.rcm.upr.edu%2Fayudantias%2Fprograma-de-ayudantias-graduadas-de-catedra-e-investigacion%2F&#8221;][\/vc_column][\/vc_row][vc_row][vc_column][\/vc_column][\/vc_row][vc_row][vc_column width=&#8221;1\/2&#8243;][vc_column_text]Programa de Ayudant\u00edas Graduadas de C\u00e1tedra e Investigaci\u00f3n Edificio Principal Guillermo Arbona Irizarry Piso 7,&hellip;<\/p>\n","protected":false},"author":1,"featured_media":0,"parent":0,"menu_order":0,"comment_status":"closed","ping_status":"closed","template":"template-microsite.php","meta":{"footnotes":""},"class_list":["post-58","page","type-page","status-publish","hentry","description-off"],"aioseo_notices":[],"_links":{"self":[{"href":"https:\/\/rcm1.rcm.upr.edu\/ayudantias\/wp-json\/wp\/v2\/pages\/58","targetHints":{"allow":["GET"]}}],"collection":[{"href":"https:\/\/rcm1.rcm.upr.edu\/ayudantias\/wp-json\/wp\/v2\/pages"}],"about":[{"href":"https:\/\/rcm1.rcm.upr.edu\/ayudantias\/wp-json\/wp\/v2\/types\/page"}],"author":[{"embeddable":true,"href":"https:\/\/rcm1.rcm.upr.edu\/ayudantias\/wp-json\/wp\/v2\/users\/1"}],"replies":[{"embeddable":true,"href":"https:\/\/rcm1.rcm.upr.edu\/ayudantias\/wp-json\/wp\/v2\/comments?post=58"}],"version-history":[{"count":9,"href":"https:\/\/rcm1.rcm.upr.edu\/ayudantias\/wp-json\/wp\/v2\/pages\/58\/revisions"}],"predecessor-version":[{"id":429,"href":"https:\/\/rcm1.rcm.upr.edu\/ayudantias\/wp-json\/wp\/v2\/pages\/58\/revisions\/429"}],"wp:attachment":[{"href":"https:\/\/rcm1.rcm.upr.edu\/ayudantias\/wp-json\/wp\/v2\/media?parent=58"}],"curies":[{"name":"wp","href":"https:\/\/api.w.org\/{rel}","templated":true}]}}