{"id":107,"date":"2017-06-30T12:24:22","date_gmt":"2017-06-30T12:24:22","guid":{"rendered":"http:\/\/exalumnos.rcm.upr.edu\/cpsp\/?page_id=107"},"modified":"2017-06-30T12:24:22","modified_gmt":"2017-06-30T12:24:22","slug":"presentaciones-de-cartel","status":"publish","type":"page","link":"https:\/\/rcm1.rcm.upr.edu\/conferenciaspuertorriquenas\/presentaciones-de-cartel\/","title":{"rendered":"Presentaciones de cartel"},"content":{"rendered":"<ul>\n<li>SC_9_Rolon-Colon_Prevalence of HIV infection among MSM in PR Data from the NHBS System 2008-2011<\/li>\n<li>SC_21_Chau_Soto_Prevalencia de conductas de salud en universitarios ingresantes de la ciudad de Lima<\/li>\n<li>SC_24_Martinez_Investigacion para integrar la participacion de RIUPS en Okanagan<\/li>\n<li>SC_38_Cistaro_Arte y prevenci\u00f3n<\/li>\n<li>SC_52_Qui\u00f1ones_Retos para el futuro Evidencia de la efectividad de las asignaciones en Salud<\/li>\n<li>SC_68_Salazar_Estrategia de Desconcentraci\u00f3n de la Maestr\u00eda en Salud P\u00fablica<\/li>\n<li>SC_98_Muns_Trauma epidemiology of women in PR, 2002-2011<\/li>\n<li>SC_172_Qui\u00f1ones_Preparacion y manejo de emergencias<\/li>\n<\/ul>\n","protected":false},"excerpt":{"rendered":"<p>SC_9_Rolon-Colon_Prevalence of HIV infection among MSM in PR Data from the NHBS System 2008-2011 SC_21_Chau_Soto_Prevalencia de conductas de salud en universitarios ingresantes de la ciudad de Lima SC_24_Martinez_Investigacion para integrar la participacion de RIUPS en Okanagan SC_38_Cistaro_Arte y prevenci\u00f3n SC_52_Qui\u00f1ones_Retos para el futuro Evidencia de la efectividad de las asignaciones en Salud SC_68_Salazar_Estrategia de Desconcentraci\u00f3n&hellip;<\/p>\n","protected":false},"author":1,"featured_media":0,"parent":0,"menu_order":0,"comment_status":"closed","ping_status":"closed","template":"template-microsite.php","meta":{"footnotes":""},"class_list":["post-107","page","type-page","status-publish","hentry","description-off"],"aioseo_notices":[],"_links":{"self":[{"href":"https:\/\/rcm1.rcm.upr.edu\/conferenciaspuertorriquenas\/wp-json\/wp\/v2\/pages\/107","targetHints":{"allow":["GET"]}}],"collection":[{"href":"https:\/\/rcm1.rcm.upr.edu\/conferenciaspuertorriquenas\/wp-json\/wp\/v2\/pages"}],"about":[{"href":"https:\/\/rcm1.rcm.upr.edu\/conferenciaspuertorriquenas\/wp-json\/wp\/v2\/types\/page"}],"author":[{"embeddable":true,"href":"https:\/\/rcm1.rcm.upr.edu\/conferenciaspuertorriquenas\/wp-json\/wp\/v2\/users\/1"}],"replies":[{"embeddable":true,"href":"https:\/\/rcm1.rcm.upr.edu\/conferenciaspuertorriquenas\/wp-json\/wp\/v2\/comments?post=107"}],"version-history":[{"count":0,"href":"https:\/\/rcm1.rcm.upr.edu\/conferenciaspuertorriquenas\/wp-json\/wp\/v2\/pages\/107\/revisions"}],"wp:attachment":[{"href":"https:\/\/rcm1.rcm.upr.edu\/conferenciaspuertorriquenas\/wp-json\/wp\/v2\/media?parent=107"}],"curies":[{"name":"wp","href":"https:\/\/api.w.org\/{rel}","templated":true}]}}