{"id":263,"date":"2018-08-30T12:38:17","date_gmt":"2018-08-30T12:38:17","guid":{"rendered":"http:\/\/127.0.0.1\/rcm\/cecsi\/servicios-a-estudiantes\/"},"modified":"2018-08-30T12:38:17","modified_gmt":"2018-08-30T12:38:17","slug":"servicios-a-estudiantes","status":"publish","type":"page","link":"https:\/\/rcm1.rcm.upr.edu\/consejeriasicologia\/servicios-a-estudiantes\/","title":{"rendered":"Servicios a Estudiantes"},"content":{"rendered":"<div class=\"wpb-content-wrapper\"><p>[vc_row][vc_column][vc_column_text]Nuestra Misi\u00f3n es mantener y fortalecer el bienestar y desarrollo integral del estudiante en su dimensi\u00f3n personal, social, acad\u00e9mica y ocupacional propiciando un desempe\u00f1o \u00f3ptimo y una integraci\u00f3n responsable y productiva en el quehacer de nuestra sociedad.<\/p>\n<p>&nbsp;<\/p>\n<p>Por eso ofrecemos servicios de:[\/vc_column_text][\/vc_column][\/vc_row][vc_row][vc_column width=&#8221;1\/2&#8243;][vc_column_text]<\/p>\n<h3>Consejer\u00eda Individual<\/h3>\n<p>Para\u00a0<span data-ogsc=\"red\"><strong>Orientaci\u00f3n<\/strong>\u00a0<\/span>llamar al (787) 758-2525 exts. 5209, 5210 o 5212. Para\u00a0<span data-ogsc=\"red\"><strong>Consejer\u00eda<\/strong>\u00a0<\/span>llamar o ir a\u00a0<a href=\"https:\/\/cecsi.rcm.upr.edu\/solicitud\/\" target=\"_blank\" rel=\"noopener noreferrer\">https:\/\/cecsi.rcm.upr.edu\/solicitud\/<\/a>.[\/vc_column_text][\/vc_column][vc_column width=&#8221;1\/2&#8243;][vc_column_text]<\/p>\n<h3>Evaluaci\u00f3n Sicol\u00f3gica y Sicoterapia<\/h3>\n<p>Evaluaci\u00f3n y ayuda sicol\u00f3gica mediante aplicaci\u00f3n de estrategias de intervenci\u00f3n cognitivas, afectivas, conductuales y\/o sistem\u00e1ticas.[\/vc_column_text][\/vc_column][\/vc_row][vc_row][vc_column][vc_empty_space][\/vc_column][\/vc_row][vc_row][vc_column width=&#8221;1\/2&#8243;][vc_column_text]<\/p>\n<h3>Consejer\u00eda Grupal<\/h3>\n<p>Se comparten pensamientos, sentimientos y comportamientos sobre alg\u00fan tema o situaci\u00f3n en particular. Los integrantes se apoyan y aprenden unos de otros, descubren y fortalecen sus destrezas internas para la soluci\u00f3n de problemas.[\/vc_column_text][\/vc_column][vc_column width=&#8221;1\/2&#8243;][vc_column_text]<\/p>\n<h3>Orientaciones Grupales<\/h3>\n<p>Se reciben grupos de escuela superior y universitarios para orientaci\u00f3n de carreras y ofrecimientos acad\u00e9micos. Normalmente viernes de 9:00 a.m. por cita previa.[\/vc_column_text][\/vc_column][\/vc_row][vc_row][vc_column][vc_empty_space][\/vc_column][\/vc_row][vc_row][vc_column width=&#8221;1\/2&#8243;][vc_column_text]<\/p>\n<h3>Consejer\u00eda Ocupacional<\/h3>\n<p>Proceso sistem\u00e1tico para tomar decisiones de carreras, educativas y ocupacionales. Administraci\u00f3n e interpretaci\u00f3n de inventarios de intereses vocacionales. Educaci\u00f3n sobre la b\u00fasqueda de empleo.[\/vc_column_text][\/vc_column][vc_column width=&#8221;1\/2&#8243;][vc_column_text]<\/p>\n<h3>Talleres<\/h3>\n<p>Se crean o adaptan talleres seg\u00fan las necesidades del grupo a atender. Algunos ejemplos; B\u00fasqueda de Empleo, Trabajo en Equipo, Relaciones Interpersonales, Manejo de Estr\u00e9s, Manejo del Tiempo, Comunicaci\u00f3n Asertiva, Toma de Decisiones y Destrezas de Estudio.[\/vc_column_text][\/vc_column][\/vc_row][vc_row][vc_column][vc_column_text]<strong>Otras Actividades:<\/strong><\/p>\n<ul>\n<li>Acceso a computadora con Internet<\/li>\n<li><a id=\"ctl00_ctl00_CPHxBody_SiteBody_HyperLink2\" href=\"https:\/\/cecsi.rcm.upr.edu\/servicios-de-apoyo-al-veterano\/\">Servicios de Apoyo al Veterano<\/a><\/li>\n<li><a id=\"ctl00_ctl00_CPHxBody_SiteBody_HyperLink3\" href=\"https:\/\/cecsi.rcm.upr.edu\/becas-e-internados\/\">Informaci\u00f3n sobre Becas e Internados<\/a><\/li>\n<li><a href=\"https:\/\/rcm1.rcm.upr.edu\/consejeriasicologia\/wp-content\/uploads\/sites\/6\/2022\/11\/Mapa-CECSi-al-21noviembre2022.pdf\" target=\"_blank\" rel=\"noopener noreferrer\">Mapa del RCM<\/a><\/li>\n<\/ul>\n<p>[\/vc_column_text][\/vc_column][\/vc_row]<\/p>\n<\/div>","protected":false},"excerpt":{"rendered":"<p>[vc_row][vc_column][vc_column_text]Nuestra Misi\u00f3n es mantener y fortalecer el bienestar y desarrollo integral del estudiante en su dimensi\u00f3n personal, social, acad\u00e9mica y ocupacional propiciando un desempe\u00f1o \u00f3ptimo y una integraci\u00f3n responsable y productiva en el quehacer de nuestra sociedad. &nbsp; Por eso ofrecemos servicios de:[\/vc_column_text][\/vc_column][\/vc_row][vc_row][vc_column width=&#8221;1\/2&#8243;][vc_column_text] Consejer\u00eda Individual Para\u00a0Orientaci\u00f3n\u00a0llamar al (787) 758-2525 exts. 5209, 5210 o 5212.&hellip;<\/p>\n","protected":false},"author":1,"featured_media":0,"parent":0,"menu_order":0,"comment_status":"closed","ping_status":"closed","template":"template-microsite.php","meta":{"footnotes":""},"class_list":["post-263","page","type-page","status-publish","hentry","description-off"],"aioseo_notices":[],"_links":{"self":[{"href":"https:\/\/rcm1.rcm.upr.edu\/consejeriasicologia\/wp-json\/wp\/v2\/pages\/263","targetHints":{"allow":["GET"]}}],"collection":[{"href":"https:\/\/rcm1.rcm.upr.edu\/consejeriasicologia\/wp-json\/wp\/v2\/pages"}],"about":[{"href":"https:\/\/rcm1.rcm.upr.edu\/consejeriasicologia\/wp-json\/wp\/v2\/types\/page"}],"author":[{"embeddable":true,"href":"https:\/\/rcm1.rcm.upr.edu\/consejeriasicologia\/wp-json\/wp\/v2\/users\/1"}],"replies":[{"embeddable":true,"href":"https:\/\/rcm1.rcm.upr.edu\/consejeriasicologia\/wp-json\/wp\/v2\/comments?post=263"}],"version-history":[{"count":0,"href":"https:\/\/rcm1.rcm.upr.edu\/consejeriasicologia\/wp-json\/wp\/v2\/pages\/263\/revisions"}],"wp:attachment":[{"href":"https:\/\/rcm1.rcm.upr.edu\/consejeriasicologia\/wp-json\/wp\/v2\/media?parent=263"}],"curies":[{"name":"wp","href":"https:\/\/api.w.org\/{rel}","templated":true}]}}