{"id":3414,"date":"2021-09-28T15:47:22","date_gmt":"2021-09-28T15:47:22","guid":{"rendered":"https:\/\/cecsi.rcm.upr.edu\/?page_id=3414"},"modified":"2021-09-28T15:47:22","modified_gmt":"2021-09-28T15:47:22","slug":"actividades","status":"publish","type":"page","link":"https:\/\/rcm1.rcm.upr.edu\/consejeriasicologia\/actividades\/","title":{"rendered":"Actividades"},"content":{"rendered":"<div class=\"wpb-content-wrapper\"><p>[vc_row][vc_column][vc_column_text]<\/p>\n<p>Si deseas traer al Recinto de Ciencias M\u00e9dicas un grupo de estudiantes de escuela superior o universidad de siete estudiantes o menos (puede ser individual), para recibir una orientaci\u00f3n grupal sobre los ofrecimientos acad\u00e9micos debes comunicarte con los consejeros:<\/p>\n<p>&nbsp;<\/p>\n<p>Maribel Pag\u00e1n<br \/>\n(787) 758-2525 extensi\u00f3n 5210<br \/>\n<a href=\"mailto:maribel.pagan4@upr.edu\">maribel.pagan4@upr.edu<\/a><\/p>\n<p>Carlos J. Ca\u00f1uelas<br \/>\n(787) 758-2525 extensi\u00f3n 5212<\/p>\n<p><a href=\"mailto:carlos.canuelas1@upr.edu\">carlos.canuelas1@upr.edu<\/a><\/p>\n<p>&nbsp;<\/p>\n<p>Para orientaci\u00f3n de un grupo de ocho estudiantes o m\u00e1s:<\/p>\n<p>Oficina de Reclutamiento<br \/>\n(787) 758-2525 extensi\u00f3n 5217, 2016<br \/>\n<a href=\"mailto:estudiantespanteras.rcm@upr.edu\">estudiantespanteras.rcm@upr.edu<\/a><\/p>\n<p>&nbsp;<\/p>\n<p>El portal \u201c<a href=\"https:\/\/preguntame.rcm.upr.edu\/\" target=\"_blank\" rel=\"noopener noreferrer\">Preg\u00fantame<\/a>\u201d del Recinto de Ciencias M\u00e9dicas est\u00e1 dise\u00f1ado para estudiantes, padres, consejeros, maestros y profesionales que busquen informaci\u00f3n sobre las profesiones de la Salud. Entre otras cosas podr\u00e1s ver informaci\u00f3n sobre todos los programas, sus requisitos, fechas l\u00edmites, costos, contenido de los ex\u00e1menes, repasos, mitos y otras informaciones importantes.<\/p>\n<p>[\/vc_column_text][\/vc_column][\/vc_row]<\/p>\n<\/div>","protected":false},"excerpt":{"rendered":"<p>[vc_row][vc_column][vc_column_text] Si deseas traer al Recinto de Ciencias M\u00e9dicas un grupo de estudiantes de escuela superior o universidad de siete estudiantes o menos (puede ser individual), para recibir una orientaci\u00f3n grupal sobre los ofrecimientos acad\u00e9micos debes comunicarte con los consejeros: &nbsp; Maribel Pag\u00e1n (787) 758-2525 extensi\u00f3n 5210 maribel.pagan4@upr.edu Carlos J. Ca\u00f1uelas (787) 758-2525 extensi\u00f3n 5212&hellip;<\/p>\n","protected":false},"author":1,"featured_media":0,"parent":0,"menu_order":0,"comment_status":"closed","ping_status":"closed","template":"template-microsite.php","meta":{"footnotes":""},"class_list":["post-3414","page","type-page","status-publish","hentry","description-off"],"aioseo_notices":[],"_links":{"self":[{"href":"https:\/\/rcm1.rcm.upr.edu\/consejeriasicologia\/wp-json\/wp\/v2\/pages\/3414","targetHints":{"allow":["GET"]}}],"collection":[{"href":"https:\/\/rcm1.rcm.upr.edu\/consejeriasicologia\/wp-json\/wp\/v2\/pages"}],"about":[{"href":"https:\/\/rcm1.rcm.upr.edu\/consejeriasicologia\/wp-json\/wp\/v2\/types\/page"}],"author":[{"embeddable":true,"href":"https:\/\/rcm1.rcm.upr.edu\/consejeriasicologia\/wp-json\/wp\/v2\/users\/1"}],"replies":[{"embeddable":true,"href":"https:\/\/rcm1.rcm.upr.edu\/consejeriasicologia\/wp-json\/wp\/v2\/comments?post=3414"}],"version-history":[{"count":0,"href":"https:\/\/rcm1.rcm.upr.edu\/consejeriasicologia\/wp-json\/wp\/v2\/pages\/3414\/revisions"}],"wp:attachment":[{"href":"https:\/\/rcm1.rcm.upr.edu\/consejeriasicologia\/wp-json\/wp\/v2\/media?parent=3414"}],"curies":[{"name":"wp","href":"https:\/\/api.w.org\/{rel}","templated":true}]}}