{"id":271,"date":"2020-03-02T04:01:35","date_gmt":"2020-03-02T04:01:35","guid":{"rendered":"http:\/\/daa.rcm.upr.edu\/?page_id=271"},"modified":"2020-03-02T04:01:35","modified_gmt":"2020-03-02T04:01:35","slug":"administrative-office","status":"publish","type":"page","link":"https:\/\/rcm1.rcm.upr.edu\/deanshipacademicaffairs\/administrative-office\/","title":{"rendered":"Administrative Office"},"content":{"rendered":"<p>The Administrative Office works in collaboration with the units under the Deanship for Academic Affairs. It offers administrative support to some of the units that are under the Office of the Dean, such as Office of Accreditation, Office of Academic Development, Institutional Research, Planning, and Assessment Office, and the Registrar\u2019s Office. Among the primary functions are: advise the Dean in administrative matters such as managing budget assigned to the Office of the Dean, proceeding personnel transactions, purchase orders, etc., according to the institutional policies and the University regulations.<\/p>\n<p>&nbsp;<\/p>\n<p>Our Office is located in the main building of the Medical Sciences Campus, 7th floor, Office A-745. The administrative documents are in the\u00a0<a href=\"https:\/\/sistemaupr.sharepoint.com\/sites\/RCMIntranet\" target=\"_blank\" rel=\"noreferrer noopener\">Intranet page of the MSC<\/a>.<\/p>\n<p>&nbsp;<\/p>\n<p>The following are office personnel:<\/p>\n<p><strong>Gast\u00f3n Rodr\u00edguez Ortiz<\/strong><br \/>\n<em>Special Assistant to the Dean<\/em><\/p>\n<p>&nbsp;<\/p>\n<p><strong>Mr. Luis D. Rivera Pe\u00f1a<\/strong><br \/>\n<em>Accountant Assistant III<\/em><\/p>\n<p>&nbsp;<\/p>\n<p><strong>Mrs. Jans\u00e9 M. V\u00e1zquez Rodr\u00edguez<\/strong><\/p>\n<p><em>Assistant to the Dean&#8217;s Special Assistant<\/em><\/p>\n<p>&nbsp;<\/p>\n<p><strong>Mrs. Ivelisse Cruz Santiago<\/strong><\/p>\n<p><em>Secretary<\/em><\/p>\n<p>&nbsp;<\/p>\n<p><strong>Ms. Viviana Garc\u00eda Domenech<\/strong><\/p>\n<p><em>Secretary<\/em><\/p>\n<p>&nbsp;<\/p>\n<p><strong>Mr. Oscar Nieves Torres<\/strong><\/p>\n<p><em>Specialist in Computer Systems and Telecommunications<\/em><\/p>\n<p>&nbsp;<\/p>\n<p><strong>Phone Numbers:<\/strong><\/p>\n<p>787-758-2525 ext. 1724, 1725, 1726<\/p>\n<p>787-758-8189 (direct phone)<br \/>\n787-754-1844 (fax)<\/p>\n<p>&nbsp;<\/p>\n<p><strong>E-mail:<\/strong><\/p>\n<p><a href=\"mailto:administracion-daa.rcm@upr.edu\" target=\"_blank\" rel=\"noopener noreferrer\" data-mt-detrack-inspected=\"true\" data-mt-detrack-attachment-inspected=\"true\">administracion-daa.rcm@upr.edu<\/a><\/p>\n","protected":false},"excerpt":{"rendered":"<p>The Administrative Office works in collaboration with the units under the Deanship for Academic Affairs. It offers administrative support to some of the units that are under the Office of the Dean, such as Office of Accreditation, Office of Academic Development, Institutional Research, Planning, and Assessment Office, and the Registrar\u2019s Office. Among the primary functions&hellip;<\/p>\n","protected":false},"author":1,"featured_media":0,"parent":0,"menu_order":0,"comment_status":"closed","ping_status":"closed","template":"template-microsite.php","meta":{"footnotes":""},"class_list":["post-271","page","type-page","status-publish","hentry","description-off"],"aioseo_notices":[],"_links":{"self":[{"href":"https:\/\/rcm1.rcm.upr.edu\/deanshipacademicaffairs\/wp-json\/wp\/v2\/pages\/271","targetHints":{"allow":["GET"]}}],"collection":[{"href":"https:\/\/rcm1.rcm.upr.edu\/deanshipacademicaffairs\/wp-json\/wp\/v2\/pages"}],"about":[{"href":"https:\/\/rcm1.rcm.upr.edu\/deanshipacademicaffairs\/wp-json\/wp\/v2\/types\/page"}],"author":[{"embeddable":true,"href":"https:\/\/rcm1.rcm.upr.edu\/deanshipacademicaffairs\/wp-json\/wp\/v2\/users\/1"}],"replies":[{"embeddable":true,"href":"https:\/\/rcm1.rcm.upr.edu\/deanshipacademicaffairs\/wp-json\/wp\/v2\/comments?post=271"}],"version-history":[{"count":0,"href":"https:\/\/rcm1.rcm.upr.edu\/deanshipacademicaffairs\/wp-json\/wp\/v2\/pages\/271\/revisions"}],"wp:attachment":[{"href":"https:\/\/rcm1.rcm.upr.edu\/deanshipacademicaffairs\/wp-json\/wp\/v2\/media?parent=271"}],"curies":[{"name":"wp","href":"https:\/\/api.w.org\/{rel}","templated":true}]}}