{"id":3378,"date":"2021-09-30T15:47:12","date_gmt":"2021-09-30T15:47:12","guid":{"rendered":"https:\/\/daa.rcm.upr.edu\/?page_id=3378"},"modified":"2021-09-30T15:47:12","modified_gmt":"2021-09-30T15:47:12","slug":"steering-committee-for-accreditation","status":"publish","type":"page","link":"https:\/\/rcm1.rcm.upr.edu\/deanshipacademicaffairs\/steering-committee-for-accreditation\/","title":{"rendered":"Steering Committee for Accreditation"},"content":{"rendered":"<div class=\"wpb-content-wrapper\"><p>[vc_row][vc_column][vc_row_inner][vc_column_inner][vc_column_text]<\/p>\n<p style=\"text-align: center\"><img loading=\"lazy\" decoding=\"async\" class=\"aligncenter wp-image-3394 size-full\" src=\"https:\/\/rcm1.rcm.upr.edu\/deanshipacademicaffairs\/wp-content\/uploads\/sites\/12\/2021\/10\/MSCHE-Self-Study-scaled-1.jpg\" alt=\"\" width=\"2560\" height=\"544\" srcset=\"https:\/\/rcm1.rcm.upr.edu\/deanshipacademicaffairs\/wp-content\/uploads\/sites\/12\/2021\/10\/MSCHE-Self-Study-scaled-1.jpg 2560w, https:\/\/rcm1.rcm.upr.edu\/deanshipacademicaffairs\/wp-content\/uploads\/sites\/12\/2021\/10\/MSCHE-Self-Study-scaled-1-300x64.jpg 300w, https:\/\/rcm1.rcm.upr.edu\/deanshipacademicaffairs\/wp-content\/uploads\/sites\/12\/2021\/10\/MSCHE-Self-Study-scaled-1-1024x218.jpg 1024w, https:\/\/rcm1.rcm.upr.edu\/deanshipacademicaffairs\/wp-content\/uploads\/sites\/12\/2021\/10\/MSCHE-Self-Study-scaled-1-768x163.jpg 768w, https:\/\/rcm1.rcm.upr.edu\/deanshipacademicaffairs\/wp-content\/uploads\/sites\/12\/2021\/10\/MSCHE-Self-Study-scaled-1-1536x326.jpg 1536w, https:\/\/rcm1.rcm.upr.edu\/deanshipacademicaffairs\/wp-content\/uploads\/sites\/12\/2021\/10\/MSCHE-Self-Study-scaled-1-2048x435.jpg 2048w\" sizes=\"auto, (max-width: 2560px) 100vw, 2560px\" \/><\/p>\n<p>[\/vc_column_text][vc_empty_space height=&#8221;50px&#8221;]<div class=\" ubtn-ctn-right \"><a class=\"ubtn-link ult-adjust-bottom-margin ubtn-right ubtn-small \" href=\"https:\/\/daa.rcm.upr.edu\/msche\/\" ><button type=\"button\" id=\"ubtn-9190\"  class=\"ubtn ult-adjust-bottom-margin ult-responsive ubtn-small ubtn-no-hover-bg  none  ubtn-right   tooltip-69d21e1e3cbd3\"  data-hover=\"\" data-border-color=\"\" data-bg=\"#629e31\" data-hover-bg=\"\" data-border-hover=\"\" data-shadow-hover=\"\" data-shadow-click=\"none\" data-shadow=\"\" data-shd-shadow=\"\"  data-ultimate-target='#ubtn-9190'  data-responsive-json-new='{\"font-size\":\"\",\"line-height\":\"\"}'  style=\"font-weight:normal;border:none;background: #629e31;color: #ffffff;\"><span class=\"ubtn-hover\" style=\"background-color:\"><\/span><span class=\"ubtn-data ubtn-text \" >Return<\/span><\/button><\/a><\/div>[\/vc_column_inner][\/vc_row_inner][vc_empty_space][vc_column_text]<\/p>\n<h3>Steering<b><span data-contrast=\"auto\"> Committee for Accreditation<\/span><\/b><span data-ccp-props=\"{}\">\u00a0<\/span><\/h3>\n<p><span data-ccp-props=\"{}\">\u00a0<\/span><\/p>\n<p><strong>Dr.\u00a0D\u00e9bora\u00a0H. Silva-D\u00edaz\u00a0<\/strong><br \/>\n<em>Interim Dean of Academic Affairs &amp; MSCHE Liaison, MSC\u00a0<\/em><br \/>\n<span data-contrast=\"auto\">Chair, Self-Study Report Steering Committee<\/span><span data-ccp-props=\"{}\">\u00a0<\/span><br \/>\n<span data-ccp-props=\"{}\">\u00a0<\/span><\/p>\n<p><strong>Dr. Jos\u00e9 A.\u00a0Capriles-Quir\u00f3s\u00a0<\/strong><br \/>\n<em>Ex Officio, Former Associate Dean of Academic Affairs &amp; MSCHE Liaison, MSC\u00a0<\/em><br \/>\n<span data-contrast=\"auto\">Former Chair, Self-Study Report Steering Committee<\/span><span data-ccp-props=\"{}\">\u00a0<\/span><br \/>\n<span data-ccp-props=\"{}\">\u00a0<\/span><\/p>\n<p><strong>Dr. Yasmin\u00a0Pedrogo-Rodr\u00edguez\u00a0<\/strong><br \/>\n<em>Ex Officio, Interim Associate Dean of Academic Affairs, MSC\u00a0<\/em><br \/>\n<span data-ccp-props=\"{}\">\u00a0<\/span><\/p>\n<p><strong>Dr. Jos\u00e9\u00a0Hawayek-Alema\u00f1y\u00a0<\/strong><br \/>\n<em>Ex Officio, Former Dean of Academic Affairs, MSC\u00a0<\/em><br \/>\n<span data-ccp-props=\"{}\">\u00a0<\/span><\/p>\n<p><strong>Dr. Arlene S\u00e1nchez-Castellano\u00a0<\/strong><br \/>\n<span data-contrast=\"auto\">Co-Chair, Self-Study Report Steering Committee<\/span><span data-ccp-props=\"{}\">\u00a0<\/span><br \/>\n<span data-ccp-props=\"{}\">\u00a0<\/span><\/p>\n<p><strong>Prof. Zulma I\u00a0Olivieri-Villafa\u00f1e\u00a0<\/strong><br \/>\n<em>Co-Coordinator, Institutional and Student Learning Assessment Committee, MSC\u00a0<\/em><br \/>\n<span data-contrast=\"auto\">Former Co-Chair, Self-Study Report Steering Committee<\/span><span data-ccp-props=\"{}\">\u00a0<\/span><br \/>\n<span data-ccp-props=\"{}\">\u00a0<\/span><\/p>\n<h3><b><span data-contrast=\"auto\">Standard I. Mission and Goals<\/span><\/b><span data-ccp-props=\"{}\">\u00a0<\/span><\/h3>\n<p><span data-ccp-props=\"{}\">\u00a0<\/span><br \/>\n<strong>Dr. Wanda L. Barreto-Vel\u00e1zquez\u00a0<\/strong><br \/>\n<em>Director, Office of Institutional Assessment, Planning, and Resources\u00a0<\/em><br \/>\n<span data-contrast=\"auto\">Coordinator, Institutional and Student Learning Assessment Committee<\/span><span data-ccp-props=\"{}\">\u00a0<\/span><br \/>\n<span data-contrast=\"auto\">Chair, Standard I<\/span><span data-ccp-props=\"{}\">\u00a0<\/span><br \/>\n<span data-ccp-props=\"{}\">\u00a0<\/span><\/p>\n<p><strong>Dr. Sacha Rivera-Sarate<\/strong><span data-ccp-props=\"{}\">\u00a0<\/span><br \/>\n<em>Faculty, Pharmacy Practice Department\u00a0<\/em><br \/>\n<span data-contrast=\"auto\">School of Pharmacy<\/span><span data-ccp-props=\"{}\">\u00a0<\/span><br \/>\n<span data-ccp-props=\"{}\">\u00a0<\/span><\/p>\n<p><strong>Dr. Mar\u00eda M. Hern\u00e1ndez-Maldonado\u00a0<\/strong><br \/>\n<em>Dean of Students, MSC\u00a0<\/em><br \/>\n<span data-ccp-props=\"{}\">\u00a0<\/span><\/p>\n<p><strong>Dr. Nancy\u00a0D\u00e1vila-Ortiz\u00a0<\/strong><br \/>\n<em>Former Associate Dean for Academic Affairs\u00a0<\/em><br \/>\n<span data-contrast=\"auto\">School of Nursing<\/span><span data-ccp-props=\"{}\">\u00a0<\/span><br \/>\n<span data-ccp-props=\"{}\">\u00a0<\/span><\/p>\n<p><strong>Dr. Janet Rodr\u00edguez-Rodr\u00edguez\u00a0<\/strong><br \/>\n<em>Faculty, Graduate Department\u00a0<\/em><br \/>\n<span data-contrast=\"auto\">School of Nursing<\/span><span data-ccp-props=\"{}\">\u00a0<\/span><br \/>\n<span data-ccp-props=\"{}\">\u00a0<\/span><\/p>\n<p><span data-ccp-props=\"{}\">\u00a0<\/span><\/p>\n<h3><b><span data-contrast=\"auto\">Standard II. Ethics and Integrity<\/span><\/b><span data-ccp-props=\"{}\">\u00a0<\/span><\/h3>\n<p><span data-ccp-props=\"{}\">\u00a0<\/span><\/p>\n<p><strong>Dr. Myriam L. Gonz\u00e1lez-Cordero\u00a0<\/strong><br \/>\n<em>Assistant Dean of Student Affairs\u00a0<\/em><br \/>\n<span data-contrast=\"auto\">School of Pharmacy<\/span><span data-ccp-props=\"{}\">\u00a0<\/span><\/p>\n<p><span data-contrast=\"auto\">Chair, Standard II<\/span><span data-ccp-props=\"{}\">\u00a0<\/span><br \/>\n<span data-ccp-props=\"{}\">\u00a0<\/span><\/p>\n<p><strong>Prof. Mayra L. Vega-Gerena\u00a0<\/strong><br \/>\n<em>Director, Eugenio M. de Hostos\u00a0Ethics\u00a0Institute\u00a0<\/em><br \/>\n<span data-contrast=\"auto\">Faculty<\/span><span data-ccp-props=\"{}\">\u00a0<\/span><br \/>\n<span data-contrast=\"auto\">School of Pharmacy<\/span><span data-ccp-props=\"{}\">\u00a0<\/span><br \/>\n<span data-contrast=\"auto\">Former\u00a0Chair, Standard II<\/span><span data-ccp-props=\"{}\">\u00a0<\/span><br \/>\n<span data-ccp-props=\"{}\">\u00a0<\/span><\/p>\n<p><strong>Dr. Edna E. Pacheco-Acosta\u00a0<\/strong><br \/>\n<em>Director\u00a0<\/em><br \/>\n<span data-contrast=\"auto\">Title IX Office, MSC<\/span><span data-ccp-props=\"{}\">\u00a0<\/span><br \/>\n<span data-ccp-props=\"{}\">\u00a0<\/span><\/p>\n<p><strong>Mr. Duhamel Monge-Delgado\u00a0<\/strong><br \/>\n<em>Liaison Officer\u00a0<\/em><br \/>\n<span data-contrast=\"auto\">Government Ethics Office<\/span><span data-ccp-props=\"{}\">\u00a0<\/span><br \/>\n<span data-contrast=\"auto\">Deanship of Administration Representative, MSC<\/span><span data-ccp-props=\"{}\">\u00a0<\/span><br \/>\n<span data-ccp-props=\"{}\">\u00a0<\/span><\/p>\n<p><strong>Mr.\u00a0\u00c1ngel\u00a0Hoyos-Mel\u00e9ndez\u00a0<\/strong><br \/>\n<em>Communications Advisor\u00a0<\/em><br \/>\n<span data-contrast=\"auto\">Press Office, MSC<\/span><span data-ccp-props=\"{}\">\u00a0<\/span><br \/>\n<span data-ccp-props=\"{}\">\u00a0<\/span><\/p>\n<p><strong>Dr. Carlos J.\u00a0Ca\u00f1uelas-Pereira\u00a0<\/strong><br \/>\n<em>Counselor\u00a0<\/em><br \/>\n<span data-contrast=\"auto\">Deanship of Students Affairs, MSC<\/span><span data-ccp-props=\"{}\">\u00a0<\/span><br \/>\n<span data-ccp-props=\"{}\">\u00a0<\/span><\/p>\n<p><strong>Dr. Iris W.\u00a0C\u00e1tala-Torres\u00a0<\/strong><br \/>\n<em>Counselor\u00a0<\/em><br \/>\n<span data-contrast=\"auto\">School of Nursing<\/span><span data-ccp-props=\"{}\">\u00a0<\/span><br \/>\n<span data-ccp-props=\"{}\">\u00a0<\/span><\/p>\n<h3><b><span data-contrast=\"auto\">Standard III. Design Delivery of the Student Learning Experience<\/span><\/b><span data-ccp-props=\"{}\">\u00a0<\/span><\/h3>\n<p><span data-ccp-props=\"{}\">\u00a0<\/span><\/p>\n<p><strong>Dr. Edna N. Almod\u00f3var-Caraballo\u00a0<\/strong><br \/>\n<em>Associate Dean for Academic Affairs\u00a0<\/em><br \/>\n<span data-contrast=\"auto\">School of Pharmacy<\/span><span data-ccp-props=\"{}\">\u00a0<\/span><br \/>\n<span data-contrast=\"auto\">Chair, Standard III<\/span><span data-ccp-props=\"{}\">\u00a0<\/span><br \/>\n<span data-ccp-props=\"{}\">\u00a0<\/span><\/p>\n<p><strong>Dr. Ruth R\u00edos-Motta\u00a0<\/strong><br \/>\n<em>Evaluation Specialist and Faculty\u00a0<\/em><br \/>\n<span data-contrast=\"auto\">Coordinator\u00a0DrPh\u00a0Program<\/span><span data-ccp-props=\"{}\">\u00a0<\/span><br \/>\n<span data-contrast=\"auto\">School of Public Health<\/span><span data-ccp-props=\"{}\">\u00a0<\/span><br \/>\n<span data-ccp-props=\"{}\">\u00a0<\/span><\/p>\n<p><strong>Dr. Wanda I. Col\u00f3n-Ram\u00edrez\u00a0<\/strong><br \/>\n<em>Faculty\u00a0<\/em><br \/>\n<span data-contrast=\"auto\">School of Health Professions<\/span><span data-ccp-props=\"{}\">\u00a0<\/span><br \/>\n<span data-ccp-props=\"{}\">\u00a0<\/span><\/p>\n<p><strong>Dr. Gloria E. Ortiz-Blanco\u00a0<\/strong><br \/>\n<em>Faculty\u00a0<\/em><br \/>\n<span data-contrast=\"auto\">School of Nursing<\/span><span data-ccp-props=\"{}\">\u00a0<\/span><br \/>\n<span data-ccp-props=\"{}\">\u00a0<\/span><\/p>\n<p><strong>Dr. Edgardo Ruiz-Cora\u00a0<\/strong><br \/>\n<em>Associate Dean for Academic Affairs\u00a0<\/em><br \/>\n<span data-contrast=\"auto\">Graduate School of Public Health<\/span><span data-ccp-props=\"{}\">\u00a0<\/span><br \/>\n<span data-ccp-props=\"{}\">\u00a0<\/span><\/p>\n<p><strong>Dr. Alma Camacho-Mart\u00ednez\u00a0<\/strong><br \/>\n<em>Associate Dean for Academic Affairs\u00a0<\/em><br \/>\n<span data-contrast=\"auto\">School of Health Professions<\/span><span data-ccp-props=\"{}\">\u00a0<\/span><br \/>\n<span data-ccp-props=\"{}\">\u00a0<\/span><\/p>\n<h3><b><span data-contrast=\"auto\">Standard IV. Support of the Student Experience<\/span><\/b><span data-ccp-props=\"{}\">\u00a0<\/span><\/h3>\n<p><span data-ccp-props=\"{}\">\u00a0<\/span><\/p>\n<p><strong>Dr. Arnaldo Cruz-Rivera\u00a0<\/strong><br \/>\n<em>Assistant Dean of Student Affairs\u00a0<\/em><br \/>\n<span data-contrast=\"auto\">School of Health Professions<\/span><span data-ccp-props=\"{}\">\u00a0<\/span><br \/>\n<span data-contrast=\"auto\">Chair, Standard VI<\/span><span data-ccp-props=\"{}\">\u00a0<\/span><br \/>\n<span data-ccp-props=\"{}\">\u00a0<\/span><\/p>\n<p><strong>Dr. Blanca E.\u00a0Amor\u00f3s-Rivera\u00a0<\/strong><br \/>\n<em>Associate Dean of Students, MSC\u00a0<\/em><br \/>\n<span data-ccp-props=\"{}\">\u00a0<\/span><\/p>\n<p><strong>Ms. Maribel Ortiz-Belmonte\u00a0<\/strong><br \/>\n<em>Director, Admissions Office\u00a0<\/em><br \/>\n<span data-contrast=\"auto\">Deanship of Students, MSC<\/span><span data-ccp-props=\"{}\">\u00a0<\/span><br \/>\n<span data-ccp-props=\"{}\">\u00a0<\/span><\/p>\n<p><strong>Dr. Maribel P\u00e9rez-Mercado\u00a0<\/strong><br \/>\n<em>Director, Student Ombudsperson Office, MSC\u00a0<\/em><br \/>\n<span data-contrast=\"auto\">Director, Office of Services for Students with Disabilities, MSC<\/span><span data-ccp-props=\"{}\">\u00a0<\/span><br \/>\n<span data-ccp-props=\"{}\">\u00a0<\/span><\/p>\n<h3><b><span data-contrast=\"auto\">Standard V. Educational Effectiveness Assessment<\/span><\/b><span data-ccp-props=\"{}\">\u00a0<\/span><\/h3>\n<p><span data-ccp-props=\"{}\">\u00a0<\/span><\/p>\n<p><strong>Dr. Arlene S\u00e1nchez-Castellano\u00a0<\/strong><br \/>\n<em>Assessment Specialist &amp; Faculty\u00a0<\/em><br \/>\n<span data-contrast=\"auto\">School of Dental Medicine<\/span><span data-ccp-props=\"{}\">\u00a0<\/span><br \/>\n<span data-contrast=\"auto\">Chair, Standard V<\/span><span data-ccp-props=\"{}\">\u00a0<\/span><br \/>\n<span data-ccp-props=\"{}\">\u00a0<\/span><\/p>\n<p><strong>Dr.\u00a0D\u00e9bora\u00a0H. Silva-D\u00edaz\u00a0<\/strong><br \/>\n<em>Interim Dean of Academic Affairs &amp; MSCHE Liaison, MSC\u00a0<\/em><br \/>\n<span data-ccp-props=\"{}\">\u00a0<\/span><\/p>\n<p><strong>Dr. Ivelisse M. Garc\u00eda-Mel\u00e9ndez\u00a0<\/strong><br \/>\n<em>Director, Curriculum and Assessment Office\u00a0<\/em><br \/>\n<span data-contrast=\"auto\">Graduate School of Public Health<\/span><span data-ccp-props=\"{}\">\u00a0<\/span><br \/>\n<span data-ccp-props=\"{}\">\u00a0<\/span><\/p>\n<p><strong>Dr. Leonor M. Rivera-Rosa\u00a0<\/strong><br \/>\n<em>Director, Evaluation Office\u00a0<\/em><br \/>\n<span data-contrast=\"auto\">School of Nursing<\/span><span data-ccp-props=\"{}\">\u00a0<\/span><br \/>\n<span data-ccp-props=\"{}\">\u00a0<\/span><\/p>\n<p><strong>Dr. Jonathan Hern\u00e1ndez-Agosto\u00a0<\/strong><br \/>\n<em>Director, Curriculum, and Institutional Effectiveness Evaluation Division\u00a0<\/em><br \/>\n<span data-contrast=\"auto\">School of Pharmacy<\/span><span data-ccp-props=\"{}\">\u00a0<\/span><br \/>\n<span data-ccp-props=\"{}\">\u00a0<\/span><\/p>\n<p><strong>Dr. Cynthia Cruz-G\u00f3mez\u00a0<\/strong><br \/>\n<em>Faculty\u00a0<\/em><br \/>\n<span data-contrast=\"auto\">School of Health Professions<\/span><span data-ccp-props=\"{}\">\u00a0<\/span><br \/>\n<span data-ccp-props=\"{}\">\u00a0<\/span><\/p>\n<p><strong>Prof. Mar\u00eda E. Quintero-V\u00e9lez\u00a0<\/strong><br \/>\n<em>Assistant Researcher\u00a0<\/em><br \/>\n<span data-contrast=\"auto\">Deanship of Academic Affairs, MSC<\/span><span data-ccp-props=\"{}\">\u00a0<\/span><br \/>\n<span data-ccp-props=\"{}\">\u00a0<\/span><\/p>\n<p><strong>Prof. Zulma I\u00a0Olivieri-Villafa\u00f1e\u00a0<\/strong><br \/>\n<em>Co-Coordinator, Institutional and Student Learning Assessment Committee, MSC\u00a0<\/em><br \/>\n<span data-ccp-props=\"{}\">\u00a0<\/span><\/p>\n<h3><b><span data-contrast=\"auto\">Standard VI. Planning, Resources, and Institutional Improvement<\/span><\/b><span data-ccp-props=\"{}\">\u00a0<\/span><\/h3>\n<p><span data-ccp-props=\"{}\">\u00a0<\/span><\/p>\n<p><strong>Dr. Heriberto Mar\u00edn-Centeno\u00a0<\/strong><br \/>\n<em>Economist and Faculty\u00a0<\/em><br \/>\n<span data-contrast=\"auto\">Graduate School of Public Health<\/span><span data-ccp-props=\"{}\">\u00a0<\/span><br \/>\n<span data-contrast=\"auto\">Chair, Standard VI<\/span><span data-ccp-props=\"{}\">\u00a0<\/span><br \/>\n<span data-ccp-props=\"{}\">\u00a0<\/span><\/p>\n<p><strong>Dr. Jos\u00e9 M. P\u00e9rez-D\u00edaz\u00a0<\/strong><br \/>\n<em>Actuary and Faculty\u00a0<\/em><br \/>\n<span data-contrast=\"auto\">Graduate School of Public Health<\/span><span data-ccp-props=\"{}\">\u00a0<\/span><br \/>\n<span data-ccp-props=\"{}\">\u00a0<\/span><\/p>\n<p><strong>Mr. Heriberto Luna-de los Santos\u00a0<\/strong><br \/>\n<em>Director\u00a0<\/em><br \/>\n<span data-contrast=\"auto\">Information Technology Office, MSC<\/span><\/p>\n<p>&nbsp;<\/p>\n<p><strong>Mr. Francisco P\u00e9rez-de los Santos\u00a0<\/strong><br \/>\n<em>Former Director\u00a0<\/em><br \/>\n<span data-contrast=\"auto\">Information Technology Office, MSC<\/span><br \/>\n<span data-ccp-props=\"{}\">\u00a0<\/span><\/p>\n<p><strong>Ms. Mildred Mart\u00ednez-Rivera\u00a0<\/strong><br \/>\n<em>Director\u00a0<\/em><br \/>\n<span data-contrast=\"auto\">Budget Office, MSC<\/span><span data-ccp-props=\"{}\">\u00a0<\/span><br \/>\n<span data-ccp-props=\"{}\">\u00a0<\/span><\/p>\n<p><strong>Mr. Adalberto Santos-Col\u00f3n\u00a0<\/strong><br \/>\n<em>Budget Analyst, MSC\u00a0<\/em><br \/>\n<span data-ccp-props=\"{}\">\u00a0<\/span><\/p>\n<p><strong>Prof. Charles W.\u00a0Segu\u00ed-Caballero\u00a0<\/strong><br \/>\n<em>Interim\u00a0Director<\/em><span data-ccp-props=\"{}\">\u00a0<\/span><br \/>\n<span data-contrast=\"auto\">Conrado F. Asenjo Library<\/span><span data-ccp-props=\"{}\">\u00a0<\/span><br \/>\n<span data-ccp-props=\"{}\">\u00a0<\/span><\/p>\n<h3><b><span data-contrast=\"auto\">Standard VII. Governance, Leadership, and Administration<\/span><\/b><span data-ccp-props=\"{}\">\u00a0<\/span><\/h3>\n<p><span data-ccp-props=\"{}\">\u00a0<\/span><\/p>\n<p><strong>Dr. Ram\u00f3n F. Gonz\u00e1lez-Garc\u00eda\u00a0<\/strong><br \/>\n<em>Executive Assistant, Chancellor\u2019s Office, MSC\u00a0<\/em><br \/>\n<span data-contrast=\"auto\">Chair, Standard VII<\/span><span data-ccp-props=\"{}\">\u00a0<\/span><br \/>\n<span data-ccp-props=\"{}\">\u00a0<\/span><\/p>\n<p><strong>Dr. Ra\u00fal Rivera-Gonz\u00e1lez\u00a0<\/strong><br \/>\n<em>Executive Secretary\u00a0<\/em><br \/>\n<span data-contrast=\"auto\">Administrative Board &amp; Academic Senate, MSC<\/span><span data-ccp-props=\"{}\">\u00a0<\/span><br \/>\n<span data-ccp-props=\"{}\">\u00a0<\/span><\/p>\n<p><strong>Ms. Lourdes A. De Jes\u00fas-Rodr\u00edguez\u00a0<\/strong><br \/>\n<em>Interim Dean of Administration, MSC\u00a0<\/em><br \/>\n<span data-ccp-props=\"{}\">\u00a0<\/span><\/p>\n<p><strong>Mr. Manuel Col\u00f3n-P\u00e9rez\u00a0<\/strong><br \/>\n<em>Former Interim Dean of Administration, MSC\u00a0<\/em><br \/>\n<span data-ccp-props=\"{}\">\u00a0<\/span><\/p>\n<p><strong>Ms. Jessica Zayas-D\u00e1vila\u00a0<\/strong><br \/>\n<em>Special Assistant, Dean of Administration, MSC\u00a0<\/em><br \/>\n<span data-ccp-props=\"{}\">\u00a0<\/span><\/p>\n<p><strong>Dr. Mayra\u00a0Olavarr\u00eda-Cruz\u00a0<\/strong><br \/>\n<em>Interim President of the UPR\u00a0<\/em><br \/>\n<span data-contrast=\"auto\">Faculty, School of Medicine, MSC<\/span><span data-ccp-props=\"{}\">\u00a0<\/span><br \/>\n<span data-contrast=\"auto\">Former Member Board of Trustees, UPR System<\/span><span data-ccp-props=\"{}\">\u00a0<\/span><br \/>\n<span data-ccp-props=\"{}\">\u00a0<\/span><\/p>\n<p><strong>Dr. Jos\u00e9 A.\u00a0Capriles-Quir\u00f3s\u00a0<\/strong><br \/>\n<em>Ex Officio, Former Associate Dean of Academic Affairs &amp; MSCHE Liaison, MSC\u00a0<\/em><br \/>\n<span data-ccp-props=\"{}\">\u00a0<\/span><\/p>\n<p><strong>Mr. Jorge L. Rivera-Vel\u00e1zquez\u00a0<\/strong><br \/>\n<em>Former Graduate Student Representative, MSC\u00a0<\/em><br \/>\n<span data-contrast=\"auto\">Board of Trustees, UPR System<\/span><span data-ccp-props=\"{}\">\u00a0<\/span><br \/>\n<span data-ccp-props=\"{}\">\u00a0<\/span><\/p>\n<h3><b><span data-contrast=\"auto\">Evidence Inventory<\/span><\/b><span data-ccp-props=\"{}\">\u00a0<\/span><\/h3>\n<p><span data-ccp-props=\"{}\">\u00a0<\/span><\/p>\n<p><strong>Mr. Jos\u00e9 A. Caro-Torres\u00a0<\/strong><br \/>\n<em>Institutional Data Analyst\u00a0<\/em><br \/>\n<span data-contrast=\"auto\">Deanship of Academic Affairs, MSC<\/span><span data-ccp-props=\"{}\">\u00a0<\/span><br \/>\n<span data-contrast=\"auto\">Chair,\u00a0Evidenc\u00a0Inventory<\/span><span data-ccp-props=\"{}\">\u00a0<\/span><br \/>\n<span data-ccp-props=\"{}\">\u00a0<\/span><\/p>\n<p><strong>Prof. Mar\u00eda E. Quintero-V\u00e9lez\u00a0<\/strong><br \/>\n<em>Assistant Researcher\u00a0<\/em><br \/>\n<span data-contrast=\"auto\">Deanship of Academic Affairs, MSC<\/span><span data-ccp-props=\"{}\">\u00a0<\/span><br \/>\n<span data-ccp-props=\"{}\">\u00a0<\/span><\/p>\n<p><strong>Mr. Heriberto Luna-de los Santos\u00a0<\/strong><br \/>\n<em>Director\u00a0<\/em><br \/>\n<span data-contrast=\"auto\">Information Technology Office, MSC<\/span><span data-ccp-props=\"{}\">\u00a0<\/span><\/p>\n<p>&nbsp;<\/p>\n<p><strong>Mr. Francisco P\u00e9rez-de los Santos\u00a0<\/strong><br \/>\n<em>Former Director\u00a0<\/em><br \/>\n<span data-contrast=\"auto\">Information Technology Office, MSC<\/span><span data-ccp-props=\"{}\">\u00a0<\/span><br \/>\n<span data-ccp-props=\"{}\">\u00a0<\/span><\/p>\n<h3><b><span data-contrast=\"auto\">Editorial Staff<\/span><\/b><span data-ccp-props=\"{}\">\u00a0<\/span><\/h3>\n<p><strong>Prof. Robert Ritchie\u00a0<\/strong><br \/>\nEditor<\/p>\n<p>&nbsp;<\/p>\n<p><strong>Ms. Irisely L\u00f3pez-Ramos\u00a0<\/strong><br \/>\n<em>Administrative Secretary\u00a0<\/em><br \/>\nDeanship of Academic Affairs, MSC[\/vc_column_text][\/vc_column][\/vc_row]<\/p>\n<\/div>","protected":false},"excerpt":{"rendered":"<p>[vc_row][vc_column][vc_row_inner][vc_column_inner][vc_column_text] [\/vc_column_text][vc_empty_space height=&#8221;50px&#8221;][\/vc_column_inner][\/vc_row_inner][vc_empty_space][vc_column_text] Steering Committee for Accreditation\u00a0 \u00a0 Dr.\u00a0D\u00e9bora\u00a0H. Silva-D\u00edaz\u00a0 Interim Dean of Academic Affairs &amp; MSCHE Liaison, MSC\u00a0 Chair, Self-Study Report Steering Committee\u00a0 \u00a0 Dr. Jos\u00e9 A.\u00a0Capriles-Quir\u00f3s\u00a0 Ex Officio, Former Associate Dean of Academic Affairs &amp; MSCHE Liaison, MSC\u00a0 Former Chair, Self-Study Report Steering Committee\u00a0 \u00a0 Dr. Yasmin\u00a0Pedrogo-Rodr\u00edguez\u00a0 Ex Officio, Interim Associate Dean of&hellip;<\/p>\n","protected":false},"author":1,"featured_media":0,"parent":0,"menu_order":0,"comment_status":"closed","ping_status":"closed","template":"template-microsite.php","meta":{"footnotes":""},"class_list":["post-3378","page","type-page","status-publish","hentry","description-off"],"aioseo_notices":[],"_links":{"self":[{"href":"https:\/\/rcm1.rcm.upr.edu\/deanshipacademicaffairs\/wp-json\/wp\/v2\/pages\/3378","targetHints":{"allow":["GET"]}}],"collection":[{"href":"https:\/\/rcm1.rcm.upr.edu\/deanshipacademicaffairs\/wp-json\/wp\/v2\/pages"}],"about":[{"href":"https:\/\/rcm1.rcm.upr.edu\/deanshipacademicaffairs\/wp-json\/wp\/v2\/types\/page"}],"author":[{"embeddable":true,"href":"https:\/\/rcm1.rcm.upr.edu\/deanshipacademicaffairs\/wp-json\/wp\/v2\/users\/1"}],"replies":[{"embeddable":true,"href":"https:\/\/rcm1.rcm.upr.edu\/deanshipacademicaffairs\/wp-json\/wp\/v2\/comments?post=3378"}],"version-history":[{"count":0,"href":"https:\/\/rcm1.rcm.upr.edu\/deanshipacademicaffairs\/wp-json\/wp\/v2\/pages\/3378\/revisions"}],"wp:attachment":[{"href":"https:\/\/rcm1.rcm.upr.edu\/deanshipacademicaffairs\/wp-json\/wp\/v2\/media?parent=3378"}],"curies":[{"name":"wp","href":"https:\/\/api.w.org\/{rel}","templated":true}]}}