{"id":620,"date":"2019-02-04T14:28:27","date_gmt":"2019-02-04T14:28:27","guid":{"rendered":"http:\/\/127.0.0.1\/rcm\/da\/programa-de-aprendizaje-sostenido\/"},"modified":"2019-02-04T14:28:27","modified_gmt":"2019-02-04T14:28:27","slug":"programa-de-aprendizaje-sostenido","status":"publish","type":"page","link":"https:\/\/rcm1.rcm.upr.edu\/decanatoadministracion\/programa-de-aprendizaje-sostenido\/","title":{"rendered":"Programa de Aprendizaje Sostenido"},"content":{"rendered":"<div class=\"wpb-content-wrapper\"><p>[vc_row][vc_column][vc_column_text]<\/p>\n<h3>Documentos y Enlaces<\/h3>\n<p>[\/vc_column_text][vc_column_text]<a href=\"https:\/\/da.rcm.upr.edu\/wp-content\/uploads\/sites\/11\/2020\/03\/Pol%c3%adtica_A_System_Model_for_the_Practive_of_The_Learning_Organization_at_MSC.pdf\">Pol\u00edtica A System Model for the Practice of The Learning Organization at MSC<\/a><\/p>\n<p><a href=\"https:\/\/rcm1.rcm.upr.edu\/decanatoadministracion\/wp-content\/uploads\/sites\/11\/2020\/03\/Coordinadoras_Web_Etica_Gubernamental-RCM.pdf\" target=\"_blank\" rel=\"noopener noreferrer\">Listado Coordinadoras Web \u00c9tica Gubernamental RCM<\/a><\/p>\n<p><a href=\"https:\/\/da.rcm.upr.edu\/wp-content\/uploads\/sites\/11\/2020\/03\/Divisi%c3%b3n_Coordinadoras_Web-Escuela_de_Medicina.pdf\">Divisi\u00f3n Coordinadoras Web Escuela de Medicina<\/a><\/p>\n<p>&nbsp;<\/p>\n<p><a href=\"https:\/\/da.rcm.upr.edu\/wp-content\/uploads\/sites\/11\/2020\/03\/Certificaci%c3%b3n_Lectura_OEG_Programa_Aprendizaje_Sostenido.pdf\">Certificaci\u00f3n Lectura OEG Programa Aprendizaje Sostenido<\/a><\/p>\n<p><a href=\"https:\/\/www.eticapr.net\/centro-para-el-desarrollo-del-pensamiento-etico\/metodos-alternos-online\/\">M\u00e9todos Alternos de Educaci\u00f3n Online de la Oficina de \u00c9tica Gubernamental<\/a><\/p>\n<p><a href=\"https:\/\/da.rcm.upr.edu\/wp-content\/uploads\/sites\/11\/2020\/03\/Notificaci%c3%b3n-Actividades-Educativas-en-Modalidad-Electr%c3%b3nica.pdf\">Notificaci\u00f3n Actividades Educativas en Modalidad Electr\u00f3nica<\/a>[\/vc_column_text][\/vc_column][\/vc_row][vc_row][vc_column][vc_column_text]<\/p>\n<h3>Lecturas Convalidadas<\/h3>\n<p>[\/vc_column_text][vc_column_text]<a href=\"https:\/\/rcm1.rcm.upr.edu\/decanatoadministracion\/wp-content\/uploads\/sites\/11\/2021\/04\/Protocolo-de-Violencia-Domestica.pdf\">Protocolo para el Manejo de Situaciones de Violencia Dom\u00e9stica en el Lugar de Trabajo<\/a><\/p>\n<p><a href=\"https:\/\/rcm1.rcm.upr.edu\/decanatoadministracion\/wp-content\/uploads\/sites\/11\/2020\/03\/Politica_Interna_Uso_y_Control_de_la_Propiedad_Mueble_RCM-1.pdf\">Pol\u00edtica Interna Uso y Control de la_Propiedad Mueble<\/a><\/p>\n<p><a href=\"https:\/\/rcm2.rcm.upr.edu\/wp-content\/uploads\/2020\/05\/Estandares-Para-La-Utilizacion-Aceptable-De-Recursos-De-Tecnologia-Informatica-2007-2008.pdf\">Pol\u00edtica Tecnolog\u00edas de Informaci\u00f3n<\/a><\/p>\n<p><a href=\"https:\/\/rcm1.rcm.upr.edu\/decanatoadministracion\/wp-content\/uploads\/sites\/11\/2020\/03\/politica_reglamento_uso_ilicito_drogas_alcohol-1.pdf\">Reglamento de la Universidad de Puerto Rico sobre el Uso Il\u00edcito de Drogas, Sustancias Controladas y Abuso de Alcohol<\/a><\/p>\n<p><a href=\"https:\/\/rcm1.rcm.upr.edu\/decanatoadministracion\/wp-content\/uploads\/sites\/11\/2020\/03\/Reglamento_Acomodo_Razonable_RCM.pdf\">Reglamento de Acomodo Razonable del RCM<\/a><\/p>\n<p>&nbsp;<\/p>\n<p>Cada una de las Pol\u00edticas y Reglamentos antes mencionadas tienen un valor de dos (2) horas para un total de 10 horas de educaci\u00f3n continuada.[\/vc_column_text][vc_column_text]<\/p>\n<h3>Contacto<\/h3>\n<p>[\/vc_column_text][vc_column_text]<\/p>\n<div class=\"ReactFieldEditor\" data-automationtype=\"clientFormField\">\n<div class=\"ReactFieldEditor-core--display\" role=\"button\" aria-label=\"Nombre, Duhamel Monge, press enter to edit.\"><\/div>\n<\/div>\n<div class=\"ReactFieldEditor\" data-automationtype=\"clientFormField\">\n<div class=\"ReactFieldEditor-titleContainer\">Edificio Principal RCM<\/div>\n<div class=\"ReactFieldEditor-titleContainer\">Piso 7<\/div>\n<div class=\"ReactFieldEditor-titleContainer\">Oficina A-715<\/div>\n<\/div>\n<p>[\/vc_column_text][\/vc_column][\/vc_row]<\/p>\n<\/div>","protected":false},"excerpt":{"rendered":"<p>[vc_row][vc_column][vc_column_text] Documentos y Enlaces [\/vc_column_text][vc_column_text]Pol\u00edtica A System Model for the Practice of The Learning Organization at MSC Listado Coordinadoras Web \u00c9tica Gubernamental RCM Divisi\u00f3n Coordinadoras Web Escuela de Medicina &nbsp; Certificaci\u00f3n Lectura OEG Programa Aprendizaje Sostenido M\u00e9todos Alternos de Educaci\u00f3n Online de la Oficina de \u00c9tica Gubernamental Notificaci\u00f3n Actividades Educativas en Modalidad Electr\u00f3nica[\/vc_column_text][\/vc_column][\/vc_row][vc_row][vc_column][vc_column_text] Lecturas Convalidadas&hellip;<\/p>\n","protected":false},"author":1,"featured_media":0,"parent":0,"menu_order":0,"comment_status":"closed","ping_status":"closed","template":"template-microsite.php","meta":{"footnotes":""},"class_list":["post-620","page","type-page","status-publish","hentry","description-off"],"aioseo_notices":[],"_links":{"self":[{"href":"https:\/\/rcm1.rcm.upr.edu\/decanatoadministracion\/wp-json\/wp\/v2\/pages\/620","targetHints":{"allow":["GET"]}}],"collection":[{"href":"https:\/\/rcm1.rcm.upr.edu\/decanatoadministracion\/wp-json\/wp\/v2\/pages"}],"about":[{"href":"https:\/\/rcm1.rcm.upr.edu\/decanatoadministracion\/wp-json\/wp\/v2\/types\/page"}],"author":[{"embeddable":true,"href":"https:\/\/rcm1.rcm.upr.edu\/decanatoadministracion\/wp-json\/wp\/v2\/users\/1"}],"replies":[{"embeddable":true,"href":"https:\/\/rcm1.rcm.upr.edu\/decanatoadministracion\/wp-json\/wp\/v2\/comments?post=620"}],"version-history":[{"count":0,"href":"https:\/\/rcm1.rcm.upr.edu\/decanatoadministracion\/wp-json\/wp\/v2\/pages\/620\/revisions"}],"wp:attachment":[{"href":"https:\/\/rcm1.rcm.upr.edu\/decanatoadministracion\/wp-json\/wp\/v2\/media?parent=620"}],"curies":[{"name":"wp","href":"https:\/\/api.w.org\/{rel}","templated":true}]}}