{"id":1073,"date":"2018-05-29T12:03:42","date_gmt":"2018-05-29T12:03:42","guid":{"rendered":"http:\/\/127.0.0.1\/rcm\/de\/asistencia-economica\/contactenos\/"},"modified":"2025-05-21T11:58:11","modified_gmt":"2025-05-21T11:58:11","slug":"contactenos","status":"publish","type":"page","link":"https:\/\/rcm1.rcm.upr.edu\/decanatoestudiantes\/asistencia-economica\/contactenos\/","title":{"rendered":"Cont\u00e1ctenos"},"content":{"rendered":"<div class=\"wpb-content-wrapper\"><p>[vc_row][vc_column width=&#8221;3\/4&#8243;][vc_column_text css=&#8221;&#8221;]<\/p>\n<h3><strong>Personal de la Oficina de Asistencia Econ\u00f3mica<\/strong><\/h3>\n<p>[\/vc_column_text][vc_column_text]<b> Yolanda I. Rivera Rol\u00f3n<\/b><br \/>\n<strong><em>Directora<\/em><\/strong><br \/>\n<span style=\"font-weight: 400;\"><a href=\"mailto:yolanda.rivera3@upr.edu\">yolanda.rivera3@upr.edu<\/a><\/span><br \/>\n<span style=\"font-weight: 400;\">787-758-2525 ext. 5206<\/span><\/p>\n<p>&nbsp;<\/p>\n<p><strong>Omar Santiago<\/strong><br \/>\n<a href=\"mailto:omar.santiago4@upr.edu\"><span style=\"font-weight: 400;\">omar.santiago4@upr.edu<\/span><\/a><a href=\"mailto:omar.santiago4@upr.edu\"><span style=\"font-weight: 400;\"><br \/>\n<\/span><\/a><em><strong>T\u00e9cnico de Tecnolog\u00eda de Informaci\u00f3n<\/strong><\/em> <span style=\"font-weight: 400;\"><br \/>\n<\/span><span style=\"font-weight: 400;\">787-758-2525 ext. 2015<\/span>[\/vc_column_text][vc_column_text]<\/p>\n<h3>Oficiales de Asistencia Econ\u00f3mica<\/h3>\n<p>[\/vc_column_text][vc_column_text css=&#8221;&#8221;]<span style=\"font-weight: 400;\"><strong>Leyda M\u00e1rquez<\/strong><br \/>\n<a href=\"mailto:leyda.marquez@upr.edu\">leyda.marquez@upr.edu<\/a><a href=\"mailto:marirosa.rivera@upr.edu\"><br \/>\n<\/a><\/span><span style=\"font-weight: 400;\">787-758-2525 ext. 5233<\/span>[\/vc_column_text][vc_row_inner][vc_column_inner width=&#8221;1\/2&#8243;][vc_column_text css=&#8221;&#8221;]<\/p>\n<ul>\n<li>Ciencias de la Salud<\/li>\n<li>Tecnolog\u00eda Veterinaria<\/li>\n<li>Tecnolog\u00eda Radiol\u00f3gica<\/li>\n<li>MS Enfermer\u00eda Diurno<\/li>\n<li>MS Enfermer\u00eda Vespertino<\/li>\n<li>MS Anestesia<\/li>\n<li>DR Enfermer\u00eda<\/li>\n<li>Terapia F\u00edsica<\/li>\n<li>Ciencias Biom\u00e9dicas<\/li>\n<li>Audiolog\u00eda<\/li>\n<li>Citotecnolog\u00eda<\/li>\n<\/ul>\n<p>[\/vc_column_text][\/vc_column_inner][vc_column_inner width=&#8221;1\/2&#8243;][vc_column_text css=&#8221;&#8221;]<\/p>\n<ul>\n<li>MS Informaci\u00f3n de Salud<\/li>\n<li>Patolog\u00eda del Habla<\/li>\n<li>Terapia Ocupacional<\/li>\n<li>Asistencia Dental<\/li>\n<li>Tecnolog\u00eda Oft\u00e1lmica<\/li>\n<li>Cert. Tecnolog\u00eda M\u00e9dica<\/li>\n<li>BS Tecnolog\u00eda M\u00e9dica<\/li>\n<li>Laboratorio Cl\u00ednico<\/li>\n<li>Internado en Diet\u00e9tica<\/li>\n<li>Investigaci\u00f3n Cl\u00ednica<\/li>\n<li>Medicina Nuclear<\/li>\n<\/ul>\n<p>[\/vc_column_text][\/vc_column_inner][\/vc_row_inner][vc_column_text css=&#8221;&#8221;]<strong>Lymari V\u00e9lez Figueroa<\/strong><a href=\"mailto:lymari.velez@upr.edu\"><span style=\"font-weight: 400;\"><br \/>\n<\/span><\/a><a href=\"mailto:lymari.velez@upr.edu\"><span style=\"font-weight: 400;\">lymari.velez@upr.edu<\/span><span style=\"font-weight: 400;\"><br \/>\n<\/span><\/a><span style=\"font-weight: 400;\">787-758-2525 ext. 5207<\/span><\/p>\n<ul>\n<li>Medicina Dental<\/li>\n<li>Medicina<\/li>\n<li>BS Enfermer\u00eda III (Apellidos de la A a la M)<\/li>\n<li>Medicina Veterinaria<\/li>\n<li>Medicina Ley #8<\/li>\n<\/ul>\n<p>[\/vc_column_text][vc_column_text css=&#8221;&#8221;]<strong>Juan Burgos<\/strong><br \/>\n<a href=\"mailto:juan.burgos4@upr.edu\"><span style=\"font-weight: 400;\">juan.burgos4@upr.edu<\/span><span style=\"font-weight: 400;\"><br \/>\n<\/span><\/a><span style=\"font-weight: 400;\">787-758-2525 ext. 5234<\/span>[\/vc_column_text][vc_row_inner][vc_column_inner width=&#8221;1\/2&#8243;][vc_column_text css=&#8221;&#8221;]<\/p>\n<ul>\n<li>Enfermer\u00eda BS III (apellidos de la N a la Z)<\/li>\n<li>Enfermer\u00eda BS IV<\/li>\n<li>Maestr\u00eda Farmacia<\/li>\n<li>Doctorado Farmacia<\/li>\n<li>Salud P\u00fablica General<\/li>\n<li>Higiene Industrial<\/li>\n<li>Gerontolog\u00eda<\/li>\n<li>Educaci\u00f3n en Salud<\/li>\n<\/ul>\n<p>[\/vc_column_text][\/vc_column_inner][vc_column_inner width=&#8221;1\/2&#8243;][vc_column_text css=&#8221;&#8221;]<\/p>\n<ul>\n<li>Demograf\u00eda<\/li>\n<li>Administraci\u00f3n de Servicios de Salud<\/li>\n<li>Salud Ambiental<\/li>\n<li>Epidemiolog\u00eda<\/li>\n<li>Bioestad\u00edsticas<\/li>\n<li>Investigaci\u00f3n Evaluativa<\/li>\n<li>An\u00e1lisis de Sistema de Salud y Gerencia<\/li>\n<\/ul>\n<p>[\/vc_column_text][\/vc_column_inner][\/vc_row_inner][vc_row_inner][vc_column_inner]<div class=\"aio-icon-component    style_1\"><div id=\"Info-box-wrap-7271\" class=\"aio-icon-box default-icon\" style=\"\"  ><div class=\"aio-icon-default\"><div class=\"ult-just-icon-wrapper  \"><div class=\"align-icon\" style=\"text-align:center;\">\n<div class=\"aio-icon none \"  style=\"color:#333;font-size:32px;display:inline-block;\">\n\t<i class=\"icomoon-the7-font-the7-clock-01\"><\/i>\n<\/div><\/div><\/div><\/div><div class=\"aio-icon-header\" ><h3 class=\"aio-icon-title ult-responsive\"  data-ultimate-target='#Info-box-wrap-7271 .aio-icon-title'  data-responsive-json-new='{\"font-size\":\"desktop:18px;\",\"line-height\":\"\"}'  style=\"\">Horarios de Servicios<\/h3><\/div> <!-- header --><div class=\"aio-icon-description ult-responsive\"  data-ultimate-target='#Info-box-wrap-7271 .aio-icon-description'  data-responsive-json-new='{\"font-size\":\"\",\"line-height\":\"\"}'  style=\"\"><span style=\"font-weight: 400;\">lunes a viernes 7:30am a 4:00pm<\/span><\/div> <!-- description --><\/div> <!-- aio-icon-box --><\/div> <!-- aio-icon-component --><div class=\"aio-icon-component    style_1\"><div id=\"Info-box-wrap-3513\" class=\"aio-icon-box default-icon\" style=\"\"  ><div class=\"aio-icon-default\"><div class=\"ult-just-icon-wrapper  \"><div class=\"align-icon\" style=\"text-align:center;\">\n<div class=\"aio-icon none \"  style=\"color:#333;font-size:32px;display:inline-block;\">\n\t<i class=\"icomoon-the7-font-the7-map-04\"><\/i>\n<\/div><\/div><\/div><\/div><div class=\"aio-icon-header\" ><h3 class=\"aio-icon-title ult-responsive\"  data-ultimate-target='#Info-box-wrap-3513 .aio-icon-title'  data-responsive-json-new='{\"font-size\":\"desktop:18px;\",\"line-height\":\"\"}'  style=\"\">Ubicaci\u00f3n F\u00edsica<\/h3><\/div> <!-- header --><div class=\"aio-icon-description ult-responsive\"  data-ultimate-target='#Info-box-wrap-3513 .aio-icon-description'  data-responsive-json-new='{\"font-size\":\"\",\"line-height\":\"\"}'  style=\"\">Recinto de Ciencias M\u00e9dicas<br \/>\nEdificio Guillermo Arbona<br \/>\nSegundo piso<br \/>\nOficina #A-233-D<\/div> <!-- description --><\/div> <!-- aio-icon-box --><\/div> <!-- aio-icon-component --><div class=\"aio-icon-component    style_1\"><div id=\"Info-box-wrap-6916\" class=\"aio-icon-box default-icon\" style=\"\"  ><div class=\"aio-icon-default\"><div class=\"ult-just-icon-wrapper  \"><div class=\"align-icon\" style=\"text-align:center;\">\n<div class=\"aio-icon none \"  style=\"color:#333;font-size:32px;display:inline-block;\">\n\t<i class=\"icomoon-the7-font-the7-mail-07\"><\/i>\n<\/div><\/div><\/div><\/div><div class=\"aio-icon-header\" ><h3 class=\"aio-icon-title ult-responsive\"  data-ultimate-target='#Info-box-wrap-6916 .aio-icon-title'  data-responsive-json-new='{\"font-size\":\"desktop:18px;\",\"line-height\":\"\"}'  style=\"\">Direcci\u00f3n Postal<\/h3><\/div> <!-- header --><div class=\"aio-icon-description ult-responsive\"  data-ultimate-target='#Info-box-wrap-6916 .aio-icon-description'  data-responsive-json-new='{\"font-size\":\"\",\"line-height\":\"\"}'  style=\"\"><span style=\"font-weight: 400;\">Oficina de Asistencia Econ\u00f3mica<\/span><br \/>\n<span style=\"font-weight: 400;\">Decanato de Estudiantes<\/span><br \/>\n<span style=\"font-weight: 400;\">Recinto de Ciencias M\u00e9dicas<\/span><br \/>\n<span style=\"font-weight: 400;\">P.O. Box 365067 <\/span><br \/>\n<span style=\"font-weight: 400;\">San Juan, P.R. 00936-5067<\/span><\/div> <!-- description --><\/div> <!-- aio-icon-box --><\/div> <!-- aio-icon-component --><div class=\"aio-icon-component    style_1\"><div id=\"Info-box-wrap-4558\" class=\"aio-icon-box default-icon\" style=\"\"  ><div class=\"aio-icon-default\"><div class=\"ult-just-icon-wrapper  \"><div class=\"align-icon\" style=\"text-align:center;\">\n<div class=\"aio-icon none \"  style=\"color:#333;font-size:32px;display:inline-block;\">\n\t<i class=\"icomoon-the7-font-the7-phone-051\"><\/i>\n<\/div><\/div><\/div><\/div><div class=\"aio-icon-header\" ><h3 class=\"aio-icon-title ult-responsive\"  data-ultimate-target='#Info-box-wrap-4558 .aio-icon-title'  data-responsive-json-new='{\"font-size\":\"desktop:18px;\",\"line-height\":\"\"}'  style=\"\">Tel\u00e9fono<\/h3><\/div> <!-- header --><div class=\"aio-icon-description ult-responsive\"  data-ultimate-target='#Info-box-wrap-4558 .aio-icon-description'  data-responsive-json-new='{\"font-size\":\"\",\"line-height\":\"\"}'  style=\"\">787-758-2525 extensiones <span style=\"font-weight: 400;\">5205, 5206<\/span><\/div> <!-- description --><\/div> <!-- aio-icon-box --><\/div> <!-- aio-icon-component --><div class=\"aio-icon-component    style_1\"><div id=\"Info-box-wrap-1292\" class=\"aio-icon-box default-icon\" style=\"\"  ><div class=\"aio-icon-default\"><div class=\"ult-just-icon-wrapper  \"><div class=\"align-icon\" style=\"text-align:center;\">\n<div class=\"aio-icon none \"  style=\"color:#333;font-size:32px;display:inline-block;\">\n\t<i class=\"icomoon-the7-font-the7-mail-03\"><\/i>\n<\/div><\/div><\/div><\/div><div class=\"aio-icon-header\" ><h3 class=\"aio-icon-title ult-responsive\"  data-ultimate-target='#Info-box-wrap-1292 .aio-icon-title'  data-responsive-json-new='{\"font-size\":\"desktop:18px;\",\"line-height\":\"\"}'  style=\"\">Correo electr\u00f3nico<\/h3><\/div> <!-- header --><div class=\"aio-icon-description ult-responsive\"  data-ultimate-target='#Info-box-wrap-1292 .aio-icon-description'  data-responsive-json-new='{\"font-size\":\"\",\"line-height\":\"\"}'  style=\"\"><a href=\"mailto:serviciosmedicosestudiantes.rcm@upr.edu\">yolanda.rivera3@upr.edu<\/a><\/div> <!-- description --><\/div> <!-- aio-icon-box --><\/div> <!-- aio-icon-component -->[\/vc_column_inner][\/vc_row_inner][\/vc_column][vc_column width=&#8221;1\/4&#8243;][vc_wp_custommenu nav_menu=&#8221;11&#8243;][\/vc_column][\/vc_row]<\/p>\n<\/div>","protected":false},"excerpt":{"rendered":"<p>[vc_row][vc_column width=&#8221;3\/4&#8243;][vc_column_text css=&#8221;&#8221;] Personal de la Oficina de Asistencia Econ\u00f3mica [\/vc_column_text][vc_column_text] Yolanda I. Rivera Rol\u00f3n Directora yolanda.rivera3@upr.edu 787-758-2525 ext. 5206 &nbsp; Omar Santiago omar.santiago4@upr.edu T\u00e9cnico de Tecnolog\u00eda de Informaci\u00f3n 787-758-2525 ext. 2015[\/vc_column_text][vc_column_text] Oficiales de Asistencia Econ\u00f3mica [\/vc_column_text][vc_column_text css=&#8221;&#8221;]Leyda M\u00e1rquez leyda.marquez@upr.edu 787-758-2525 ext. 5233[\/vc_column_text][vc_row_inner][vc_column_inner width=&#8221;1\/2&#8243;][vc_column_text css=&#8221;&#8221;] Ciencias de la Salud Tecnolog\u00eda Veterinaria Tecnolog\u00eda Radiol\u00f3gica MS Enfermer\u00eda&hellip;<\/p>\n","protected":false},"author":1,"featured_media":0,"parent":3080,"menu_order":0,"comment_status":"closed","ping_status":"closed","template":"template-microsite.php","meta":{"footnotes":""},"class_list":["post-1073","page","type-page","status-publish","hentry","description-off"],"aioseo_notices":[],"_links":{"self":[{"href":"https:\/\/rcm1.rcm.upr.edu\/decanatoestudiantes\/wp-json\/wp\/v2\/pages\/1073","targetHints":{"allow":["GET"]}}],"collection":[{"href":"https:\/\/rcm1.rcm.upr.edu\/decanatoestudiantes\/wp-json\/wp\/v2\/pages"}],"about":[{"href":"https:\/\/rcm1.rcm.upr.edu\/decanatoestudiantes\/wp-json\/wp\/v2\/types\/page"}],"author":[{"embeddable":true,"href":"https:\/\/rcm1.rcm.upr.edu\/decanatoestudiantes\/wp-json\/wp\/v2\/users\/1"}],"replies":[{"embeddable":true,"href":"https:\/\/rcm1.rcm.upr.edu\/decanatoestudiantes\/wp-json\/wp\/v2\/comments?post=1073"}],"version-history":[{"count":6,"href":"https:\/\/rcm1.rcm.upr.edu\/decanatoestudiantes\/wp-json\/wp\/v2\/pages\/1073\/revisions"}],"predecessor-version":[{"id":12660,"href":"https:\/\/rcm1.rcm.upr.edu\/decanatoestudiantes\/wp-json\/wp\/v2\/pages\/1073\/revisions\/12660"}],"up":[{"embeddable":true,"href":"https:\/\/rcm1.rcm.upr.edu\/decanatoestudiantes\/wp-json\/wp\/v2\/pages\/3080"}],"wp:attachment":[{"href":"https:\/\/rcm1.rcm.upr.edu\/decanatoestudiantes\/wp-json\/wp\/v2\/media?parent=1073"}],"curies":[{"name":"wp","href":"https:\/\/api.w.org\/{rel}","templated":true}]}}