{"id":1101,"date":"2018-05-29T15:09:53","date_gmt":"2018-05-29T15:09:53","guid":{"rendered":"http:\/\/127.0.0.1\/rcm\/de\/oficina-de-admisiones\/"},"modified":"2024-08-27T13:47:04","modified_gmt":"2024-08-27T13:47:04","slug":"contactenos-3","status":"publish","type":"page","link":"https:\/\/rcm1.rcm.upr.edu\/decanatoestudiantes\/contactenos-3\/","title":{"rendered":"Oficina de Admisiones &#8211; Cont\u00e1ctenos"},"content":{"rendered":"<div class=\"wpb-content-wrapper\"><p>[vc_row][vc_column][vc_column_text]<\/p>\n<h3>Oficiales de Admisi\u00f3n y Programas Acad\u00e9micos Asignados por Escuela<\/h3>\n<p>[\/vc_column_text][vc_tta_tour style=&#8221;modern&#8221; active_section=&#8221;1&#8243;][vc_tta_section title=&#8221;Escuela de Medicina&#8221; tab_id=&#8221;1601408229624-857a296e-6d00&#8243;][vc_column_text]<strong>Ruth Marilyn Rivera Rol\u00f3n<\/strong> &#8211; ruth.rivera11@upr.edu<\/p>\n<p>[vc_column_text]<strong>Janette Carrasquillo Solivan<\/strong> &#8211; janette.carrasquillo@upr.edu<\/p>\n<ul>\n<li>Doctorado en Medicina<\/li>\n<li>Doctorado en Medicina<em> \u2013 Transferencia a Tercer A\u00f1o<\/em><\/li>\n<\/ul>\n<p>[\/vc_column_text][vc_separator color=&#8221;chino&#8221;][vc_column_text]<strong>Maribel Ortiz Belmonte <\/strong>&#8211;\u00a0maribel.ortiz5@upr.edu<\/p>\n<p><strong>Ciencias Biom\u00e9dicas<\/strong><\/p>\n<ul>\n<li>Maestr\u00eda \/ Doctorado en Anatom\u00eda<\/li>\n<li>Maestr\u00eda \/ Doctorado en Bioqu\u00edmica<\/li>\n<li>Maestr\u00eda \/ Doctorado en Farmacolog\u00eda<\/li>\n<li>Maestr\u00eda \/ Doctorado en Fisiolog\u00eda<\/li>\n<li>Maestr\u00eda \/ Doctorado en Microbiolog\u00eda<\/li>\n<\/ul>\n<p>[\/vc_column_text][\/vc_tta_section][vc_tta_section title=&#8221;Escuela de Medicina Dental&#8221; tab_id=&#8221;1601408229657-2cd4ae35-99f6&#8243;][vc_column_text]<strong>Migdaly Fonseca Mel\u00e9ndez<\/strong> &#8211; migdaly.fonseca@upr.edu<\/p>\n<ul>\n<li>Doctorado en Medicina Dental<\/li>\n<\/ul>\n<p>[\/vc_column_text][\/vc_tta_section][vc_tta_section title=&#8221;Escuela de Farmacia&#8221; tab_id=&#8221;1601408290405-4eb04dd9-ff67&#8243;][vc_column_text css=&#8221;&#8221;]<strong>Vilma Santiago Garc\u00eda <\/strong>&#8211; vilma.santiago@upr.edu<\/p>\n<p><strong>Raiza Hidalgo C\u00e1tala<\/strong> &#8211; raiza.hidalgo1@upr.edu<\/p>\n<ul>\n<li>Doctorado en Farmacia<\/li>\n<li>Doctorado en Filosof\u00eda con especialidad en Ciencias Farmac\u00e9uticas<\/li>\n<li>Maestr\u00eda en Ciencias Farmac\u00e9uticas <em><strong>*No se estar\u00e1n aceptando solicitudes hasta nuevo aviso.<\/strong><\/em><\/li>\n<li>Maestr\u00eda en Farmacia Industrial <em><strong>*No se estar\u00e1n aceptando solicitudes hasta nuevo aviso.<\/strong><\/em><\/li>\n<\/ul>\n<p>[\/vc_column_text][\/vc_tta_section][vc_tta_section title=&#8221;Escuela de Profesiones de la Salud (EPS)&#8221; tab_id=&#8221;1601408291214-1b5ad124-454c&#8221;][vc_column_text]<strong>Ruth Marilyn Rivera Rol\u00f3n<\/strong> &#8211; ruth.rivera11@upr.edu<\/p>\n<ul>\n<li>Maestr\u00eda en Administraci\u00f3n de Informaci\u00f3n de Salud<\/li>\n<\/ul>\n<p>[\/vc_column_text][vc_separator color=&#8221;chino&#8221;][vc_column_text css=&#8221;&#8221;]<strong>Raiza Hidalgo<\/strong> <strong>C\u00e1tala<\/strong> &#8211; raiza.hidalgo1@upr.edu<\/p>\n<ul>\n<li>Certificado Post-bachillerato en Tecnolog\u00eda M\u00e9dica<\/li>\n<\/ul>\n<p>[\/vc_column_text][vc_separator color=&#8221;chino&#8221;][vc_column_text css=&#8221;&#8221;]<strong>Yuliana Santiago Rivera<\/strong> &#8211; yuliana.santiago@upr.edu<\/p>\n<ul>\n<li>Grado Asociado en Asistencia Dental con Funciones Expandidas<\/li>\n<li>Grado Asociado en Tecnolog\u00eda Oft\u00e1lmica<\/li>\n<li>Grado Asociado en Tecnolog\u00eda Radiol\u00f3gica<\/li>\n<li>Bachillerato en Ciencias de la Salud<\/li>\n<li>Bachillerato en Ciencias en Tecnolog\u00eda en Medicina Nuclear<\/li>\n<li>Bachillerato en Educaci\u00f3n y Promoci\u00f3n de la Salud<\/li>\n<li>Bachillerato en Tecnolog\u00eda Veterinaria<\/li>\n<li>Certificado Post Bachillerato en Citotecnolog\u00eda<\/li>\n<li>Certificado Post-bachillerato en Internado en Diet\u00e9tica<\/li>\n<li>Maestr\u00eda en Ciencias en Patolog\u00eda del Habla y Lenguaje<\/li>\n<li>Maestr\u00eda en Laboratorio Cl\u00ednico<\/li>\n<li>Maestr\u00eda en Terapia Ocupacional<\/li>\n<li>Maestr\u00eda Post-doctoral en Investigaci\u00f3n Cl\u00ednica y Translacional<\/li>\n<li>Doctorado en Audiolog\u00eda<\/li>\n<li>Doctorado en Terapia F\u00edsica<\/li>\n<\/ul>\n<p>[\/vc_column_text][\/vc_tta_section][vc_tta_section title=&#8221;Escuela de Graduada de Salud P\u00fablica&#8221; tab_id=&#8221;1601408292098-3643cb08-64a6&#8243;][vc_column_text]<strong>Vilma Santiago Garc\u00eda <\/strong>&#8211; vilma.santiago@upr.edu<\/p>\n<ul>\n<li>Certificado Graduado de Intervenci\u00f3n Temprana<\/li>\n<li>Maestr\u00eda en Ciencias en Demograf\u00eda<\/li>\n<li>Maestr\u00eda en Ciencias en Higiene Industrial<\/li>\n<li>Maestr\u00eda en Ciencias de la Salud con especialidad en Nutrici\u00f3n<\/li>\n<\/ul>\n<p>[\/vc_column_text][vc_separator title=&#8221;\u2022 Maestr\u00eda en Salud P\u00fablica con especialidad en Salud Ambiental&#8221; title_align=&#8221;left&#8221; title_size=&#8221;h5&#8243; title_color=&#8221;title&#8221; separator_style=&#8221;disabled&#8221;][vc_column_text]<\/p>\n<p style=\"text-align: left\"><strong>Maribel Ortiz Belmonte <\/strong>&#8211;\u00a0maribel.ortiz5@upr.edu<\/p>\n<ul>\n<li>Maestr\u00eda en Ciencias en Epidemiolog\u00eda<\/li>\n<li>Maestr\u00eda en Salud P\u00fablica con especialidad en Epidemiolog\u00eda<\/li>\n<\/ul>\n<p>[\/vc_column_text][vc_separator title=&#8221;\u2022 Maestr\u00eda en Salud P\u00fablica con especialidad en Salud Ambiental&#8221; title_align=&#8221;left&#8221; title_size=&#8221;h5&#8243; title_color=&#8221;title&#8221; separator_style=&#8221;disabled&#8221;][vc_column_text css=&#8221;&#8221;]<\/p>\n<p style=\"text-align: left;\"><strong>Raiza Hidalgo C\u00e1tala <\/strong>&#8211; raiza.hidalgo1@upr.edu<\/p>\n<ul>\n<li>Maestr\u00eda en Salud P\u00fablica con especialidad en Salud Ambiental<\/li>\n<li>Maestr\u00eda en Salud P\u00fablica General &#8211; Diurno y Vespertino<\/li>\n<li>Maestr\u00eda en Salud P\u00fablica con Especialidad en Bioestad\u00edstica<\/li>\n<\/ul>\n<p>[\/vc_column_text][vc_separator title=&#8221;\u2022 Maestr\u00eda en Salud P\u00fablica con especialidad en Salud Ambiental&#8221; title_align=&#8221;left&#8221; title_size=&#8221;h5&#8243; title_color=&#8221;title&#8221; separator_style=&#8221;disabled&#8221;][vc_column_text css=&#8221;&#8221;]<strong>Migdaly Fonseca Mel\u00e9ndez<\/strong> &#8211; migdaly.fonseca@upr.edu<\/p>\n<ul>\n<li>Maestr\u00eda en Adminstraci\u00f3n de Servicios de Salud<\/li>\n<\/ul>\n<p>[\/vc_column_text][vc_separator title=&#8221;\u2022 Maestr\u00eda en Salud P\u00fablica con especialidad en Salud Ambiental&#8221; title_align=&#8221;left&#8221; title_size=&#8221;h5&#8243; title_color=&#8221;title&#8221; separator_style=&#8221;disabled&#8221;][vc_column_text]<strong>Janette Carrasquillo Solivan &#8211; janette.carrasquillo@upr.edu<\/strong><\/p>\n<ul>\n<li>Certificado Graduado en Gerontolog\u00eda<\/li>\n<li>Maestr\u00eda en Gerontolog\u00eda<\/li>\n<\/ul>\n<p>[\/vc_column_text][vc_separator title=&#8221;\u2022 Maestr\u00eda en Salud P\u00fablica con especialidad en Salud Ambiental&#8221; title_align=&#8221;left&#8221; title_size=&#8221;h5&#8243; title_color=&#8221;title&#8221; separator_style=&#8221;disabled&#8221;][vc_column_text css=&#8221;&#8221;]<strong>Yuliana Santiago Rivera &#8211; yuliana.santiago@upr.edu<\/strong><\/p>\n<ul>\n<li>Maestr\u00eda de Educaci\u00f3n en Salud<\/li>\n<\/ul>\n<p>[\/vc_column_text][vc_separator title=&#8221;\u2022 Maestr\u00eda en Salud P\u00fablica con especialidad en Salud Ambiental&#8221; title_align=&#8221;left&#8221; title_size=&#8221;h5&#8243; title_color=&#8221;title&#8221; separator_style=&#8221;disabled&#8221;][vc_column_text css=&#8221;&#8221;]<strong>Ruth Marilyn Rivera Rol\u00f3n<\/strong> &#8211; ruth.rivera11@upr.edu<\/p>\n<ul>\n<li>Doctorado en An\u00e1lisis de Sistemas de Salud y Gerencia<\/li>\n<li>Doctorado en Determinantes Sociales de la Salud<\/li>\n<li>Doctorado en Salud Ambiental<\/li>\n<\/ul>\n<p>[\/vc_column_text][\/vc_tta_section][vc_tta_section title=&#8221;Escuela de Enfermer\u00eda&#8221; tab_id=&#8221;1601408293025-dd6e41c6-f4da&#8221;][vc_column_text css=&#8221;&#8221;]<strong>Janette Carrasquillo Solivan <\/strong>&#8211;\u00a0janette.carrasquillo@upr.edu<\/p>\n<ul>\n<li>Doctorado en Filosof\u00eda de Enfermer\u00eda (PhD)<\/li>\n<li>Maestr\u00eda en Ciencias en Enfermer\u00eda<\/li>\n<li>Bachillerato en Ciencias de Enfermer\u00eda<\/li>\n<\/ul>\n<p>[\/vc_column_text][vc_separator css=&#8221;&#8221;][vc_column_text css=&#8221;&#8221;]<strong>Raiza Hidalgo C\u00e1tala <\/strong>&#8211; raiza.hidalgo1@upr.edu<\/p>\n<ul>\n<li>Doctorado en Pr\u00e1ctica de Enfermer\u00eda con Especialidad en Anestesia (DNP-SA)<\/li>\n<\/ul>\n<p>[\/vc_column_text][\/vc_tta_section][\/vc_tta_tour][vc_empty_space][\/vc_column][\/vc_row][vc_row][vc_column width=&#8221;2\/3&#8243;][vc_column_text]<\/p>\n<h3>Personal de la Oficina Central de Admisiones<\/h3>\n<p>El personal de la Oficina Central de Admisiones est\u00e1 disponible para contestar todas sus preguntas relacionadas con el procesamiento y estatus de su solicitud de admisi\u00f3n.<\/p>\n<p>&nbsp;<\/p>\n<p><strong>Maribel Ortiz Belmonte<\/strong><br \/>\n<em><strong>Directora<\/strong><br \/>\nmaribel.ortiz5@upr.edu<br \/>\n<\/em><\/p>\n<p>&nbsp;<\/p>\n<p><strong>Migdaly Fonseca Mel\u00e9ndez<\/strong><br \/>\n<strong><em>Secretaria<\/em><\/strong><br \/>\nmigdaly.fonseca@upr.edu[\/vc_column_text][\/vc_column][vc_column width=&#8221;1\/3&#8243;]<div class=\"aio-icon-component    style_1\"><div id=\"Info-box-wrap-3635\" class=\"aio-icon-box default-icon\" style=\"\"  ><div class=\"aio-icon-default\"><div class=\"ult-just-icon-wrapper  \"><div class=\"align-icon\" style=\"text-align:center;\">\n<div class=\"aio-icon none \"  style=\"color:#333;font-size:32px;display:inline-block;\">\n\t<i class=\"Defaults-clock-o\"><\/i>\n<\/div><\/div><\/div><\/div><div class=\"aio-icon-header\" ><h3 class=\"aio-icon-title ult-responsive\"  data-ultimate-target='#Info-box-wrap-3635 .aio-icon-title'  data-responsive-json-new='{\"font-size\":\"desktop:18px;\",\"line-height\":\"\"}'  style=\"\">Horarios de Servicios<\/h3><\/div> <!-- header --><div class=\"aio-icon-description ult-responsive\"  data-ultimate-target='#Info-box-wrap-3635 .aio-icon-description'  data-responsive-json-new='{\"font-size\":\"\",\"line-height\":\"\"}'  style=\"\">Lunes a Viernes de 7:30am a 4:00pm<\/div> <!-- description --><\/div> <!-- aio-icon-box --><\/div> <!-- aio-icon-component --><div class=\"aio-icon-component    style_1\"><div id=\"Info-box-wrap-1990\" class=\"aio-icon-box default-icon\" style=\"\"  ><div class=\"aio-icon-default\"><div class=\"ult-just-icon-wrapper  \"><div class=\"align-icon\" style=\"text-align:center;\">\n<div class=\"aio-icon none \"  style=\"color:#333;font-size:32px;display:inline-block;\">\n\t<i class=\"Defaults-map-marker\"><\/i>\n<\/div><\/div><\/div><\/div><div class=\"aio-icon-header\" ><h3 class=\"aio-icon-title ult-responsive\"  data-ultimate-target='#Info-box-wrap-1990 .aio-icon-title'  data-responsive-json-new='{\"font-size\":\"desktop:18px;\",\"line-height\":\"\"}'  style=\"\">Ubicaci\u00f3n F\u00edsica<\/h3><\/div> <!-- header --><div class=\"aio-icon-description ult-responsive\"  data-ultimate-target='#Info-box-wrap-1990 .aio-icon-description'  data-responsive-json-new='{\"font-size\":\"\",\"line-height\":\"\"}'  style=\"\"><\/p>\n<div class=\"x_x_elementToProof\">UPR &#8211; Recinto de Ciencias M\u00e9dicas<\/div>\n<div class=\"x_x_elementToProof\">Edificio Guillermo Arbona Irizarry<\/div>\n<div class=\"x_x_elementToProof\">2ndo. piso, Oficina B223<\/div>\n<p><\/div> <!-- description --><\/div> <!-- aio-icon-box --><\/div> <!-- aio-icon-component --><div class=\"aio-icon-component    style_1\"><div id=\"Info-box-wrap-2245\" class=\"aio-icon-box default-icon\" style=\"\"  ><div class=\"aio-icon-default\"><div class=\"ult-just-icon-wrapper  \"><div class=\"align-icon\" style=\"text-align:center;\">\n<div class=\"aio-icon none \"  style=\"color:#333;font-size:32px;display:inline-block;\">\n\t<i class=\"Defaults-envelope\"><\/i>\n<\/div><\/div><\/div><\/div><div class=\"aio-icon-header\" ><h3 class=\"aio-icon-title ult-responsive\"  data-ultimate-target='#Info-box-wrap-2245 .aio-icon-title'  data-responsive-json-new='{\"font-size\":\"desktop:18px;\",\"line-height\":\"\"}'  style=\"\">Direcci\u00f3n Postal<\/h3><\/div> <!-- header --><div class=\"aio-icon-description ult-responsive\"  data-ultimate-target='#Info-box-wrap-2245 .aio-icon-description'  data-responsive-json-new='{\"font-size\":\"\",\"line-height\":\"\"}'  style=\"\">Oficina Central de Admisiones<br \/>\nPrograma: (programa que a usted le interesa)<br \/>\nUniversidad de Puerto Rico<br \/>\nRecinto de Ciencias M\u00e9dicas<br \/>\nPO Box 365067<br \/>\nSan Juan, PR 00936-5067<\/div> <!-- description --><\/div> <!-- aio-icon-box --><\/div> <!-- aio-icon-component --><div class=\"aio-icon-component    style_1\"><div id=\"Info-box-wrap-3100\" class=\"aio-icon-box default-icon\" style=\"\"  ><div class=\"aio-icon-default\"><div class=\"ult-just-icon-wrapper  \"><div class=\"align-icon\" style=\"text-align:center;\">\n<div class=\"aio-icon none \"  style=\"color:#333;font-size:32px;display:inline-block;\">\n\t<i class=\"Defaults-phone\"><\/i>\n<\/div><\/div><\/div><\/div><div class=\"aio-icon-header\" ><h3 class=\"aio-icon-title ult-responsive\"  data-ultimate-target='#Info-box-wrap-3100 .aio-icon-title'  data-responsive-json-new='{\"font-size\":\"desktop:18px;\",\"line-height\":\"\"}'  style=\"\">Tel\u00e9fonos<\/h3><\/div> <!-- header --><div class=\"aio-icon-description ult-responsive\"  data-ultimate-target='#Info-box-wrap-3100 .aio-icon-description'  data-responsive-json-new='{\"font-size\":\"\",\"line-height\":\"\"}'  style=\"\">787-758-2525 extensiones 5211, 5213, 5214, 5215, 5228, 5230 y 5231<\/div> <!-- description --><\/div> <!-- aio-icon-box --><\/div> <!-- aio-icon-component -->[\/vc_column][\/vc_row]<\/p>\n<\/div>","protected":false},"excerpt":{"rendered":"<p>[vc_row][vc_column][vc_column_text] Oficiales de Admisi\u00f3n y Programas Acad\u00e9micos Asignados por Escuela [\/vc_column_text][vc_tta_tour style=&#8221;modern&#8221; active_section=&#8221;1&#8243;][vc_tta_section title=&#8221;Escuela de Medicina&#8221; tab_id=&#8221;1601408229624-857a296e-6d00&#8243;][vc_column_text]Ruth Marilyn Rivera Rol\u00f3n &#8211; ruth.rivera11@upr.edu [vc_column_text]Janette Carrasquillo Solivan &#8211; janette.carrasquillo@upr.edu Doctorado en Medicina Doctorado en Medicina \u2013 Transferencia a Tercer A\u00f1o [\/vc_column_text][vc_separator color=&#8221;chino&#8221;][vc_column_text]Maribel Ortiz Belmonte &#8211;\u00a0maribel.ortiz5@upr.edu Ciencias Biom\u00e9dicas Maestr\u00eda \/ Doctorado en Anatom\u00eda Maestr\u00eda \/ Doctorado en Bioqu\u00edmica&hellip;<\/p>\n","protected":false},"author":1,"featured_media":0,"parent":0,"menu_order":0,"comment_status":"closed","ping_status":"closed","template":"template-microsite.php","meta":{"footnotes":""},"class_list":["post-1101","page","type-page","status-publish","hentry","description-off"],"aioseo_notices":[],"_links":{"self":[{"href":"https:\/\/rcm1.rcm.upr.edu\/decanatoestudiantes\/wp-json\/wp\/v2\/pages\/1101","targetHints":{"allow":["GET"]}}],"collection":[{"href":"https:\/\/rcm1.rcm.upr.edu\/decanatoestudiantes\/wp-json\/wp\/v2\/pages"}],"about":[{"href":"https:\/\/rcm1.rcm.upr.edu\/decanatoestudiantes\/wp-json\/wp\/v2\/types\/page"}],"author":[{"embeddable":true,"href":"https:\/\/rcm1.rcm.upr.edu\/decanatoestudiantes\/wp-json\/wp\/v2\/users\/1"}],"replies":[{"embeddable":true,"href":"https:\/\/rcm1.rcm.upr.edu\/decanatoestudiantes\/wp-json\/wp\/v2\/comments?post=1101"}],"version-history":[{"count":12,"href":"https:\/\/rcm1.rcm.upr.edu\/decanatoestudiantes\/wp-json\/wp\/v2\/pages\/1101\/revisions"}],"predecessor-version":[{"id":12455,"href":"https:\/\/rcm1.rcm.upr.edu\/decanatoestudiantes\/wp-json\/wp\/v2\/pages\/1101\/revisions\/12455"}],"wp:attachment":[{"href":"https:\/\/rcm1.rcm.upr.edu\/decanatoestudiantes\/wp-json\/wp\/v2\/media?parent=1101"}],"curies":[{"name":"wp","href":"https:\/\/api.w.org\/{rel}","templated":true}]}}