{"id":12496,"date":"2024-10-06T13:13:03","date_gmt":"2024-10-06T13:13:03","guid":{"rendered":"https:\/\/rcm1.rcm.upr.edu\/decanatoestudiantes\/?page_id=12496"},"modified":"2026-02-23T11:07:19","modified_gmt":"2026-02-23T11:07:19","slug":"estadisticas","status":"publish","type":"page","link":"https:\/\/rcm1.rcm.upr.edu\/decanatoestudiantes\/estadisticas\/","title":{"rendered":"Estad\u00edsticas"},"content":{"rendered":"<div class=\"wpb-content-wrapper\"><p>[vc_row][vc_column][vc_column_text css=&#8221;&#8221;]En esta secci\u00f3n encontrar\u00e1 informes sobre la participaci\u00f3n de estudiantes en la Oficina de Servicios a Estudiantes con Impedimentos (OSEI). Los documentos compartidos presentan datos generales de las caracter\u00edsticas de los estudiantes con diversidad funcional por a\u00f1o acad\u00e9mico. De necesitar alguna informaci\u00f3n en particular relacionado a esta secci\u00f3n, puede comunicarse al siguiente correo electr\u00f3nico: <a href=\"mailto:osei.rcm@upr.edu\">osei.rcm@upr.edu<\/a>.<\/p>\n<ul>\n<li><a href=\"https:\/\/rcm1.rcm.upr.edu\/decanatoestudiantes\/wp-content\/uploads\/sites\/13\/2026\/02\/informe-OSEI-RCM-1ER-SEM-2025-2026.pdf\">Informe OSEI &#8211; RCM 1ER SEM 2025-2026<\/a><\/li>\n<li><a href=\"https:\/\/rcm1.rcm.upr.edu\/decanatoestudiantes\/wp-content\/uploads\/sites\/13\/2025\/06\/datos-OSEI-Enero-Mayo-2025.pdf\">Datos de OSEI, Enero \u2013 Mayo 2025<\/a><\/li>\n<li><a href=\"https:\/\/rcm1.rcm.upr.edu\/decanatoestudiantes\/wp-content\/uploads\/sites\/13\/2024\/10\/estadisticas-osei-203-24.pdf\">A\u00f1o Acad\u00e9mico 2023-2024<\/a><\/li>\n<li><a href=\"https:\/\/rcm1.rcm.upr.edu\/decanatoestudiantes\/wp-content\/uploads\/sites\/13\/2025\/01\/datos-OSEI-Julio-Diciembre-2024.pdf\">Julio \u2013 Diciembre 2024<\/a><\/li>\n<\/ul>\n<p>[\/vc_column_text][\/vc_column][\/vc_row]<\/p>\n<\/div>","protected":false},"excerpt":{"rendered":"<p>[vc_row][vc_column][vc_column_text css=&#8221;&#8221;]En esta secci\u00f3n encontrar\u00e1 informes sobre la participaci\u00f3n de estudiantes en la Oficina de Servicios a Estudiantes con Impedimentos (OSEI). Los documentos compartidos presentan datos generales de las caracter\u00edsticas de los estudiantes con diversidad funcional por a\u00f1o acad\u00e9mico. De necesitar alguna informaci\u00f3n en particular relacionado a esta secci\u00f3n, puede comunicarse al siguiente correo electr\u00f3nico:&hellip;<\/p>\n","protected":false},"author":3,"featured_media":0,"parent":0,"menu_order":0,"comment_status":"closed","ping_status":"closed","template":"","meta":{"footnotes":""},"class_list":["post-12496","page","type-page","status-publish","hentry","description-off"],"aioseo_notices":[],"_links":{"self":[{"href":"https:\/\/rcm1.rcm.upr.edu\/decanatoestudiantes\/wp-json\/wp\/v2\/pages\/12496","targetHints":{"allow":["GET"]}}],"collection":[{"href":"https:\/\/rcm1.rcm.upr.edu\/decanatoestudiantes\/wp-json\/wp\/v2\/pages"}],"about":[{"href":"https:\/\/rcm1.rcm.upr.edu\/decanatoestudiantes\/wp-json\/wp\/v2\/types\/page"}],"author":[{"embeddable":true,"href":"https:\/\/rcm1.rcm.upr.edu\/decanatoestudiantes\/wp-json\/wp\/v2\/users\/3"}],"replies":[{"embeddable":true,"href":"https:\/\/rcm1.rcm.upr.edu\/decanatoestudiantes\/wp-json\/wp\/v2\/comments?post=12496"}],"version-history":[{"count":7,"href":"https:\/\/rcm1.rcm.upr.edu\/decanatoestudiantes\/wp-json\/wp\/v2\/pages\/12496\/revisions"}],"predecessor-version":[{"id":12521,"href":"https:\/\/rcm1.rcm.upr.edu\/decanatoestudiantes\/wp-json\/wp\/v2\/pages\/12496\/revisions\/12521"}],"wp:attachment":[{"href":"https:\/\/rcm1.rcm.upr.edu\/decanatoestudiantes\/wp-json\/wp\/v2\/media?parent=12496"}],"curies":[{"name":"wp","href":"https:\/\/api.w.org\/{rel}","templated":true}]}}

Estadísticas

<div class="wpb-content-wrapper"><p>[vc_row][vc_column][vc_column_text css=&#8221;&#8221;]En esta sección encontrará informes sobre la participación de estudiantes en la Oficina de Servicios a Estudiantes con Impedimentos (OSEI). Los documentos compartidos presentan datos generales de las características de los estudiantes con diversidad funcional por año académico. De necesitar alguna información en particular relacionado a esta sección, puede comunicarse al siguiente correo electrónico: <a href="mailto:osei.rcm@upr.edu">osei.rcm@upr.edu</a>.</p>
<ul>
<li><a href="https://rcm1.rcm.upr.edu/decanatoestudiantes/wp-content/uploads/sites/13/2026/02/informe-OSEI-RCM-1ER-SEM-2025-2026.pdf">Informe OSEI &#8211; RCM 1ER SEM 2025-2026</a></li>
<li><a href="https://rcm1.rcm.upr.edu/decanatoestudiantes/wp-content/uploads/sites/13/2025/06/datos-OSEI-Enero-Mayo-2025.pdf">Datos de OSEI, Enero – Mayo 2025</a></li>
<li><a href="https://rcm1.rcm.upr.edu/decanatoestudiantes/wp-content/uploads/sites/13/2024/10/estadisticas-osei-203-24.pdf">Año Académico 2023-2024</a></li>
<li><a href="https://rcm1.rcm.upr.edu/decanatoestudiantes/wp-content/uploads/sites/13/2025/01/datos-OSEI-Julio-Diciembre-2024.pdf">Julio – Diciembre 2024</a></li>
</ul>
<p>[/vc_column_text][/vc_column][/vc_row]</p>
</div>

<p>[vc_row][vc_column][vc_column_text css=&#8221;&#8221;]En esta sección encontrará informes sobre la participación de estudiantes en la Oficina de Servicios a Estudiantes con Impedimentos (OSEI). Los documentos compartidos presentan datos generales de las características de los estudiantes con diversidad funcional por año académico. De necesitar alguna información en particular relacionado a esta sección, puede comunicarse al siguiente correo electrónico:&hellip;</p>
