{"id":12622,"date":"2025-05-21T11:04:25","date_gmt":"2025-05-21T11:04:25","guid":{"rendered":"https:\/\/rcm1.rcm.upr.edu\/decanatoestudiantes\/?page_id=12622"},"modified":"2025-06-04T13:51:48","modified_gmt":"2025-06-04T13:51:48","slug":"becas","status":"publish","type":"page","link":"https:\/\/rcm1.rcm.upr.edu\/decanatoestudiantes\/asistencia-economica\/becas\/","title":{"rendered":"Becas"},"content":{"rendered":"<div class=\"wpb-content-wrapper\"><p>[vc_row][vc_column width=&#8221;3\/4&#8243;][vc_column_text css=&#8221;&#8221;]<\/p>\n<h2><strong>Becas Federales<\/strong><\/h2>\n<p>[\/vc_column_text][vc_column_text css=&#8221;&#8221;]<strong>\u00a0Beca PELL<\/strong><\/p>\n<p>(<strong>Son elegibles solo estudiantes Subgraduados)<\/strong><strong>\u00a0<\/strong><\/p>\n<p><strong>Estudiante Subgraduado<\/strong> &#8211; es el estudiante que se encuentra matriculado para completar un Grado Asociado o un grado de Bachillerato. La elegibilidad a esta ayuda es determinada por una f\u00f3rmula uniforme una vez el estudiante completa la solicitud gratuita de asistencia econ\u00f3mica (FAFSA).<\/p>\n<ul>\n<li style=\"font-weight: 400;\">La elegibilidad para esta ayuda es determinada por una f\u00f3rmula uniforme una vez el estudiante completa la solicitud gratuita de asistencia econ\u00f3mica (FAFSA). La cantidad aprobada que recibir\u00e1 depender\u00e1 de su Indice de Ayuda Estudiantil (SAI) y de la carga acad\u00e9mica si es a tiempo completo, parcial o menos de medio tiempo.<\/li>\n<li style=\"font-weight: 400;\"><span style=\"font-weight: 400;\">Toda solicitud FAFSA sometida es evaluada seg\u00fan los par\u00e1metros del Gobierno Federal y de ser seleccionada para verificaci\u00f3n le aparecer\u00e1 un asterisco (*) en la parte superior derecha del reporte de ayuda al estudiante (SAR). La Oficina de Asistencia Econ\u00f3mica requerir\u00e1 completar una Hoja de Verificaci\u00f3n seg\u00fan corresponda. <\/span><\/li>\n<li style=\"font-weight: 400;\"><span style=\"font-weight: 400;\">El estudiante recibir\u00e1 Beca PELL durante un periodo m\u00e1ximo de seis a\u00f1os o 600% de elegibilidad (LEU) lo primero que ocurra, para completar su primer grado de bachillerato.<\/span><\/li>\n<\/ul>\n<p>[\/vc_column_text][vc_column_text css=&#8221;&#8221;]<strong>Beca Federal Suplementaria B\u00e1sica (SEOG)<\/strong><\/p>\n<p>(sujeto a disponibilidad de fondos)<\/p>\n<ul>\n<li>La elegibilidad para esta ayuda es basada en el SAI calculado al completar la solicitud de ayuda econ\u00f3mica (FAFSA), la carga acad\u00e9mica matriculada y es distribuida hasta agotar el presupuesto disponible.<\/li>\n<\/ul>\n<p>[\/vc_column_text][vc_column_text css=&#8221;&#8221;]<\/p>\n<h2><strong>Becas Estatales<\/strong><\/h2>\n<p>[\/vc_column_text][vc_column_text css=&#8221;&#8221;]<strong>Becas Estatales\u00a0 <\/strong><\/p>\n<p><strong>(Son elegibles solo estudiantes a nivel Graduado)<\/strong><\/p>\n<p><strong>Estudiantes Graduados <\/strong>&#8211; es el estudiante que se encuentra matriculado para completar un grado a nivel de Certificado, Maestr\u00eda o a nivel Doctoral.[\/vc_column_text][vc_column_text css=&#8221;&#8221;]<b>Beca y Pr\u00e9stamo Legislativo <\/b><span style=\"font-weight: 400;\">(sujeto a disponibilidad de fondos)<\/span><\/p>\n<ul>\n<li style=\"font-weight: 400;\"><span style=\"font-weight: 400;\">Son elegibles a esta ayuda estudiantes matriculados en los Programas Doctorales de: Medicina, Medicina Dental, Medicina Veterinaria y estudiantes matriculados en Escuelas de Medicina en Universidades Privadas en Puerto Rico o fuera de Puerto Rico debidamente acreditadas.<\/span><\/li>\n<li style=\"font-weight: 400;\"><span style=\"font-weight: 400;\">Los solicitantes a esta ayuda deben demostrar necesidad econ\u00f3mica y se requiere tener un \u0655\u00edndice acad\u00e9mico no menor de 2.50. <\/span><\/li>\n<li style=\"font-weight: 400;\"><span style=\"font-weight: 400;\">Es una asignaci\u00f3n de fondos hecha por la Legislatura del Estado Libre Asociado de Puerto Rico bajo la Ley N\u00fam. 17 con el prop\u00f3sito de ayudar a estudiantes de escasos recursos econ\u00f3micos.<\/span><\/li>\n<\/ul>\n<p><span style=\"font-weight: 400;\">Para obtener m\u00e1s informaci\u00f3n acerca de esta ayuda, deber\u00e1 acceder al <\/span><a href=\"https:\/\/rcm1.rcm.upr.edu\/decanatoestudiantes\/wp-content\/uploads\/sites\/13\/2023\/01\/Manual-Procedimientos-Adm-Becas-Prestamos-Legislativos.pdf\" target=\"_blank\" rel=\"noopener noreferrer\"><span style=\"font-weight: 400;\">Manual de Procedimientos para la Administraci\u00f3n de las Becas y el Cobro de los Pr\u00e9stamos Legislativos<\/span><\/a><span style=\"font-weight: 400;\">.<\/span>[\/vc_column_text][\/vc_column][vc_column width=&#8221;1\/4&#8243;][vc_wp_custommenu nav_menu=&#8221;11&#8243;][\/vc_column][\/vc_row]<\/p>\n<\/div>","protected":false},"excerpt":{"rendered":"<p>[vc_row][vc_column width=&#8221;3\/4&#8243;][vc_column_text css=&#8221;&#8221;] Becas Federales [\/vc_column_text][vc_column_text css=&#8221;&#8221;]\u00a0Beca PELL (Son elegibles solo estudiantes Subgraduados)\u00a0 Estudiante Subgraduado &#8211; es el estudiante que se encuentra matriculado para completar un Grado Asociado o un grado de Bachillerato. La elegibilidad a esta ayuda es determinada por una f\u00f3rmula uniforme una vez el estudiante completa la solicitud gratuita de asistencia econ\u00f3mica&hellip;<\/p>\n","protected":false},"author":3,"featured_media":0,"parent":3080,"menu_order":0,"comment_status":"closed","ping_status":"closed","template":"template-microsite.php","meta":{"footnotes":""},"class_list":["post-12622","page","type-page","status-publish","hentry","description-off"],"aioseo_notices":[],"_links":{"self":[{"href":"https:\/\/rcm1.rcm.upr.edu\/decanatoestudiantes\/wp-json\/wp\/v2\/pages\/12622","targetHints":{"allow":["GET"]}}],"collection":[{"href":"https:\/\/rcm1.rcm.upr.edu\/decanatoestudiantes\/wp-json\/wp\/v2\/pages"}],"about":[{"href":"https:\/\/rcm1.rcm.upr.edu\/decanatoestudiantes\/wp-json\/wp\/v2\/types\/page"}],"author":[{"embeddable":true,"href":"https:\/\/rcm1.rcm.upr.edu\/decanatoestudiantes\/wp-json\/wp\/v2\/users\/3"}],"replies":[{"embeddable":true,"href":"https:\/\/rcm1.rcm.upr.edu\/decanatoestudiantes\/wp-json\/wp\/v2\/comments?post=12622"}],"version-history":[{"count":5,"href":"https:\/\/rcm1.rcm.upr.edu\/decanatoestudiantes\/wp-json\/wp\/v2\/pages\/12622\/revisions"}],"predecessor-version":[{"id":12690,"href":"https:\/\/rcm1.rcm.upr.edu\/decanatoestudiantes\/wp-json\/wp\/v2\/pages\/12622\/revisions\/12690"}],"up":[{"embeddable":true,"href":"https:\/\/rcm1.rcm.upr.edu\/decanatoestudiantes\/wp-json\/wp\/v2\/pages\/3080"}],"wp:attachment":[{"href":"https:\/\/rcm1.rcm.upr.edu\/decanatoestudiantes\/wp-json\/wp\/v2\/media?parent=12622"}],"curies":[{"name":"wp","href":"https:\/\/api.w.org\/{rel}","templated":true}]}}

<div class="wpb-content-wrapper"><p>[vc_row][vc_column width=&#8221;3/4&#8243;][vc_column_text css=&#8221;&#8221;]</p>
<h2><strong>Becas Federales</strong></h2>
<p>[/vc_column_text][vc_column_text css=&#8221;&#8221;]<strong> Beca PELL</strong></p>
<p>(<strong>Son elegibles solo estudiantes Subgraduados)</strong><strong> </strong></p>
<p><strong>Estudiante Subgraduado</strong> &#8211; es el estudiante que se encuentra matriculado para completar un Grado Asociado o un grado de Bachillerato. La elegibilidad a esta ayuda es determinada por una fórmula uniforme una vez el estudiante completa la solicitud gratuita de asistencia económica (FAFSA).</p>
<ul>
<li style="font-weight: 400;">La elegibilidad para esta ayuda es determinada por una fórmula uniforme una vez el estudiante completa la solicitud gratuita de asistencia económica (FAFSA). La cantidad aprobada que recibirá dependerá de su Indice de Ayuda Estudiantil (SAI) y de la carga académica si es a tiempo completo, parcial o menos de medio tiempo.</li>
<li style="font-weight: 400;"><span style="font-weight: 400;">Toda solicitud FAFSA sometida es evaluada según los parámetros del Gobierno Federal y de ser seleccionada para verificación le aparecerá un asterisco (*) en la parte superior derecha del reporte de ayuda al estudiante (SAR). La Oficina de Asistencia Económica requerirá completar una Hoja de Verificación según corresponda. </span></li>
<li style="font-weight: 400;"><span style="font-weight: 400;">El estudiante recibirá Beca PELL durante un periodo máximo de seis años o 600% de elegibilidad (LEU) lo primero que ocurra, para completar su primer grado de bachillerato.</span></li>
</ul>
<p>[/vc_column_text][vc_column_text css=&#8221;&#8221;]<strong>Beca Federal Suplementaria Básica (SEOG)</strong></p>
<p>(sujeto a disponibilidad de fondos)</p>
<ul>
<li>La elegibilidad para esta ayuda es basada en el SAI calculado al completar la solicitud de ayuda económica (FAFSA), la carga académica matriculada y es distribuida hasta agotar el presupuesto disponible.</li>
</ul>
<p>[/vc_column_text][vc_column_text css=&#8221;&#8221;]</p>
<h2><strong>Becas Estatales</strong></h2>
<p>[/vc_column_text][vc_column_text css=&#8221;&#8221;]<strong>Becas Estatales  </strong></p>
<p><strong>(Son elegibles solo estudiantes a nivel Graduado)</strong></p>
<p><strong>Estudiantes Graduados </strong>&#8211; es el estudiante que se encuentra matriculado para completar un grado a nivel de Certificado, Maestría o a nivel Doctoral.[/vc_column_text][vc_column_text css=&#8221;&#8221;]<b>Beca y Préstamo Legislativo </b><span style="font-weight: 400;">(sujeto a disponibilidad de fondos)</span></p>
<ul>
<li style="font-weight: 400;"><span style="font-weight: 400;">Son elegibles a esta ayuda estudiantes matriculados en los Programas Doctorales de: Medicina, Medicina Dental, Medicina Veterinaria y estudiantes matriculados en Escuelas de Medicina en Universidades Privadas en Puerto Rico o fuera de Puerto Rico debidamente acreditadas.</span></li>
<li style="font-weight: 400;"><span style="font-weight: 400;">Los solicitantes a esta ayuda deben demostrar necesidad económica y se requiere tener un ٕíndice académico no menor de 2.50. </span></li>
<li style="font-weight: 400;"><span style="font-weight: 400;">Es una asignación de fondos hecha por la Legislatura del Estado Libre Asociado de Puerto Rico bajo la Ley Núm. 17 con el propósito de ayudar a estudiantes de escasos recursos económicos.</span></li>
</ul>
<p><span style="font-weight: 400;">Para obtener más información acerca de esta ayuda, deberá acceder al </span><a href="https://rcm1.rcm.upr.edu/decanatoestudiantes/wp-content/uploads/sites/13/2023/01/Manual-Procedimientos-Adm-Becas-Prestamos-Legislativos.pdf" target="_blank" rel="noopener noreferrer"><span style="font-weight: 400;">Manual de Procedimientos para la Administración de las Becas y el Cobro de los Préstamos Legislativos</span></a><span style="font-weight: 400;">.</span>[/vc_column_text][/vc_column][vc_column width=&#8221;1/4&#8243;][vc_wp_custommenu nav_menu=&#8221;11&#8243;][/vc_column][/vc_row]</p>
</div>

<p>[vc_row][vc_column width=&#8221;3/4&#8243;][vc_column_text css=&#8221;&#8221;] Becas Federales [/vc_column_text][vc_column_text css=&#8221;&#8221;] Beca PELL (Son elegibles solo estudiantes Subgraduados)  Estudiante Subgraduado &#8211; es el estudiante que se encuentra matriculado para completar un Grado Asociado o un grado de Bachillerato. La elegibilidad a esta ayuda es determinada por una fórmula uniforme una vez el estudiante completa la solicitud gratuita de asistencia económica&hellip;</p>
