{"id":1512,"date":"2018-08-13T15:19:34","date_gmt":"2018-08-13T15:19:34","guid":{"rendered":"http:\/\/127.0.0.1\/rcm\/de\/servicios-medicos-a-estudiantes\/noticias-salud-al-dia\/"},"modified":"2018-08-13T15:19:34","modified_gmt":"2018-08-13T15:19:34","slug":"noticias-salud-al-dia","status":"publish","type":"page","link":"https:\/\/rcm1.rcm.upr.edu\/decanatoestudiantes\/servicios-medicos-a-estudiantes\/noticias-salud-al-dia\/","title":{"rendered":"Noticias Salud al D\u00eda"},"content":{"rendered":"<div class=\"wpb-content-wrapper\"><p>[vc_row][vc_column width=&#8221;2\/3&#8243;][vc_tta_accordion style=&#8221;modern&#8221; color=&#8221;chino&#8221; c_icon=&#8221;chevron&#8221; active_section=&#8221;1&#8243;][vc_tta_section title=&#8221;Inmunizaciones y Vacunas&#8221; tab_id=&#8221;1534173402292-ab13e0ce-355d&#8221;][vc_column_text]<\/p>\n<ul>\n<li><a href=\"https:\/\/rcm1.rcm.upr.edu\/decanatoestudiantes\/wp-content\/uploads\/sites\/13\/2023\/01\/Varicelas.pdf\" target=\"_blank\" rel=\"noopener noreferrer\">Varicelas<\/a><\/li>\n<li><a href=\"https:\/\/rcm1.rcm.upr.edu\/decanatoestudiantes\/wp-content\/uploads\/sites\/13\/2023\/01\/Hepatitis-B.pdf\" target=\"_blank\" rel=\"noopener noreferrer\">\u00bfQu\u00e9 es Hepatitis B?<\/a><\/li>\n<li><a href=\"https:\/\/rcm1.rcm.upr.edu\/decanatoestudiantes\/wp-content\/uploads\/sites\/13\/2023\/01\/Vacuna-Tetano-Difteria-Tos-Ferina.pdf\" target=\"_blank\" rel=\"noopener noreferrer\">Vacuna T\u00e9tano\/Difteria\/Tos Ferina<\/a><\/li>\n<li><a href=\"https:\/\/www.immunize.org\/catg.d\/p2017.pdf\" target=\"_blank\" rel=\"noopener noreferrer\">Healthcare Personnel Vaccination Recommendations<\/a><\/li>\n<\/ul>\n<p>[\/vc_column_text][\/vc_tta_section][vc_tta_section title=&#8221;Infecciones&#8221; tab_id=&#8221;1590509475607-a98419c3-d08a&#8221;][vc_column_text]<\/p>\n<ul>\n<li><a href=\"https:\/\/rcm1.rcm.upr.edu\/decanatoestudiantes\/wp-content\/uploads\/sites\/13\/2023\/01\/Influenza.pdf\" target=\"_blank\" rel=\"noopener noreferrer\">Influenza<\/a><\/li>\n<li><a href=\"https:\/\/www.cdc.gov\/pneumonia\/atypical\/mycoplasma\/downloads\/Mycoplasma-Fact-Sheet-2017.pdf\" target=\"_blank\" rel=\"noopener noreferrer\">Mycoplasma Pneumoniae Infection<\/a><\/li>\n<\/ul>\n<p>[\/vc_column_text][\/vc_tta_section][vc_tta_section title=&#8221;Prevenci\u00f3n del Suicidio&#8221; tab_id=&#8221;1590509427634-018cc735-82ba&#8221;][vc_column_text]<\/p>\n<ul>\n<li><a href=\"https:\/\/rcm1.rcm.upr.edu\/decanatoestudiantes\/wp-content\/uploads\/sites\/13\/2023\/01\/Prevencion-del-Suicidio.pdf\" target=\"_blank\" rel=\"noopener noreferrer\">Preventing Suicide<\/a><\/li>\n<li><a href=\"https:\/\/www.cdc.gov\/violenceprevention\/pdf\/suicideTechnicalPackage-es.pdf\" target=\"_blank\" rel=\"noopener noreferrer\">Prevenci\u00f3n del Suicidio:\u00a0Paquete t\u00e9cnico de pol\u00edticas, programas y pr\u00e1cticas<\/a><\/li>\n<\/ul>\n<p>[\/vc_column_text][\/vc_tta_section][vc_tta_section title=&#8221;Prevenci\u00f3n de Violencia&#8221; tab_id=&#8221;1544122560789-ba1a4101-b5c8&#8243;][vc_column_text]<\/p>\n<ul>\n<li><a href=\"https:\/\/rcm1.rcm.upr.edu\/decanatoestudiantes\/wp-content\/uploads\/sites\/13\/2023\/01\/Prevencion-de-la-violencia.pdf\" target=\"_blank\" rel=\"noopener noreferrer\">Prevenci\u00f3n de la violencia<\/a><\/li>\n<\/ul>\n<p>[\/vc_column_text][\/vc_tta_section][vc_tta_section title=&#8221;Prevenci\u00f3n de Enfermedades&#8221; tab_id=&#8221;1534173402321-eff5aeb5-2d72&#8243;][vc_column_text]<\/p>\n<ul>\n<li><a href=\"https:\/\/rcm1.rcm.upr.edu\/decanatoestudiantes\/wp-content\/uploads\/sites\/13\/2023\/01\/Lavado-de-Manos.pdf\" target=\"_blank\" rel=\"noopener noreferrer\">Lavado de Manos<\/a><\/li>\n<li><a href=\"https:\/\/rcm1.rcm.upr.edu\/decanatoestudiantes\/wp-content\/uploads\/sites\/13\/2023\/01\/Protegete-de-la-Influenza.pdf\" target=\"_blank\" rel=\"noopener noreferrer\">Prot\u00e9gete de la Influenza<\/a><\/li>\n<li><a href=\"https:\/\/rcm1.rcm.upr.edu\/decanatoestudiantes\/wp-content\/uploads\/sites\/13\/2023\/01\/Medidas_Preventivas_Influenza.pdf\" target=\"_blank\" rel=\"noopener noreferrer\">Medidas Preventivas Diarias para ayudar a combatir g\u00e9rmenes como el de la influenza<\/a><\/li>\n<li><a href=\"https:\/\/rcm1.rcm.upr.edu\/decanatoestudiantes\/wp-content\/uploads\/sites\/13\/2023\/01\/Info-Zika-Chikungunya-Dengue.pdf\" target=\"_blank\" rel=\"noopener noreferrer\">Informaci\u00f3n Importante Sobre el Zika, Chikungunya y Dengue<\/a><\/li>\n<li><a href=\"https:\/\/www.cdc.gov\/pneumonia\/atypical\/mycoplasma\/downloads\/Mycoplasma-Fact-Sheet-2017.pdf\" target=\"_blank\" rel=\"noopener noreferrer\">Mycoplasma Pneumoniae Infection<\/a><\/li>\n<\/ul>\n<p>[\/vc_column_text][\/vc_tta_section][\/vc_tta_accordion][\/vc_column][vc_column width=&#8221;1\/3&#8243;][vc_column_text]<a href=\"https:\/\/www.cdc.gov\/pneumonia\/atypical\/mycoplasma\/downloads\/Mycoplasma-Fact-Sheet-2017.pdf\" target=\"_blank\" rel=\"noopener noreferrer\"><img loading=\"lazy\" decoding=\"async\" class=\"alignnone size-medium wp-image-2362\" style=\"margin-left: auto;margin-right: auto\" src=\"https:\/\/rcm1.rcm.upr.edu\/decanatoestudiantes\/wp-content\/uploads\/sites\/13\/2023\/01\/Mycoplasma.jpg\" alt=\"\" width=\"283\" height=\"358\" \/><\/a>[\/vc_column_text][\/vc_column][\/vc_row]<\/p>\n<\/div>","protected":false},"excerpt":{"rendered":"<p>[vc_row][vc_column width=&#8221;2\/3&#8243;][vc_tta_accordion style=&#8221;modern&#8221; color=&#8221;chino&#8221; c_icon=&#8221;chevron&#8221; active_section=&#8221;1&#8243;][vc_tta_section title=&#8221;Inmunizaciones y Vacunas&#8221; tab_id=&#8221;1534173402292-ab13e0ce-355d&#8221;][vc_column_text] Varicelas \u00bfQu\u00e9 es Hepatitis B? Vacuna T\u00e9tano\/Difteria\/Tos Ferina Healthcare Personnel Vaccination Recommendations [\/vc_column_text][\/vc_tta_section][vc_tta_section title=&#8221;Infecciones&#8221; tab_id=&#8221;1590509475607-a98419c3-d08a&#8221;][vc_column_text] Influenza Mycoplasma Pneumoniae Infection [\/vc_column_text][\/vc_tta_section][vc_tta_section title=&#8221;Prevenci\u00f3n del Suicidio&#8221; tab_id=&#8221;1590509427634-018cc735-82ba&#8221;][vc_column_text] Preventing Suicide Prevenci\u00f3n del Suicidio:\u00a0Paquete t\u00e9cnico de pol\u00edticas, programas y pr\u00e1cticas [\/vc_column_text][\/vc_tta_section][vc_tta_section title=&#8221;Prevenci\u00f3n de Violencia&#8221; tab_id=&#8221;1544122560789-ba1a4101-b5c8&#8243;][vc_column_text] Prevenci\u00f3n de la violencia [\/vc_column_text][\/vc_tta_section][vc_tta_section&hellip;<\/p>\n","protected":false},"author":1,"featured_media":0,"parent":69,"menu_order":0,"comment_status":"closed","ping_status":"closed","template":"template-microsite.php","meta":{"footnotes":""},"class_list":["post-1512","page","type-page","status-publish","hentry","description-off"],"aioseo_notices":[],"_links":{"self":[{"href":"https:\/\/rcm1.rcm.upr.edu\/decanatoestudiantes\/wp-json\/wp\/v2\/pages\/1512","targetHints":{"allow":["GET"]}}],"collection":[{"href":"https:\/\/rcm1.rcm.upr.edu\/decanatoestudiantes\/wp-json\/wp\/v2\/pages"}],"about":[{"href":"https:\/\/rcm1.rcm.upr.edu\/decanatoestudiantes\/wp-json\/wp\/v2\/types\/page"}],"author":[{"embeddable":true,"href":"https:\/\/rcm1.rcm.upr.edu\/decanatoestudiantes\/wp-json\/wp\/v2\/users\/1"}],"replies":[{"embeddable":true,"href":"https:\/\/rcm1.rcm.upr.edu\/decanatoestudiantes\/wp-json\/wp\/v2\/comments?post=1512"}],"version-history":[{"count":0,"href":"https:\/\/rcm1.rcm.upr.edu\/decanatoestudiantes\/wp-json\/wp\/v2\/pages\/1512\/revisions"}],"up":[{"embeddable":true,"href":"https:\/\/rcm1.rcm.upr.edu\/decanatoestudiantes\/wp-json\/wp\/v2\/pages\/69"}],"wp:attachment":[{"href":"https:\/\/rcm1.rcm.upr.edu\/decanatoestudiantes\/wp-json\/wp\/v2\/media?parent=1512"}],"curies":[{"name":"wp","href":"https:\/\/api.w.org\/{rel}","templated":true}]}}

Noticias Salud al Día

<div class="wpb-content-wrapper"><p>[vc_row][vc_column width=&#8221;2/3&#8243;][vc_tta_accordion style=&#8221;modern&#8221; color=&#8221;chino&#8221; c_icon=&#8221;chevron&#8221; active_section=&#8221;1&#8243;][vc_tta_section title=&#8221;Inmunizaciones y Vacunas&#8221; tab_id=&#8221;1534173402292-ab13e0ce-355d&#8221;][vc_column_text]</p>
<ul>
<li><a href="https://rcm1.rcm.upr.edu/decanatoestudiantes/wp-content/uploads/sites/13/2023/01/Varicelas.pdf" target="_blank" rel="noopener noreferrer">Varicelas</a></li>
<li><a href="https://rcm1.rcm.upr.edu/decanatoestudiantes/wp-content/uploads/sites/13/2023/01/Hepatitis-B.pdf" target="_blank" rel="noopener noreferrer">¿Qué es Hepatitis B?</a></li>
<li><a href="https://rcm1.rcm.upr.edu/decanatoestudiantes/wp-content/uploads/sites/13/2023/01/Vacuna-Tetano-Difteria-Tos-Ferina.pdf" target="_blank" rel="noopener noreferrer">Vacuna Tétano/Difteria/Tos Ferina</a></li>
<li><a href="https://www.immunize.org/catg.d/p2017.pdf" target="_blank" rel="noopener noreferrer">Healthcare Personnel Vaccination Recommendations</a></li>
</ul>
<p>[/vc_column_text][/vc_tta_section][vc_tta_section title=&#8221;Infecciones&#8221; tab_id=&#8221;1590509475607-a98419c3-d08a&#8221;][vc_column_text]</p>
<ul>
<li><a href="https://rcm1.rcm.upr.edu/decanatoestudiantes/wp-content/uploads/sites/13/2023/01/Influenza.pdf" target="_blank" rel="noopener noreferrer">Influenza</a></li>
<li><a href="https://www.cdc.gov/pneumonia/atypical/mycoplasma/downloads/Mycoplasma-Fact-Sheet-2017.pdf" target="_blank" rel="noopener noreferrer">Mycoplasma Pneumoniae Infection</a></li>
</ul>
<p>[/vc_column_text][/vc_tta_section][vc_tta_section title=&#8221;Prevención del Suicidio&#8221; tab_id=&#8221;1590509427634-018cc735-82ba&#8221;][vc_column_text]</p>
<ul>
<li><a href="https://rcm1.rcm.upr.edu/decanatoestudiantes/wp-content/uploads/sites/13/2023/01/Prevencion-del-Suicidio.pdf" target="_blank" rel="noopener noreferrer">Preventing Suicide</a></li>
<li><a href="https://www.cdc.gov/violenceprevention/pdf/suicideTechnicalPackage-es.pdf" target="_blank" rel="noopener noreferrer">Prevención del Suicidio: Paquete técnico de políticas, programas y prácticas</a></li>
</ul>
<p>[/vc_column_text][/vc_tta_section][vc_tta_section title=&#8221;Prevención de Violencia&#8221; tab_id=&#8221;1544122560789-ba1a4101-b5c8&#8243;][vc_column_text]</p>
<ul>
<li><a href="https://rcm1.rcm.upr.edu/decanatoestudiantes/wp-content/uploads/sites/13/2023/01/Prevencion-de-la-violencia.pdf" target="_blank" rel="noopener noreferrer">Prevención de la violencia</a></li>
</ul>
<p>[/vc_column_text][/vc_tta_section][vc_tta_section title=&#8221;Prevención de Enfermedades&#8221; tab_id=&#8221;1534173402321-eff5aeb5-2d72&#8243;][vc_column_text]</p>
<ul>
<li><a href="https://rcm1.rcm.upr.edu/decanatoestudiantes/wp-content/uploads/sites/13/2023/01/Lavado-de-Manos.pdf" target="_blank" rel="noopener noreferrer">Lavado de Manos</a></li>
<li><a href="https://rcm1.rcm.upr.edu/decanatoestudiantes/wp-content/uploads/sites/13/2023/01/Protegete-de-la-Influenza.pdf" target="_blank" rel="noopener noreferrer">Protégete de la Influenza</a></li>
<li><a href="https://rcm1.rcm.upr.edu/decanatoestudiantes/wp-content/uploads/sites/13/2023/01/Medidas_Preventivas_Influenza.pdf" target="_blank" rel="noopener noreferrer">Medidas Preventivas Diarias para ayudar a combatir gérmenes como el de la influenza</a></li>
<li><a href="https://rcm1.rcm.upr.edu/decanatoestudiantes/wp-content/uploads/sites/13/2023/01/Info-Zika-Chikungunya-Dengue.pdf" target="_blank" rel="noopener noreferrer">Información Importante Sobre el Zika, Chikungunya y Dengue</a></li>
<li><a href="https://www.cdc.gov/pneumonia/atypical/mycoplasma/downloads/Mycoplasma-Fact-Sheet-2017.pdf" target="_blank" rel="noopener noreferrer">Mycoplasma Pneumoniae Infection</a></li>
</ul>
<p>[/vc_column_text][/vc_tta_section][/vc_tta_accordion][/vc_column][vc_column width=&#8221;1/3&#8243;][vc_column_text]<a href="https://www.cdc.gov/pneumonia/atypical/mycoplasma/downloads/Mycoplasma-Fact-Sheet-2017.pdf" target="_blank" rel="noopener noreferrer"><img loading="lazy" decoding="async" class="alignnone size-medium wp-image-2362" style="margin-left: auto;margin-right: auto" src="https://rcm1.rcm.upr.edu/decanatoestudiantes/wp-content/uploads/sites/13/2023/01/Mycoplasma.jpg" alt="" width="283" height="358" /></a>[/vc_column_text][/vc_column][/vc_row]</p>
</div>

<p>[vc_row][vc_column width=&#8221;2/3&#8243;][vc_tta_accordion style=&#8221;modern&#8221; color=&#8221;chino&#8221; c_icon=&#8221;chevron&#8221; active_section=&#8221;1&#8243;][vc_tta_section title=&#8221;Inmunizaciones y Vacunas&#8221; tab_id=&#8221;1534173402292-ab13e0ce-355d&#8221;][vc_column_text] Varicelas ¿Qué es Hepatitis B? Vacuna Tétano/Difteria/Tos Ferina Healthcare Personnel Vaccination Recommendations [/vc_column_text][/vc_tta_section][vc_tta_section title=&#8221;Infecciones&#8221; tab_id=&#8221;1590509475607-a98419c3-d08a&#8221;][vc_column_text] Influenza Mycoplasma Pneumoniae Infection [/vc_column_text][/vc_tta_section][vc_tta_section title=&#8221;Prevención del Suicidio&#8221; tab_id=&#8221;1590509427634-018cc735-82ba&#8221;][vc_column_text] Preventing Suicide Prevención del Suicidio: Paquete técnico de políticas, programas y prácticas [/vc_column_text][/vc_tta_section][vc_tta_section title=&#8221;Prevención de Violencia&#8221; tab_id=&#8221;1544122560789-ba1a4101-b5c8&#8243;][vc_column_text] Prevención de la violencia [/vc_column_text][/vc_tta_section][vc_tta_section&hellip;</p>
