{"id":2705,"date":"2019-08-21T16:59:55","date_gmt":"2019-08-21T16:59:55","guid":{"rendered":"http:\/\/127.0.0.1\/rcm\/de\/oficina-de-calidad-de-vida\/movilizacion-comunitaria-vih\/"},"modified":"2019-08-21T16:59:55","modified_gmt":"2019-08-21T16:59:55","slug":"movilizacion-comunitaria-vih","status":"publish","type":"page","link":"https:\/\/rcm1.rcm.upr.edu\/decanatoestudiantes\/movilizacion-comunitaria-vih\/","title":{"rendered":"Movilizaci\u00f3n Comunitaria para la Prevenci\u00f3n de VIH"},"content":{"rendered":"<div class=\"wpb-content-wrapper\"><p>[vc_row][vc_column][vc_column_text]<\/p>\n<p style=\"text-align: center\"><img loading=\"lazy\" decoding=\"async\" class=\"alignnone wp-image-2707\" src=\"https:\/\/rcm1.rcm.upr.edu\/decanatoestudiantes\/wp-content\/uploads\/sites\/13\/2023\/01\/Movilizacion-Comunitaria.jpg\" alt=\"\" width=\"237\" height=\"180\" \/><\/p>\n<p>[\/vc_column_text][vc_column_text]Esto es una alianza colaborativa que nos permite trabajar unidos y vigorosamente en pro de la prevenci\u00f3n de enfermedades de infecciones de transmisi\u00f3n sexual, a trav\u00e9s de m\u00faltiples estrategias de impacto dirigidas a nuestra comunidad estudiantil.<\/p>\n<p>\u2022 Estimula<\/p>\n<p>\u2022 Alerta<\/p>\n<p>\u2022 Compromete a nuestra comunidad<\/p>\n<p>&nbsp;<\/p>\n<h3><strong>Beneficios<\/strong><\/h3>\n<p>\u2022 Integra a la comunidad estudiantil<\/p>\n<p>\u2022 Desarrolla la posibilidad de nuevos voluntarios<\/p>\n<p>\u2022 Estimula y motiva a la colaboraci\u00f3n<\/p>\n<p>\u2022 Aumenta el acceso a los servicios gratuitos<\/p>\n<p>\u2022 Promociona organizaciones comprometidas<\/p>\n<p>&nbsp;<\/p>\n<h3><strong>Metas y Objetivos<\/strong><\/h3>\n<p>\u2022 Concienciar a la poblaci\u00f3n sobre la importancia de promover el realizarse la prueba de rutina del VIH una vez al a\u00f1o.<\/p>\n<p>\u2022 Reducir las nuevas infecciones por el VIH.<\/p>\n<p>\u2022 Reducir el estima y eliminaci\u00f3n la discriminaci\u00f3n asociadas al VIH.[\/vc_column_text][vc_column_text]<a href=\"https:\/\/www.nsvrc.org\/es\/saam\" target=\"_blank\" rel=\"noopener\"><b><span lang=\"ES-PR\" data-ogsc=\"blue\">Concienciaci\u00f3n y prevenci\u00f3n de Violencia Sexual <\/span><\/b><\/a><span lang=\"ES-PR\">durante el mes de abril.\u00a0<\/span>[\/vc_column_text][\/vc_column][\/vc_row]<\/p>\n<\/div>","protected":false},"excerpt":{"rendered":"<p>[vc_row][vc_column][vc_column_text] [\/vc_column_text][vc_column_text]Esto es una alianza colaborativa que nos permite trabajar unidos y vigorosamente en pro de la prevenci\u00f3n de enfermedades de infecciones de transmisi\u00f3n sexual, a trav\u00e9s de m\u00faltiples estrategias de impacto dirigidas a nuestra comunidad estudiantil. \u2022 Estimula \u2022 Alerta \u2022 Compromete a nuestra comunidad &nbsp; Beneficios \u2022 Integra a la comunidad estudiantil \u2022&hellip;<\/p>\n","protected":false},"author":1,"featured_media":0,"parent":0,"menu_order":0,"comment_status":"closed","ping_status":"closed","template":"template-microsite.php","meta":{"footnotes":""},"class_list":["post-2705","page","type-page","status-publish","hentry","description-off"],"aioseo_notices":[],"_links":{"self":[{"href":"https:\/\/rcm1.rcm.upr.edu\/decanatoestudiantes\/wp-json\/wp\/v2\/pages\/2705","targetHints":{"allow":["GET"]}}],"collection":[{"href":"https:\/\/rcm1.rcm.upr.edu\/decanatoestudiantes\/wp-json\/wp\/v2\/pages"}],"about":[{"href":"https:\/\/rcm1.rcm.upr.edu\/decanatoestudiantes\/wp-json\/wp\/v2\/types\/page"}],"author":[{"embeddable":true,"href":"https:\/\/rcm1.rcm.upr.edu\/decanatoestudiantes\/wp-json\/wp\/v2\/users\/1"}],"replies":[{"embeddable":true,"href":"https:\/\/rcm1.rcm.upr.edu\/decanatoestudiantes\/wp-json\/wp\/v2\/comments?post=2705"}],"version-history":[{"count":0,"href":"https:\/\/rcm1.rcm.upr.edu\/decanatoestudiantes\/wp-json\/wp\/v2\/pages\/2705\/revisions"}],"wp:attachment":[{"href":"https:\/\/rcm1.rcm.upr.edu\/decanatoestudiantes\/wp-json\/wp\/v2\/media?parent=2705"}],"curies":[{"name":"wp","href":"https:\/\/api.w.org\/{rel}","templated":true}]}}