{"id":319,"date":"2018-02-14T12:56:51","date_gmt":"2018-02-14T12:56:51","guid":{"rendered":"http:\/\/127.0.0.1\/rcm\/de\/osei\/"},"modified":"2025-04-25T11:00:24","modified_gmt":"2025-04-25T11:00:24","slug":"osei","status":"publish","type":"page","link":"https:\/\/rcm1.rcm.upr.edu\/decanatoestudiantes\/osei\/","title":{"rendered":"Servicios al Estudiante con Impedimentos"},"content":{"rendered":"<div class=\"wpb-content-wrapper\"><p>[vc_row][vc_column][vc_single_image image=&#8221;11916&#8243; img_size=&#8221;full&#8221; css=&#8221;&#8221;][\/vc_column][\/vc_row][vc_row][vc_column width=&#8221;3\/4&#8243;][vc_column_text css=&#8221;&#8221;]La Oficina de Servicios a Estudiantes con Impedimentos (OSEI), adscrita al Decanato de Estudiantes, es la unidad encargada de velar por los derechos del estudiante con impedimentos. Entre sus funciones principales se encuentran la evaluaci\u00f3n y coordinaci\u00f3n de modificaciones razonables. Estas modificaciones pueden aplicarse al proceso de ense\u00f1anza, evaluaci\u00f3n, pr\u00e1ctica cl\u00ednica, espacio f\u00edsico, entre otros. A continuaci\u00f3n, se incluye nuestra misi\u00f3n y visi\u00f3n.<\/p>\n<p><strong>Misi\u00f3n<\/strong>:<\/p>\n<p>Promover el bienestar integral de los estudiantes con impedimento y facilitar su inmersi\u00f3n en las actividades de la vida universitaria, contribuyendo a su meta acad\u00e9mica cumpliendo las leyes estatales y federales que protegen los derechos de las personas con impedimento.<\/p>\n<p><strong>Visi\u00f3n<\/strong>:<\/p>\n<p>Empoderar a los estudiantes con impedimentos para que alcancen su m\u00e1ximo potencial acad\u00e9mico, personal y profesional, promoviendo una cultura de respeto, empat\u00eda y colaboraci\u00f3n en la comunidad universitaria.<\/p>\n<p>A trav\u00e9s de esta p\u00e1gina podr\u00e1 conocer los servicios de la oficina, el proceso para solicitar, la legislaci\u00f3n protectora de las personas con impedimentos, recursos de apoyo e informaci\u00f3n de contacto. \u00a1Estamos para servirle![\/vc_column_text][\/vc_column][vc_column width=&#8221;1\/4&#8243;][vc_single_image image=&#8221;12494&#8243; img_size=&#8221;full&#8221; alignment=&#8221;center&#8221; onclick=&#8221;custom_link&#8221; css=&#8221;&#8221; link=&#8221;https:\/\/rcm1.rcm.upr.edu\/decanatoestudiantes\/wp-content\/uploads\/sites\/13\/2025\/04\/brochure-OSEI-RCM-2024.pdf&#8221;][\/vc_column][\/vc_row][vc_row][vc_column width=&#8221;1\/3&#8243;][vc_btn title=&#8221;Solicitud de Modificaci\u00f3n de Acomodo Razonable&#8221; color=&#8221;black&#8221; align=&#8221;center&#8221; css=&#8221;&#8221; button_block=&#8221;true&#8221; link=&#8221;url:https%3A%2F%2Frcm1.rcm.upr.edu%2Fdecanatoestudiantes%2Fwp-content%2Fuploads%2Fsites%2F13%2F2025%2F03%2FSolicitud-Modificacion-Razonable.pdf&#8221;][\/vc_column][vc_column width=&#8221;1\/3&#8243;][vc_btn title=&#8221;Renovaci\u00f3n de Servicios&#8221; color=&#8221;black&#8221; align=&#8221;center&#8221; css=&#8221;&#8221; button_block=&#8221;true&#8221; link=&#8221;url:https%3A%2F%2Fforms.office.com%2Fpages%2Fresponsepage.aspx%3Fid%3DwF36DW8DFUaZ5JSvgi8rhHL1dXcKyW1Egg1IXPv3n7VUQTU1OUM1OVM3RkZNWUhNWE1ENlJVM1czRi4u%26route%3Dshorturl&#8221;][\/vc_column][vc_column width=&#8221;1\/3&#8243;][vc_btn title=&#8221;Formulario de Referido&#8221; color=&#8221;black&#8221; align=&#8221;center&#8221; css=&#8221;&#8221; button_block=&#8221;true&#8221; link=&#8221;url:https%3A%2F%2Fforms.office.com%2Fpages%2Fresponsepage.aspx%3Fid%3DwF36DW8DFUaZ5JSvgi8rhHL1dXcKyW1Egg1IXPv3n7VUOTlFWEkzS0s1SVk5N0dWODlWWjRKSjcwOS4u%26route%3Dshorturl&#8221;][\/vc_column][\/vc_row][vc_row][vc_column width=&#8221;1\/3&#8243;][vc_btn title=&#8221;Material Informativo&#8221; color=&#8221;black&#8221; align=&#8221;center&#8221; css=&#8221;&#8221; button_block=&#8221;true&#8221; link=&#8221;url:https%3A%2F%2Frcm1.rcm.upr.edu%2Fdecanatoestudiantes%2Fmaterial-informativo%2F|title:Material%20Informativo&#8221;][\/vc_column][vc_column width=&#8221;1\/3&#8243;][vc_btn title=&#8221;Legislaci\u00f3n y Pol\u00edtica Institucional&#8221; color=&#8221;black&#8221; align=&#8221;center&#8221; css=&#8221;&#8221; button_block=&#8221;true&#8221; link=&#8221;url:https%3A%2F%2Frcm1.rcm.upr.edu%2Fdecanatoestudiantes%2Flegislacion-y-politica-institucional%2F&#8221;][\/vc_column][vc_column width=&#8221;1\/3&#8243;][vc_btn title=&#8221;Estad\u00edsticas&#8221; color=&#8221;black&#8221; align=&#8221;center&#8221; css=&#8221;&#8221; button_block=&#8221;true&#8221; link=&#8221;url:https%3A%2F%2Frcm1.rcm.upr.edu%2Fdecanatoestudiantes%2Festadisticas%2F&#8221;][\/vc_column][\/vc_row][vc_row][vc_column][vc_empty_space][\/vc_column][\/vc_row][vc_row][vc_column][vc_column_text css=&#8221;&#8221;]<strong>Preguntas y Respuestas:<\/strong><\/p>\n<ul>\n<li><strong>\u00bfQu\u00e9 es un estudiante con diversidad funcional?<\/strong>\n<ul>\n<li>Se refiere a una persona con uno o m\u00e1s impedimentos, sean estos f\u00edsicos, psiqui\u00e1tricos, cognoscitivos, sensoriales o sociales, de origen cong\u00e9nito o adquirido y que se presentan en cualquier etapa de la vida. Cada impedimento representa un reto funcional sustancial en actividades del diario vivir (Ley 171, 2016).<\/li>\n<\/ul>\n<\/li>\n<li><strong>\u00bfQu\u00e9 es un estudiante con impedimentos cualificado?<\/strong>\n<ul>\n<li>Estudiante que satisface los requisitos de destreza, experiencia, educaci\u00f3n y otros requisitos relacionados con el programa acad\u00e9mico y que, con y sin acomodo razonable, puede realizar las funciones esenciales del programa de estudios y de la profesi\u00f3n.<\/li>\n<\/ul>\n<\/li>\n<li><strong>\u00bfQu\u00e9 es una modificaci\u00f3n razonable?<\/strong>\n<ul>\n<li>Adaptaci\u00f3n, modificaci\u00f3n, medida o ajuste adecuado para permitir o facultar a la persona con impedimento, participar en actividades educativas curriculares y extracurriculares, escenarios educativos, recreativos, deportivos y culturales en el proceso de aprendizaje formal que permita a la persona con impedimentos participar y desempe\u00f1arse en ese ambiente de forma inclusiva, accesible y comparable (Ley 171, 2016).<\/li>\n<li>Proveer modificaciones razonables, no significa crear est\u00e1ndares diferentes, sino atemperar las necesidades y fortalezas del estudiante con los requisitos curriculares del programa acad\u00e9mico.<\/li>\n<li>Las modificaciones razonables son prospectivas, y ser\u00e1n recomendadas basado en la informaci\u00f3n recopilada a trav\u00e9s de entrevista y evidencia m\u00e9dica.<\/li>\n<\/ul>\n<\/li>\n<li><strong>\u00bfC\u00f3mo solicitar una modificaci\u00f3n razonable?<\/strong>\n<ul>\n<li>El proceso de solicitud en OSEI es voluntario y confidencial.<\/li>\n<li>Para solicitar los servicios en la OSEI, debe completar los siguientes documentos requeridos:\n<ul>\n<li><strong>Solicitud de Modificaci\u00f3n Razonable\u00a0<\/strong><\/li>\n<li><strong>Certificaci\u00f3n M\u00e9dica\u00a0y Recomendaciones de Modificaci\u00f3n Razonable<\/strong><\/li>\n<li><strong>Autorizaci\u00f3n para Divulgar Informaci\u00f3n<\/strong><\/li>\n<\/ul>\n<\/li>\n<li>Al completar estos documentos, deber\u00e1 enviarlos al siguiente correo electr\u00f3nico: <a href=\"mailto:osei.rcm@upr.edu\">osei.rcm@upr.edu<\/a>.<\/li>\n<li>Los documentos ser\u00e1n revisados por la directora de OSEI. Si los documentos no est\u00e1n completos, se le notificar\u00e1 sobre esto. De haber entregado todos los documentos, el personal de la oficina se comunicar\u00e1 para coordinar una entrevista para evaluaci\u00f3n de modificaci\u00f3n razonable.<\/li>\n<li>La entrevista para la evaluaci\u00f3n de modificaci\u00f3n razonable puede ser presencial o virtual.<\/li>\n<li>Cuando se determine la elegibilidad a los servicios de OSEI, se emitir\u00e1 una carta a trav\u00e9s del\u00a0<strong><em>\u201cPortal Next\u201d\u00a0<\/em><\/strong><em>certificando su Modificaci\u00f3n Razonable<\/em>.<\/li>\n<\/ul>\n<\/li>\n<li><strong>\u00bfCu\u00e1ndo solicitar los servicios de la OSEI?<\/strong>\n<ul>\n<li>Se recomienda solicitar al inicio de cada sesi\u00f3n acad\u00e9mica o tan pronto se tenga conocimiento del impedimento o diversidad funcional.<\/li>\n<li>La solicitud de servicios ser\u00e1 vigente por el a\u00f1o acad\u00e9mico, por lo que <strong>debe renovar<\/strong> el servicio cada a\u00f1o.<\/li>\n<li><strong><u>Importante<\/u><\/strong>: El personal de OSEI puede recibir referidos por parte de decanos o profesores, de entender que un estudiante podr\u00eda beneficiarse de los servicios de la OSEI. En este caso se contacta al estudiante para orientarlo de los servicios y proceso de solicitud.<\/li>\n<\/ul>\n<\/li>\n<li><strong>\u00bfSe pueden realizar cambios en la certificaci\u00f3n de modificaci\u00f3n razonable?<\/strong>\n<ul>\n<li>S\u00ed, la certificaci\u00f3n de modificaci\u00f3n razonable puede ser enmendada. Para ello, puede solicitar en la oficina una <strong>Reevaluaci\u00f3n de Modificaci\u00f3n Razonable<\/strong>. Algunas razones por las cuales se solicita una reevaluaci\u00f3n son las siguientes:\n<ul>\n<li>Si cambia la condici\u00f3n m\u00e9dica.<\/li>\n<li>Si cambian los medicamentos y estos interfieren con su ejecuci\u00f3n acad\u00e9mica.<\/li>\n<li>Si la modificaci\u00f3n recomendada no le est\u00e1 ayudando.<\/li>\n<li>Si est\u00e1 por comenzar una experiencia cl\u00ednica en su programa e identifica la necesidad de realizar alg\u00fan ajuste.<\/li>\n<\/ul>\n<\/li>\n<li>Es posible que para este proceso de reevaluaci\u00f3n se le solicite documentaci\u00f3n m\u00e9dica actualizada.<\/li>\n<\/ul>\n<\/li>\n<li><strong>\u00bfCu\u00e1ndo no se otorgan las modificaciones razonables?<\/strong>\n<ul>\n<li>El proceso de evaluaci\u00f3n de modificaci\u00f3n razonable es uno interactivo. En ocasiones puede suceder que no se recomiende alg\u00fan ajuste por los siguientes motivos:\n<ul>\n<li>Cuando resulta muy oneroso para la instituci\u00f3n. En ese caso se eval\u00faa otras alternativas.<\/li>\n<li>Cuando altera la naturaleza del curr\u00edculo o requerimientos de estudio.<\/li>\n<li>Cuando altera las disposiciones de los est\u00e1ndares m\u00ednimos de ejecuci\u00f3n y de las agencias acreditadoras de los programas acad\u00e9micos.<\/li>\n<\/ul>\n<\/li>\n<li><strong>\u00bfC\u00f3mo presento una queja en la OSEI?<\/strong>\n<ul>\n<li>Todo estudiante que participa de los servicios de la OSEI, y que entiende que se ha visto afectado por alg\u00fan incumplimiento de modificaci\u00f3n razonable, debe comunicarse mediante correo electr\u00f3nico (<a href=\"mailto:osei.rcm@upr.edu\">osei.rcm@upr.edu<\/a>) o completar el siguiente formulario:\u00a0<a href=\"https:\/\/nam02.safelinks.protection.outlook.com\/?url=https%3A%2F%2Fforms.office.com%2Fr%2F5XkEeA4Umt&amp;data=05%7C02%7Cyeraldine.valerio%40upr.edu%7C98bae75d1ab544a8e06908dce78fd811%7C0dfa5dc0036f461599e494af822f2b84%7C0%7C0%7C638639852195510594%7CUnknown%7CTWFpbGZsb3d8eyJWIjoiMC4wLjAwMDAiLCJQIjoiV2luMzIiLCJBTiI6Ik1haWwiLCJXVCI6Mn0%3D%7C0%7C%7C%7C&amp;sdata=Fynwj9GxlDcnh4Zuxv9y5%2FCOada5Ttv9YZurH8v4hqw%3D&amp;reserved=0\"><strong>Formulario de Reclamaciones<\/strong><\/a><strong>.\u00a0<\/strong><\/li>\n<li>Acciones que realiza el personal de OSEI al recibir una queja:\n<ul>\n<li>Revisar\u00e1 la reclamaci\u00f3n presentada por el correo electr\u00f3nico o formulario.<\/li>\n<li>Contactar\u00e1 al estudiante para coordinar una reuni\u00f3n, en la cual se recopilar\u00e1 m\u00e1s informaci\u00f3n y se orientar\u00e1 al estudiante sobre sus derechos.<\/li>\n<li>Contactar\u00e1 a la segunda parte involucrada para orientaci\u00f3n y brindar recomendaciones para garantizar el cumplimiento de las modificaciones razonables.<\/li>\n<li>Si la OSEI no puede resolver la situaci\u00f3n, se realizar\u00e1 referido a la Oficina de la Procuradur\u00eda Estudiantil.<\/li>\n<li>Si la situaci\u00f3n no se resuelve en la Procuradur\u00eda Estudiantil, se referir\u00e1 al estudiante a la Oficina de Asesores Legales del RCM.<\/li>\n<\/ul>\n<\/li>\n<li>El\/La estudiante ser\u00e1 responsable de iniciar y encaminar el proceso en las oficinas, departamentos o decanatos correspondientes, seg\u00fan lo establecido por el reglamento universitario.<\/li>\n<\/ul>\n<\/li>\n<li><strong>\u00bfExiste una pol\u00edtica que garantice los servicios de modificaci\u00f3n razonable en el RCM?<\/strong>\n<ul>\n<li>La Certificaci\u00f3n 133 (2015 \u2013 2016) establece la Pol\u00edtica de Modificaciones Razonables y Servicios Acad\u00e9micos para Estudiantes con Impedimentos Matriculados en la Universidad de Puerto Rico. Esta se fundamenta en lo siguiente:\n<ul>\n<li>La percepci\u00f3n o interpretaci\u00f3n no puede ser utilizada para otorgar la modificaci\u00f3n u ofrecer un servicio acad\u00e9mico.<\/li>\n<li>La certificaci\u00f3n de la condici\u00f3n y las recomendaciones de modificaciones razonables hechas por el especialista es la base para la coordinaci\u00f3n de servicios.<\/li>\n<li>Las modificaciones y servicios acad\u00e9micos no pueden interferir con los prop\u00f3sitos del contenido e instrumentos de evaluaci\u00f3n de los cursos y de las destrezas o constructos que se miden en los mismos.<\/li>\n<li>La ejecuci\u00f3n expedita de una modificaci\u00f3n razonable y de los servicios acad\u00e9micos, impacta la eficiencia y efectividad de su implantaci\u00f3n.<\/li>\n<\/ul>\n<\/li>\n<li><strong>\u00bfCu\u00e1les son las responsabilidades del estudiante con diversidad funcional?<\/strong>\n<ul>\n<li>Orientarse sobre los servicios disponibles en la OSEI.<\/li>\n<li>De estar interesado\/a en solicitar, completar el proceso de solicitud y entrevista.<\/li>\n<li>Mantener comunicaci\u00f3n con sus profesores y personal de apoyo de la instituci\u00f3n.<\/li>\n<li>De estar confrontando dificultades acad\u00e9micas, solicitar ayuda a tiempo. <strong>El Recinto cuenta con profesionales de apoyo para ti<\/strong>.<\/li>\n<li>A continuaci\u00f3n, se incluye informaci\u00f3n de contacto de cada Escuela:\n<ul>\n<li>Personal de Asuntos Estudiantiles, consejer\u00eda o psicolog\u00eda en las escuelas:\n<ul>\n<li><a href=\"https:\/\/rcm1.rcm.upr.edu\/enfermeria\/oficina-de-asuntos-estudiantiles\/\">Escuela de Enfermer\u00eda<\/a><\/li>\n<li><a href=\"https:\/\/rcm1.rcm.upr.edu\/farmacia\/student-affairs\/\">Escuela de Farmacia<\/a><\/li>\n<li><a href=\"https:\/\/rcm1.rcm.upr.edu\/sp\/asuntos-estudiantiles\/decanato-auxiliar-para-asuntos-estudiantiles\/\">Escuela Graduada de Salud P\u00fablica<\/a><\/li>\n<li><a href=\"https:\/\/md.rcm.upr.edu\/wellness\/\">Escuela de Medicina<\/a><\/li>\n<li><a href=\"https:\/\/dental.rcm.upr.edu\/office-of-students-affairs\/\">Escuela de Medicina Dental<\/a><\/li>\n<li><a href=\"https:\/\/rcm1.rcm.upr.edu\/eps\/office-of-students-affairs\/\">Escuela de Profesiones de la Salud<\/a><\/li>\n<\/ul>\n<\/li>\n<li><a href=\"https:\/\/rcm1.rcm.upr.edu\/consejeriasicologia\/\">Centro Estudiantil de Consejer\u00eda y Sicolog\u00eda del Decanato de Estudiantes<\/a><\/li>\n<\/ul>\n<\/li>\n<\/ul>\n<\/li>\n<\/ul>\n<\/li>\n<\/ul>\n<\/li>\n<\/ul>\n<p>[\/vc_column_text][\/vc_column][\/vc_row][vc_row][vc_column][vc_empty_space height=&#8221;15px&#8221;][\/vc_column][\/vc_row][vc_row][vc_column][vc_column_text css=&#8221;&#8221;]<\/p>\n<h3>Enlaces o Documentos de Inter\u00e9s<\/h3>\n<p>[\/vc_column_text][\/vc_column][\/vc_row][vc_row][vc_column][vc_column_text css=&#8221;&#8221;]<\/p>\n<ul>\n<li><a href=\"https:\/\/adata.org\/factsheet\/postsecondary-esp\"><strong>Instituciones de educaci\u00f3n postsecundaria y estudiantes con discapacidades<\/strong><\/a><strong> \/ <\/strong><a href=\"https:\/\/adata.org\/factsheet\/postsecondary\"><strong>Postsecondary Institutions and Students With Disabilities<\/strong><\/a><\/li>\n<li><a href=\"https:\/\/www2.ed.gov\/about\/offices\/list\/ocr\/docs\/auxaids.html\"><strong>Auxiliary Aids and Services for Postsecondary Students with Disabilities<\/strong><\/a><strong> \/ <\/strong><a href=\"https:\/\/www2.ed.gov\/about\/offices\/list\/ocr\/docs\/auxaids.pdf\"><strong>Ayudas y servicios auxiliares para estudiantes de educaci\u00f3n superior con discapacidades <\/strong><\/a><\/li>\n<\/ul>\n<p>[\/vc_column_text][\/vc_column][\/vc_row][vc_row][vc_column][vc_btn title=&#8221;Cont\u00e1ctenos&#8221; color=&#8221;black&#8221; align=&#8221;center&#8221; css=&#8221;&#8221; link=&#8221;url:https%3A%2F%2Frcm1.rcm.upr.edu%2Fdecanatoestudiantes%2Fosei%2Fcontactenos%2F&#8221;][\/vc_column][\/vc_row]<\/p>\n<\/div>","protected":false},"excerpt":{"rendered":"<p>[vc_row][vc_column][vc_single_image image=&#8221;11916&#8243; img_size=&#8221;full&#8221; css=&#8221;&#8221;][\/vc_column][\/vc_row][vc_row][vc_column width=&#8221;3\/4&#8243;][vc_column_text css=&#8221;&#8221;]La Oficina de Servicios a Estudiantes con Impedimentos (OSEI), adscrita al Decanato de Estudiantes, es la unidad encargada de velar por los derechos del estudiante con impedimentos. Entre sus funciones principales se encuentran la evaluaci\u00f3n y coordinaci\u00f3n de modificaciones razonables. Estas modificaciones pueden aplicarse al proceso de ense\u00f1anza, evaluaci\u00f3n, pr\u00e1ctica&hellip;<\/p>\n","protected":false},"author":1,"featured_media":0,"parent":0,"menu_order":0,"comment_status":"closed","ping_status":"closed","template":"template-microsite.php","meta":{"footnotes":""},"class_list":["post-319","page","type-page","status-publish","hentry","description-off"],"aioseo_notices":[],"_links":{"self":[{"href":"https:\/\/rcm1.rcm.upr.edu\/decanatoestudiantes\/wp-json\/wp\/v2\/pages\/319","targetHints":{"allow":["GET"]}}],"collection":[{"href":"https:\/\/rcm1.rcm.upr.edu\/decanatoestudiantes\/wp-json\/wp\/v2\/pages"}],"about":[{"href":"https:\/\/rcm1.rcm.upr.edu\/decanatoestudiantes\/wp-json\/wp\/v2\/types\/page"}],"author":[{"embeddable":true,"href":"https:\/\/rcm1.rcm.upr.edu\/decanatoestudiantes\/wp-json\/wp\/v2\/users\/1"}],"replies":[{"embeddable":true,"href":"https:\/\/rcm1.rcm.upr.edu\/decanatoestudiantes\/wp-json\/wp\/v2\/comments?post=319"}],"version-history":[{"count":24,"href":"https:\/\/rcm1.rcm.upr.edu\/decanatoestudiantes\/wp-json\/wp\/v2\/pages\/319\/revisions"}],"predecessor-version":[{"id":12604,"href":"https:\/\/rcm1.rcm.upr.edu\/decanatoestudiantes\/wp-json\/wp\/v2\/pages\/319\/revisions\/12604"}],"wp:attachment":[{"href":"https:\/\/rcm1.rcm.upr.edu\/decanatoestudiantes\/wp-json\/wp\/v2\/media?parent=319"}],"curies":[{"name":"wp","href":"https:\/\/api.w.org\/{rel}","templated":true}]}}