{"id":77,"date":"2018-02-06T18:45:11","date_gmt":"2018-02-06T18:45:11","guid":{"rendered":"http:\/\/127.0.0.1\/rcm\/de\/oficina-de-calidad-de-vida\/"},"modified":"2025-02-28T18:51:07","modified_gmt":"2025-02-28T18:51:07","slug":"oficina-de-calidad-de-vida","status":"publish","type":"page","link":"https:\/\/rcm1.rcm.upr.edu\/decanatoestudiantes\/oficina-de-calidad-de-vida\/","title":{"rendered":"Oficina de Calidad de Vida"},"content":{"rendered":"<div class=\"wpb-content-wrapper\"><p>[vc_row][vc_column width=&#8221;2\/3&#8243;][vc_column_text]<\/p>\n<p style=\"text-align: center;\"><img loading=\"lazy\" decoding=\"async\" class=\" wp-image-190 aligncenter\" src=\"https:\/\/rcm1.rcm.upr.edu\/decanatoestudiantes\/wp-content\/uploads\/sites\/13\/2020\/08\/Logo-Calidad-de-Vida.jpg\" alt=\"\" width=\"330\" height=\"202\" \/><\/p>\n<p style=\"text-align: center;\"><em>\u00a1Porque eres importante&#8230;\u00a0Tu bienestar es nuestra prioridad!<\/em><\/p>\n<p>[\/vc_column_text][vc_empty_space][vc_column_text]La Universidad de Puerto Rico en su inter\u00e9s de promover ambientes seguros y saludables que propicien la sana convivencia y el m\u00e1ximo aprovechamiento acad\u00e9mico de sus estudiantes, desarroll\u00f3 en el 1997 las Oficinas de Calidad de Vida en las once Unidades del Sistema. Las mismas desarrollan programas de prevenci\u00f3n y educaci\u00f3n a la comunidad universitaria y promueven estilos de vida saludable. Nuestro Recinto de Ciencias Medicas, no es la excepci\u00f3n, propiciando el alcance de metas proveyendo un campus universitario seguro que nos permita cumplir con los objetivos educacionales.[\/vc_column_text][vc_empty_space][\/vc_column][vc_column width=&#8221;1\/3&#8243;]<div class=\"aio-icon-component    style_1\"><div id=\"Info-box-wrap-3733\" class=\"aio-icon-box default-icon\" style=\"\"  ><div class=\"aio-icon-default\"><div class=\"ult-just-icon-wrapper  \"><div class=\"align-icon\" style=\"text-align:center;\">\n<div class=\"aio-icon none \"  style=\"color:#333;font-size:32px;display:inline-block;\">\n\t<i class=\"Defaults-map-marker\"><\/i>\n<\/div><\/div><\/div><\/div><div class=\"aio-icon-header\" ><h3 class=\"aio-icon-title ult-responsive\"  data-ultimate-target='#Info-box-wrap-3733 .aio-icon-title'  data-responsive-json-new='{\"font-size\":\"desktop:18px;\",\"line-height\":\"\"}'  style=\"\">Ubicaci\u00f3n F\u00edsica<\/h3><\/div> <!-- header --><div class=\"aio-icon-description ult-responsive\"  data-ultimate-target='#Info-box-wrap-3733 .aio-icon-description'  data-responsive-json-new='{\"font-size\":\"\",\"line-height\":\"\"}'  style=\"\">Recinto de Ciencias M\u00e9dicas Edificio Principal Guillermo Arbona Oficina A-236 Segundo Piso<\/div> <!-- description --><\/div> <!-- aio-icon-box --><\/div> <!-- aio-icon-component -->[vc_empty_space]<div class=\"aio-icon-component    style_1\"><div id=\"Info-box-wrap-8446\" class=\"aio-icon-box default-icon\" style=\"\"  ><div class=\"aio-icon-default\"><div class=\"ult-just-icon-wrapper  \"><div class=\"align-icon\" style=\"text-align:center;\">\n<div class=\"aio-icon none \"  style=\"color:#333;font-size:32px;display:inline-block;\">\n\t<i class=\"Defaults-phone\"><\/i>\n<\/div><\/div><\/div><\/div><div class=\"aio-icon-header\" ><h3 class=\"aio-icon-title ult-responsive\"  data-ultimate-target='#Info-box-wrap-8446 .aio-icon-title'  data-responsive-json-new='{\"font-size\":\"desktop:18px;\",\"line-height\":\"\"}'  style=\"\">Tel\u00e9fono<\/h3><\/div> <!-- header --><div class=\"aio-icon-description ult-responsive\"  data-ultimate-target='#Info-box-wrap-8446 .aio-icon-description'  data-responsive-json-new='{\"font-size\":\"\",\"line-height\":\"\"}'  style=\"\">787-758-2525 extensi\u00f3n\u00a0<span style=\"font-family: Arial, Helvetica, Arial, Verdana, sans-serif;\">5228<\/span><\/div> <!-- description --><\/div> <!-- aio-icon-box --><\/div> <!-- aio-icon-component -->[vc_empty_space]<div class=\"aio-icon-component    style_1\"><div id=\"Info-box-wrap-9077\" class=\"aio-icon-box default-icon\" style=\"\"  ><div class=\"aio-icon-default\"><div class=\"ult-just-icon-wrapper  \"><div class=\"align-icon\" style=\"text-align:center;\">\n<div class=\"aio-icon none \"  style=\"color:#333;font-size:32px;display:inline-block;\">\n\t<i class=\"Defaults-laptop\"><\/i>\n<\/div><\/div><\/div><\/div><div class=\"aio-icon-header\" ><h3 class=\"aio-icon-title ult-responsive\"  data-ultimate-target='#Info-box-wrap-9077 .aio-icon-title'  data-responsive-json-new='{\"font-size\":\"desktop:18px;\",\"line-height\":\"\"}'  style=\"\">Correo electr\u00f3nico<\/h3><\/div> <!-- header --><div class=\"aio-icon-description ult-responsive\"  data-ultimate-target='#Info-box-wrap-9077 .aio-icon-description'  data-responsive-json-new='{\"font-size\":\"\",\"line-height\":\"\"}'  style=\"\"><a href=\"mailto:vilma.santiago@upr.edu\">vilma.santiago@upr.edu<\/a><\/div> <!-- description --><\/div> <!-- aio-icon-box --><\/div> <!-- aio-icon-component -->[\/vc_column][\/vc_row][vc_row][vc_column width=&#8221;1\/4&#8243;][vc_column_text]<\/p>\n<h3 class=\"seccion\"><img loading=\"lazy\" decoding=\"async\" class=\"aligncenter wp-image-11289 size-full\" src=\"https:\/\/rcm1.rcm.upr.edu\/decanatoestudiantes\/wp-content\/uploads\/sites\/13\/2022\/03\/IMG-20220327-WA0005.jpg\" alt=\"\" width=\"502\" height=\"680\" srcset=\"https:\/\/rcm1.rcm.upr.edu\/decanatoestudiantes\/wp-content\/uploads\/sites\/13\/2022\/03\/IMG-20220327-WA0005.jpg 502w, https:\/\/rcm1.rcm.upr.edu\/decanatoestudiantes\/wp-content\/uploads\/sites\/13\/2022\/03\/IMG-20220327-WA0005-221x300.jpg 221w\" sizes=\"auto, (max-width: 502px) 100vw, 502px\" \/><\/h3>\n<p>[\/vc_column_text][\/vc_column][vc_column width=&#8221;3\/4&#8243;][vc_media_grid element_width=&#8221;2&#8243; grid_id=&#8221;vc_gid:1740768638016-fd0d19b8-f45b-10&#8243; include=&#8221;11466,11465,11464,11463,11462,11458,11456&#8243;][\/vc_column][\/vc_row][vc_row][vc_column][vc_column_text]<\/p>\n<h3 class=\"seccion\">Misi\u00f3n<\/h3>\n<p>[\/vc_column_text][vc_column_text]La Oficina de Calidad de Vida tiene como misi\u00f3n el promover, estilos de vida saludables. Coordinando programas educativos mediante orientaciones, ferias, cl\u00ednicas de salud y otras.[\/vc_column_text][vc_empty_space][vc_column_text]<\/p>\n<h3 class=\"seccion\">Visi\u00f3n<\/h3>\n<p>[\/vc_column_text][vc_column_text css=&#8221;&#8221;]Ser la oficina l\u00edder en la prevenci\u00f3n, seguridad y en fomentar estilos de vida saludables respondiendo a las necesidades de la comunidad universitaria. Promulgando una cultura de tolerancia, con el prop\u00f3sito de mejorar el Clima Institucional de nuestro Recinto.[\/vc_column_text][vc_empty_space][vc_column_text]<\/p>\n<h3 class=\"seccion\"><strong>Objetivos<\/strong><\/h3>\n<p>[\/vc_column_text][vc_column_text]<\/p>\n<ul>\n<li>Divulgar y promover el cumplimiento de las Pol\u00edticas Institucionales relacionadas al Uso de Drogas y Alcohol en el Campus, Seguridad en el Campus y Hostigamiento Sexual.<\/li>\n<li>Coordinar Programas y ofrecer servicios que fomenten la prevenci\u00f3n de conductas de riesgo, entre la comunidad estudiantil a la vez que se fortalecen estilos de vida responsables y de bienestar integral.<\/li>\n<li>Propiciar la colaboraci\u00f3n activa entre grupos de estudiantes l\u00edderes, fomentando una labor de prevenci\u00f3n y educaci\u00f3n entre nuestra comunidad universitaria estudiantil.<\/li>\n<li>Apoyar organizaciones y grupos estudiantiles en sus actividades educativas dentro del Sistema Universitario.<\/li>\n<li>Representar al Recinto de Ciencias M\u00e9dicas y mantener una participaci\u00f3n activa en el Consorcio Interuniversitario llamado CRUSADA que realizan una labor de prevenci\u00f3n.<\/li>\n<li>Fomentar un enfoque de salud integrada y de atenci\u00f3n a las necesidades de nuestra poblaci\u00f3n estudiantil.<\/li>\n<li>Ofrecer actividades educativas y de confraternizaci\u00f3n dirigidas al desarrollo integral, en temas variados y de inter\u00e9s a nuestra comunidad universitaria. Entre estas actividades contamos con: Ferias de Calidad y Seguridad; Charlas Educativas; participaci\u00f3n en Congresos u otras actividades a nivel interuniversitario.<\/li>\n<li>Programa dirigido a la prevenci\u00f3n del uso de alcohol entre conductores universitarios, en colaboraci\u00f3n con la Comisi\u00f3n para la Seguridad en el Tr\u00e1nsito.<\/li>\n<li>Brindar apoyo mediante referidos a nuestros Servicios de Psicolog\u00eda a los estudiantes activos del RCM.<\/li>\n<\/ul>\n<p>[\/vc_column_text][vc_empty_space][\/vc_column][\/vc_row][vc_row][vc_column width=&#8221;1\/6&#8243;][\/vc_column][vc_column width=&#8221;2\/3&#8243;][vc_column_text]<\/p>\n<div style=\"width: 848px;\" class=\"wp-video\"><video class=\"wp-video-shortcode\" id=\"video-77-1\" width=\"848\" height=\"406\" preload=\"metadata\" controls=\"controls\"><source type=\"video\/mp4\" src=\"https:\/\/rcm1.rcm.upr.edu\/decanatoestudiantes\/wp-content\/uploads\/sites\/13\/2023\/01\/Calidad-de-Vida.mp4?_=1\" \/><a href=\"https:\/\/rcm1.rcm.upr.edu\/decanatoestudiantes\/wp-content\/uploads\/sites\/13\/2023\/01\/Calidad-de-Vida.mp4\">https:\/\/rcm1.rcm.upr.edu\/decanatoestudiantes\/wp-content\/uploads\/sites\/13\/2023\/01\/Calidad-de-Vida.mp4<\/a><\/video><\/div>\n<p>[\/vc_column_text][vc_empty_space][\/vc_column][vc_column width=&#8221;1\/6&#8243;][\/vc_column][\/vc_row]<\/p>\n<\/div>","protected":false},"excerpt":{"rendered":"<p>[vc_row][vc_column width=&#8221;2\/3&#8243;][vc_column_text] \u00a1Porque eres importante&#8230;\u00a0Tu bienestar es nuestra prioridad! [\/vc_column_text][vc_empty_space][vc_column_text]La Universidad de Puerto Rico en su inter\u00e9s de promover ambientes seguros y saludables que propicien la sana convivencia y el m\u00e1ximo aprovechamiento acad\u00e9mico de sus estudiantes, desarroll\u00f3 en el 1997 las Oficinas de Calidad de Vida en las once Unidades del Sistema. Las mismas desarrollan&hellip;<\/p>\n","protected":false},"author":1,"featured_media":0,"parent":0,"menu_order":0,"comment_status":"closed","ping_status":"closed","template":"template-microsite.php","meta":{"footnotes":""},"class_list":["post-77","page","type-page","status-publish","hentry","description-off"],"aioseo_notices":[],"_links":{"self":[{"href":"https:\/\/rcm1.rcm.upr.edu\/decanatoestudiantes\/wp-json\/wp\/v2\/pages\/77","targetHints":{"allow":["GET"]}}],"collection":[{"href":"https:\/\/rcm1.rcm.upr.edu\/decanatoestudiantes\/wp-json\/wp\/v2\/pages"}],"about":[{"href":"https:\/\/rcm1.rcm.upr.edu\/decanatoestudiantes\/wp-json\/wp\/v2\/types\/page"}],"author":[{"embeddable":true,"href":"https:\/\/rcm1.rcm.upr.edu\/decanatoestudiantes\/wp-json\/wp\/v2\/users\/1"}],"replies":[{"embeddable":true,"href":"https:\/\/rcm1.rcm.upr.edu\/decanatoestudiantes\/wp-json\/wp\/v2\/comments?post=77"}],"version-history":[{"count":2,"href":"https:\/\/rcm1.rcm.upr.edu\/decanatoestudiantes\/wp-json\/wp\/v2\/pages\/77\/revisions"}],"predecessor-version":[{"id":12570,"href":"https:\/\/rcm1.rcm.upr.edu\/decanatoestudiantes\/wp-json\/wp\/v2\/pages\/77\/revisions\/12570"}],"wp:attachment":[{"href":"https:\/\/rcm1.rcm.upr.edu\/decanatoestudiantes\/wp-json\/wp\/v2\/media?parent=77"}],"curies":[{"name":"wp","href":"https:\/\/api.w.org\/{rel}","templated":true}]}}