{"id":3035,"date":"2020-03-30T17:57:16","date_gmt":"2020-03-30T17:57:16","guid":{"rendered":"https:\/\/demografia.rcm.upr.edu\/?page_id=3035"},"modified":"2020-03-30T17:57:16","modified_gmt":"2020-03-30T17:57:16","slug":"cdces","status":"publish","type":"page","link":"https:\/\/rcm1.rcm.upr.edu\/demografia\/cdces\/","title":{"rendered":"CDCES"},"content":{"rendered":"<div class=\"wpb-content-wrapper\"><p>[vc_row][vc_column]<div id=\"ultimate-heading-505169d7cd8b96017\" class=\"uvc-heading ult-adjust-bottom-margin ultimate-heading-505169d7cd8b96017 uvc-8333  uvc-heading-default-font-sizes\" data-hspacer=\"line_only\"  data-halign=\"left\" style=\"text-align:left\"><div class=\"uvc-main-heading ult-responsive\"  data-ultimate-target='.uvc-heading.ultimate-heading-505169d7cd8b96017 h2'  data-responsive-json-new='{\"font-size\":\"\",\"line-height\":\"\"}' ><h2 style=\"--font-weight:theme;\">CDCES<\/h2><\/div><div class=\"uvc-heading-spacer line_only\" style=\"margin-top:20px;margin-bottom:20px;height:1px;\"><span class=\"uvc-headings-line\" style=\"border-style:solid;border-bottom-width:1px;border-color:#ccc;width:autopx;\"><\/span><\/div><\/div>[vc_empty_space][\/vc_column][\/vc_row][vc_row][vc_column][vc_column_text]<\/p>\n<p><img loading=\"lazy\" decoding=\"async\" class=\"size-full wp-image-4225 alignleft\" src=\"https:\/\/rcm1.rcm.upr.edu\/demografia\/wp-content\/uploads\/sites\/30\/2020\/04\/historia-5Aa.jpg\" alt=\"Historia CDCES\" width=\"217\" height=\"58\" \/>El Centro de Datos Censales y Estad\u00edsticas de Salud (CDCES) de la Escuela Graduada de Salud P\u00fablica del Recinto de Ciencias M\u00e9dicas es coordinado por el Programa Graduado de Demograf\u00eda. El Centro tiene como objetivo principal hacer accesible a la comunidad general los datos sobre Puerto Rico que publica el Negociado del Censo y los datos de las estad\u00edsticas de salud que produce el Departamento de Salud de Puerto Rico. El Centro tambi\u00e9n ofrece ayuda t\u00e9cnica, orientaci\u00f3n y adiestramiento en el uso e interpretaci\u00f3n de estos datos. El CDCES es parte de la red de agencias afiliadas al Programa de Centros de Datos Censales de Puerto Rico cuya agencia l\u00edder es la Oficina del Censo de la Junta de Planificaci\u00f3n de Puerto Rico. Este Programa se inici\u00f3 en Puerto Rico 1981 mediante acuerdo entre el Negociado del Censo con la Junta de Planificaci\u00f3n, la Universidad de Puerto Rico y el Departamento de Educaci\u00f3n. En 1982, el Recinto de Ciencias M\u00e9dicas pas\u00f3 a formar parte de ese programa al establecerse un Centro de Datos Censales en la Escuela Graduada de Salud P\u00fablica. Debido a la diversidad de datos que provee este Centro en el 1998 su nombre se cambi\u00f3 a Centro de Datos Censales y Estad\u00edsticas de Salud. En el 2000, el Senado Acad\u00e9mico del Recinto aprob\u00f3 que se le otorgue al Centro el nombre del Dr. Jos\u00e9 L. V\u00e1zquez Calzada, primer dem\u00f3grafo puertorrique\u00f1o y fundador del Programa de Demograf\u00eda del Recinto. El CDCES del Recinto de Ciencias M\u00e9dicas posee una de las colecciones m\u00e1s completas de los informes escritos de los censos poblacionales que existe en Puerto Rico. En este Centro se encuentran copias de todos los censos realizados bajo el gobierno norteamericano desde 1899. Se encuentran, tambi\u00e9n, datos de los censos realizados a distintas fechas bajo el gobierno espa\u00f1ol, incluyendo datos del 1765 que fue cuando se realiz\u00f3 el primer censo en Puerto Rico. El Centro tambi\u00e9n tiene los informes escritos de las estad\u00edsticas vitales (nacimientos, defunciones, matrimonios y mortinatos) que produce el Departamento de Salud. Esta colecci\u00f3n incluye los Informes Anuales de Estad\u00edsticas Vitales desde 1960 hasta el presente y algunos informes del Secretario de Salud al Gobernador.<\/p>\n<p>[\/vc_column_text][\/vc_column][\/vc_row]<\/p>\n<\/div>","protected":false},"excerpt":{"rendered":"<p>[vc_row][vc_column][vc_empty_space][\/vc_column][\/vc_row][vc_row][vc_column][vc_column_text] El Centro de Datos Censales y Estad\u00edsticas de Salud (CDCES) de la Escuela Graduada de Salud P\u00fablica del Recinto de Ciencias M\u00e9dicas es coordinado por el Programa Graduado de Demograf\u00eda. El Centro tiene como objetivo principal hacer accesible a la comunidad general los datos sobre Puerto Rico que publica el Negociado del Censo y&hellip;<\/p>\n","protected":false},"author":1,"featured_media":0,"parent":0,"menu_order":2,"comment_status":"closed","ping_status":"closed","template":"template-microsite.php","meta":{"footnotes":""},"class_list":["post-3035","page","type-page","status-publish","hentry","description-off"],"aioseo_notices":[],"_links":{"self":[{"href":"https:\/\/rcm1.rcm.upr.edu\/demografia\/wp-json\/wp\/v2\/pages\/3035","targetHints":{"allow":["GET"]}}],"collection":[{"href":"https:\/\/rcm1.rcm.upr.edu\/demografia\/wp-json\/wp\/v2\/pages"}],"about":[{"href":"https:\/\/rcm1.rcm.upr.edu\/demografia\/wp-json\/wp\/v2\/types\/page"}],"author":[{"embeddable":true,"href":"https:\/\/rcm1.rcm.upr.edu\/demografia\/wp-json\/wp\/v2\/users\/1"}],"replies":[{"embeddable":true,"href":"https:\/\/rcm1.rcm.upr.edu\/demografia\/wp-json\/wp\/v2\/comments?post=3035"}],"version-history":[{"count":0,"href":"https:\/\/rcm1.rcm.upr.edu\/demografia\/wp-json\/wp\/v2\/pages\/3035\/revisions"}],"wp:attachment":[{"href":"https:\/\/rcm1.rcm.upr.edu\/demografia\/wp-json\/wp\/v2\/media?parent=3035"}],"curies":[{"name":"wp","href":"https:\/\/api.w.org\/{rel}","templated":true}]}}