{"id":3037,"date":"2020-03-30T17:59:18","date_gmt":"2020-03-30T17:59:18","guid":{"rendered":"https:\/\/demografia.rcm.upr.edu\/?page_id=3037"},"modified":"2020-03-30T17:59:18","modified_gmt":"2020-03-30T17:59:18","slug":"cide","status":"publish","type":"page","link":"https:\/\/rcm1.rcm.upr.edu\/demografia\/cide\/","title":{"rendered":"CIDE"},"content":{"rendered":"<div class=\"wpb-content-wrapper\"><p>[vc_row][vc_column]<div id=\"ultimate-heading-576369f035ae684ec\" class=\"uvc-heading ult-adjust-bottom-margin ultimate-heading-576369f035ae684ec uvc-713  uvc-heading-default-font-sizes\" data-hspacer=\"line_only\"  data-halign=\"left\" style=\"text-align:left\"><div class=\"uvc-main-heading ult-responsive\"  data-ultimate-target='.uvc-heading.ultimate-heading-576369f035ae684ec h2'  data-responsive-json-new='{\"font-size\":\"\",\"line-height\":\"\"}' ><h2 style=\"--font-weight:theme;\">CIDE<\/h2><\/div><div class=\"uvc-heading-spacer line_only\" style=\"topheight:1px;\"><span class=\"uvc-headings-line\" style=\"border-style:solid;border-bottom-width:1px;border-color:#ccc;width:autopx;\"><\/span><\/div><\/div>[vc_empty_space][vc_column_text]<img loading=\"lazy\" decoding=\"async\" class=\"size-full wp-image-4221 alignleft\" src=\"https:\/\/rcm1.rcm.upr.edu\/demografia\/wp-content\/uploads\/sites\/30\/2020\/04\/historia-5A.png\" alt=\"Historia CIDE\" width=\"205\" height=\"59\" \/><\/p>\n<p>El Programa Graduado de Demograf\u00eda ha sido la unidad que desde sus inicios ha tenido la important\u00edsima funci\u00f3n de formar aquellos profesionales con los conocimientos y destrezas requeridas para analizar procesos y fen\u00f3menos poblacionales en una forma sistem\u00e1tica y cient\u00edfica. Esta responsabilidad docente ha sido complementada con una extensa labor de investigaci\u00f3n cuyos resultados han servido de marco de referencia a otros estudios del campo de las ciencias sociales y de la salud. La facultad del Programa Graduado de Demograf\u00eda decidi\u00f3 estructurar sus esfuerzos de investigaci\u00f3n mediante la creaci\u00f3n del Centro de Investigaci\u00f3n Demogr\u00e1fica (CIDE). Con ello se pretende ampliar la investigaci\u00f3n sistem\u00e1tica y cient\u00edfica de los fen\u00f3menos sociodemogr\u00e1ficos en Puerto Rico y aumentar la divulgaci\u00f3n de los resultados de estas investigaciones.\u00a0\u00a0En el 1980 se inician con los facultativos del Programa Graduado de Demograf\u00eda una serie de publicaciones y para el 1982 sale por primera vez la Revista CIDE que tuvo una difusi\u00f3n peri\u00f3dica hasta el a\u00f1o 2002. \u00a0El continuo avance de las tecnolog\u00edas de la informaci\u00f3n y la comunicaci\u00f3n ha tenido un fuerte impacto en la manera de generar y difundir el conocimiento cient\u00edfico. En esta d\u00e9cada se ha dado un importante fen\u00f3meno editorial con el cambio del medio impreso al formato electr\u00f3nico y con el surgimiento de nuevas revistas en l\u00ednea, lo cual ha tra\u00eddo como consecuencia el auge de las publicaciones electr\u00f3nicas cient\u00edficas. Movi\u00e9ndonos en esta direcci\u00f3n, la Revista de CIDE, se trasform\u00f3 en la Revista Electr\u00f3nica CIDE digital, manteniendo su esencia original.\u00a0 La Revista Electr\u00f3nica del Centro de Investigaci\u00f3n Demogr\u00e1fica es una publicaci\u00f3n del Programa Graduado de Demograf\u00eda del Departamento de Ciencias Sociales de la Escuela Graduada de Salud P\u00fablica del Recinto de Ciencias M\u00e9dicas de la Universidad de Puerto Rico. Es una de las primeras revistas especializadas en asuntos demogr\u00e1ficos que surge \u00fanicamente en formato electr\u00f3nico en nuestro pa\u00eds.[\/vc_column_text][\/vc_column][\/vc_row]<\/p>\n<\/div>","protected":false},"excerpt":{"rendered":"<p>[vc_row][vc_column][vc_empty_space][vc_column_text] El Programa Graduado de Demograf\u00eda ha sido la unidad que desde sus inicios ha tenido la important\u00edsima funci\u00f3n de formar aquellos profesionales con los conocimientos y destrezas requeridas para analizar procesos y fen\u00f3menos poblacionales en una forma sistem\u00e1tica y cient\u00edfica. Esta responsabilidad docente ha sido complementada con una extensa labor de investigaci\u00f3n cuyos resultados&hellip;<\/p>\n","protected":false},"author":1,"featured_media":0,"parent":0,"menu_order":3,"comment_status":"closed","ping_status":"closed","template":"template-microsite.php","meta":{"footnotes":""},"class_list":["post-3037","page","type-page","status-publish","hentry","description-off"],"aioseo_notices":[],"_links":{"self":[{"href":"https:\/\/rcm1.rcm.upr.edu\/demografia\/wp-json\/wp\/v2\/pages\/3037","targetHints":{"allow":["GET"]}}],"collection":[{"href":"https:\/\/rcm1.rcm.upr.edu\/demografia\/wp-json\/wp\/v2\/pages"}],"about":[{"href":"https:\/\/rcm1.rcm.upr.edu\/demografia\/wp-json\/wp\/v2\/types\/page"}],"author":[{"embeddable":true,"href":"https:\/\/rcm1.rcm.upr.edu\/demografia\/wp-json\/wp\/v2\/users\/1"}],"replies":[{"embeddable":true,"href":"https:\/\/rcm1.rcm.upr.edu\/demografia\/wp-json\/wp\/v2\/comments?post=3037"}],"version-history":[{"count":0,"href":"https:\/\/rcm1.rcm.upr.edu\/demografia\/wp-json\/wp\/v2\/pages\/3037\/revisions"}],"wp:attachment":[{"href":"https:\/\/rcm1.rcm.upr.edu\/demografia\/wp-json\/wp\/v2\/media?parent=3037"}],"curies":[{"name":"wp","href":"https:\/\/api.w.org\/{rel}","templated":true}]}}

<div class="wpb-content-wrapper"><p>[vc_row][vc_column]<div id="ultimate-heading-576369f035ae684ec" class="uvc-heading ult-adjust-bottom-margin ultimate-heading-576369f035ae684ec uvc-713  uvc-heading-default-font-sizes" data-hspacer="line_only"  data-halign="left" style="text-align:left"><div class="uvc-main-heading ult-responsive"  data-ultimate-target='.uvc-heading.ultimate-heading-576369f035ae684ec h2'  data-responsive-json-new='{"font-size":"","line-height":""}' ><h2 style="--font-weight:theme;">CIDE</h2></div><div class="uvc-heading-spacer line_only" style="topheight:1px;"><span class="uvc-headings-line" style="border-style:solid;border-bottom-width:1px;border-color:#ccc;width:autopx;"></span></div></div>[vc_empty_space][vc_column_text]<img loading="lazy" decoding="async" class="size-full wp-image-4221 alignleft" src="https://rcm1.rcm.upr.edu/demografia/wp-content/uploads/sites/30/2020/04/historia-5A.png" alt="Historia CIDE" width="205" height="59" /></p>
<p>El Programa Graduado de Demografía ha sido la unidad que desde sus inicios ha tenido la importantísima función de formar aquellos profesionales con los conocimientos y destrezas requeridas para analizar procesos y fenómenos poblacionales en una forma sistemática y científica. Esta responsabilidad docente ha sido complementada con una extensa labor de investigación cuyos resultados han servido de marco de referencia a otros estudios del campo de las ciencias sociales y de la salud. La facultad del Programa Graduado de Demografía decidió estructurar sus esfuerzos de investigación mediante la creación del Centro de Investigación Demográfica (CIDE). Con ello se pretende ampliar la investigación sistemática y científica de los fenómenos sociodemográficos en Puerto Rico y aumentar la divulgación de los resultados de estas investigaciones.  En el 1980 se inician con los facultativos del Programa Graduado de Demografía una serie de publicaciones y para el 1982 sale por primera vez la Revista CIDE que tuvo una difusión periódica hasta el año 2002.  El continuo avance de las tecnologías de la información y la comunicación ha tenido un fuerte impacto en la manera de generar y difundir el conocimiento científico. En esta década se ha dado un importante fenómeno editorial con el cambio del medio impreso al formato electrónico y con el surgimiento de nuevas revistas en línea, lo cual ha traído como consecuencia el auge de las publicaciones electrónicas científicas. Moviéndonos en esta dirección, la Revista de CIDE, se trasformó en la Revista Electrónica CIDE digital, manteniendo su esencia original.  La Revista Electrónica del Centro de Investigación Demográfica es una publicación del Programa Graduado de Demografía del Departamento de Ciencias Sociales de la Escuela Graduada de Salud Pública del Recinto de Ciencias Médicas de la Universidad de Puerto Rico. Es una de las primeras revistas especializadas en asuntos demográficos que surge únicamente en formato electrónico en nuestro país.[/vc_column_text][/vc_column][/vc_row]</p>
</div>

<p>[vc_row][vc_column][vc_empty_space][vc_column_text] El Programa Graduado de Demografía ha sido la unidad que desde sus inicios ha tenido la importantísima función de formar aquellos profesionales con los conocimientos y destrezas requeridas para analizar procesos y fenómenos poblacionales en una forma sistemática y científica. Esta responsabilidad docente ha sido complementada con una extensa labor de investigación cuyos resultados&hellip;</p>
