{"id":3056,"date":"2020-03-31T14:21:17","date_gmt":"2020-03-31T14:21:17","guid":{"rendered":"https:\/\/demografia.rcm.upr.edu\/?page_id=3056"},"modified":"2020-03-31T14:21:17","modified_gmt":"2020-03-31T14:21:17","slug":"cide-revista","status":"publish","type":"page","link":"https:\/\/rcm1.rcm.upr.edu\/demografia\/cide-revista\/","title":{"rendered":"CIDE Revista"},"content":{"rendered":"<div class=\"wpb-content-wrapper\"><p>[vc_row][vc_column]<div id=\"ultimate-heading-649669f02012e7b60\" class=\"uvc-heading ult-adjust-bottom-margin ultimate-heading-649669f02012e7b60 uvc-4573  uvc-heading-default-font-sizes\" data-hspacer=\"line_only\"  data-halign=\"left\" style=\"text-align:left\"><div class=\"uvc-main-heading ult-responsive\"  data-ultimate-target='.uvc-heading.ultimate-heading-649669f02012e7b60 h2'  data-responsive-json-new='{\"font-size\":\"\",\"line-height\":\"\"}' ><h2 style=\"--font-weight:theme;\">CIDE Revista<\/h2><\/div><div class=\"uvc-heading-spacer line_only\" style=\"topheight:1px;\"><span class=\"uvc-headings-line\" style=\"border-style:solid;border-bottom-width:1px;border-color:#ccc;width:autopx;\"><\/span><\/div><\/div>[vc_empty_space][vc_column_text]<\/p>\n<p><img loading=\"lazy\" decoding=\"async\" class=\"size-medium wp-image-2871 aligncenter\" src=\"https:\/\/rcm1.rcm.upr.edu\/demografia\/wp-content\/uploads\/sites\/30\/2020\/03\/cide_digital-blnco-300x89.jpg\" alt=\"CIDE Digital\" width=\"300\" height=\"89\" srcset=\"https:\/\/rcm1.rcm.upr.edu\/demografia\/wp-content\/uploads\/sites\/30\/2020\/03\/cide_digital-blnco-300x89.jpg 300w, https:\/\/rcm1.rcm.upr.edu\/demografia\/wp-content\/uploads\/sites\/30\/2020\/03\/cide_digital-blnco.jpg 352w\" sizes=\"auto, (max-width: 300px) 100vw, 300px\" \/><\/p>\n<p>&nbsp;<\/p>\n<ul>\n<li>CIDE<em>\u00a0digital\u00a0<\/em>es una publicaci\u00f3n de formato electr\u00f3nico auspiciado por el Centro de Investigaci\u00f3n Demogr\u00e1fica del Programa Graduado\u00a0de\u00a0Demograf\u00eda del Departamento de Ciencias Sociales de la Escuela Graduada de Salud P\u00fablica del Recinto de Ciencias M\u00e9dicas de la Universidad de Puerto Rico.<\/li>\n<li>CIDE<em>\u00a0digital<\/em> es una publicaci\u00f3n bianual escrita en espa\u00f1ol y\/o en ingl\u00e9s bajo un formato electr\u00f3nico que se\u00a0presentar\u00e1 dos veces al a\u00f1o, en abril y noviembre.<\/li>\n<li>CIDE<em>\u00a0digital\u00a0<\/em>es una publicaci\u00f3n electr\u00f3nica de car\u00e1cter acad\u00e9mico que incluye trabajos emp\u00edricos, te\u00f3ricos, hist\u00f3ricos\u00a0y metodol\u00f3gicos con contenidos demogr\u00e1ficos o\u00a0t\u00f3pico relativo a los estudios de poblaci\u00f3n que aporten claridad sobre\u00a0temas\u00a0demogr\u00e1ficos contempor\u00e1neos e hist\u00f3ricos de Puerto Rico.<\/li>\n<li>CIDE<em>\u00a0digital\u00a0<\/em>permitir\u00e1 desarrollar un espacio de trabajo que facilite la comunicaci\u00f3n entre dem\u00f3grafos, acad\u00e9micos, investigadores y estudiantes graduados, interesados en responder a los grandes retos demogr\u00e1ficos de nuestra sociedad.<\/li>\n<li>CIDE<em>\u00a0digital\u00a0<\/em>se posicionar\u00e1 como la primera revista especializada en asuntos demogr\u00e1ficos que surge \u00fanicamente en formato electr\u00f3nico en nuestro pa\u00eds.<\/li>\n<li>CIDE<em>\u00a0digital\u00a0<\/em>cuenta con una Junta Editorial y Consejo Asesor formado por\u00a0investigadores reconocidos\u00a0 en el campo de la demograf\u00eda y\u00a0otras ciencias afines\u00a0a nivel nacional e internacional, lo cual garantiza el nivel de calidad, visibilidad y difusi\u00f3n internacional.<\/li>\n<\/ul>\n<p>[\/vc_column_text][\/vc_column][\/vc_row]<\/p>\n<\/div>","protected":false},"excerpt":{"rendered":"<p>[vc_row][vc_column][vc_empty_space][vc_column_text] &nbsp; CIDE\u00a0digital\u00a0es una publicaci\u00f3n de formato electr\u00f3nico auspiciado por el Centro de Investigaci\u00f3n Demogr\u00e1fica del Programa Graduado\u00a0de\u00a0Demograf\u00eda del Departamento de Ciencias Sociales de la Escuela Graduada de Salud P\u00fablica del Recinto de Ciencias M\u00e9dicas de la Universidad de Puerto Rico. CIDE\u00a0digital es una publicaci\u00f3n bianual escrita en espa\u00f1ol y\/o en ingl\u00e9s bajo un formato&hellip;<\/p>\n","protected":false},"author":1,"featured_media":0,"parent":0,"menu_order":0,"comment_status":"closed","ping_status":"closed","template":"template-microsite.php","meta":{"footnotes":""},"class_list":["post-3056","page","type-page","status-publish","hentry","description-off"],"aioseo_notices":[],"_links":{"self":[{"href":"https:\/\/rcm1.rcm.upr.edu\/demografia\/wp-json\/wp\/v2\/pages\/3056","targetHints":{"allow":["GET"]}}],"collection":[{"href":"https:\/\/rcm1.rcm.upr.edu\/demografia\/wp-json\/wp\/v2\/pages"}],"about":[{"href":"https:\/\/rcm1.rcm.upr.edu\/demografia\/wp-json\/wp\/v2\/types\/page"}],"author":[{"embeddable":true,"href":"https:\/\/rcm1.rcm.upr.edu\/demografia\/wp-json\/wp\/v2\/users\/1"}],"replies":[{"embeddable":true,"href":"https:\/\/rcm1.rcm.upr.edu\/demografia\/wp-json\/wp\/v2\/comments?post=3056"}],"version-history":[{"count":0,"href":"https:\/\/rcm1.rcm.upr.edu\/demografia\/wp-json\/wp\/v2\/pages\/3056\/revisions"}],"wp:attachment":[{"href":"https:\/\/rcm1.rcm.upr.edu\/demografia\/wp-json\/wp\/v2\/media?parent=3056"}],"curies":[{"name":"wp","href":"https:\/\/api.w.org\/{rel}","templated":true}]}}