{"id":3159,"date":"2020-04-24T01:41:32","date_gmt":"2020-04-24T01:41:32","guid":{"rendered":"https:\/\/demografia.rcm.upr.edu\/?page_id=3159"},"modified":"2020-04-24T01:41:32","modified_gmt":"2020-04-24T01:41:32","slug":"documentales-demograficos","status":"publish","type":"page","link":"https:\/\/rcm1.rcm.upr.edu\/demografia\/documentales-demograficos\/","title":{"rendered":"Documentales Demogr\u00e1ficos"},"content":{"rendered":"<div class=\"wpb-content-wrapper\"><p>[vc_row][vc_column]<div id=\"ultimate-heading-764069d7e0ed5127e\" class=\"uvc-heading ult-adjust-bottom-margin ultimate-heading-764069d7e0ed5127e uvc-5850  uvc-heading-default-font-sizes\" data-hspacer=\"line_only\"  data-halign=\"left\" style=\"text-align:left\"><div class=\"uvc-main-heading ult-responsive\"  data-ultimate-target='.uvc-heading.ultimate-heading-764069d7e0ed5127e h2'  data-responsive-json-new='{\"font-size\":\"\",\"line-height\":\"\"}' ><h2 style=\"--font-weight:theme;\">Documentales Demogr\u00e1ficos<\/h2><\/div><div class=\"uvc-heading-spacer line_only\" style=\"topheight:1px;\"><span class=\"uvc-headings-line\" style=\"border-style:solid;border-bottom-width:1px;border-color:#ccc;width:autopx;\"><\/span><\/div><\/div>[vc_empty_space][\/vc_column][\/vc_row][vc_row][vc_column][vc_column_text]<\/p>\n<p><strong>La Operaci\u00f3n<\/strong>\u00a0\u00a0En 1982 se film\u00f3 un documental que con, el t\u00edtulo \u201c<strong>La<\/strong><strong>\u00a0Operaci\u00f3n<\/strong>\u201d, hace un repaso hist\u00f3rico y recoge testimonios directos de mujeres, pol\u00edticos, m\u00e9dicos y acad\u00e9micos protagonistas o afectados por las pol\u00edticas que han conducido a la actual omnipresencia de la esterilizaci\u00f3n en la planificaci\u00f3n familiar de Puerto Rico.<\/p>\n<p>[\/vc_column_text][\/vc_column][\/vc_row][vc_row][vc_column width=&#8221;1\/6&#8243;][\/vc_column][vc_column width=&#8221;2\/3&#8243;][vc_video link=&#8221;https:\/\/www.youtube.com\/watch?v=qQNl87lfm8I&#8221; align=&#8221;center&#8221;][vc_video link=&#8221;https:\/\/www.youtube.com\/watch?v=y037NMWpiCc&#8221; align=&#8221;center&#8221;][vc_video link=&#8221;https:\/\/www.youtube.com\/watch?v=7oNyyt0paE4&#8243; align=&#8221;center&#8221;][vc_video link=&#8221;https:\/\/www.youtube.com\/watch?v=RcJr6O1Uv_s&#8221; align=&#8221;center&#8221;][\/vc_column][vc_column width=&#8221;1\/6&#8243;][\/vc_column][\/vc_row][vc_row][vc_column][vc_column_text]<\/p>\n<p><strong>Lebensborn: Los ni\u00f1os perfectos&#8230; <\/strong>Lebensborn que significa \u201cFuente de la vida\u201d, fue un proyecto de los m\u00e1s secretos creado por Heinrich Himmler, jefe de la SS (Escuadr\u00f3n de defensa Alem\u00e1n), el 12 de Diciembre de 1935 y cuya meta era alcanzar los 120 millones de pobladores N\u00f3rdicos\/Alemanes de raza aria (o raza pura, como ellos la refer\u00edan). \u00a0El prop\u00f3sito era de hacerse de la mayor cantidad posible de ni\u00f1os de raza aria para as\u00ed poder asegurar la procreaci\u00f3n de ese g\u00e9nero. Dos eran los m\u00e9todos para tal prop\u00f3sito, uno era alentar a oficiales y soldados alemanes a embarazar mujeres Arias que quer\u00edan tener hijos, adem\u00e1s de asegurarse que las mujeres o esposas de los soldados dieran a luz a sus hijos en buenas condiciones de cuidado y de comfort.<\/p>\n<p>[\/vc_column_text][\/vc_column][\/vc_row][vc_row][vc_column width=&#8221;1\/6&#8243;][\/vc_column][vc_column width=&#8221;2\/3&#8243;][vc_video link=&#8221;https:\/\/www.youtube.com\/watch?NR=1&amp;v=MwvttM6AglM&#8221;][vc_video link=&#8221;https:\/\/www.youtube.com\/watch?v=r4h0DFDtKj8&amp;feature=related&#8221;][vc_video link=&#8221;https:\/\/www.youtube.com\/watch?v=N7neq_PesHs&#8221;][vc_video link=&#8221;https:\/\/www.youtube.com\/watch?v=qMCGY4zrnMQ&#8221;][\/vc_column][vc_column width=&#8221;1\/6&#8243;][\/vc_column][\/vc_row][vc_row][vc_column][vc_column_text]<\/p>\n<p><strong>2036, una visita al futuro <\/strong>El documental propone un viaje a un futuro, para muchos incierto. En tiempos de incertidumbre es cuando el ser humano m\u00e1s se pregunta por el porvenir.\u00a0El\u00a0desaf\u00edo demogr\u00e1fico toma relevancia en la argumentaci\u00f3n de la pol\u00edtica p\u00fablica. <strong><a href=\"https:\/\/www.rtve.es\/play\/videos\/documentos-tv\/documentos-tv-2036-visita-futuro\/1132993\/\" target=\"_blank\" rel=\"noreferrer noopener\">Ver documental<\/a><\/strong><\/p>\n<p>&nbsp;<\/p>\n<p><strong>La esperanza de vida en el futuro<\/strong>Entrevista de Eduard Punset con James Vaupel, director del Instituto Max Planck de Investigaci\u00f3n Demogr\u00e1fica, Berl\u00edn.\u00a0Vaupel se\u00f1ala que la esperanza de vida\u00a0 en estos momentos aumenta 2.5 a\u00f1os por d\u00e9cada, o sea, 3 meses por a\u00f1o, o el equivalente de 6 horas por d\u00eda. <strong><a href=\"https:\/\/www.rtve.es\/television\/20111014\/claves-para-aumentar-esperanza-vida\/468355.shtml\">Ver documental<\/a><\/strong><\/p>\n<p>[\/vc_column_text][\/vc_column][\/vc_row]<\/p>\n<\/div>","protected":false},"excerpt":{"rendered":"<p>[vc_row][vc_column][vc_empty_space][\/vc_column][\/vc_row][vc_row][vc_column][vc_column_text] La Operaci\u00f3n\u00a0\u00a0En 1982 se film\u00f3 un documental que con, el t\u00edtulo \u201cLa\u00a0Operaci\u00f3n\u201d, hace un repaso hist\u00f3rico y recoge testimonios directos de mujeres, pol\u00edticos, m\u00e9dicos y acad\u00e9micos protagonistas o afectados por las pol\u00edticas que han conducido a la actual omnipresencia de la esterilizaci\u00f3n en la planificaci\u00f3n familiar de Puerto Rico. [\/vc_column_text][\/vc_column][\/vc_row][vc_row][vc_column width=&#8221;1\/6&#8243;][\/vc_column][vc_column width=&#8221;2\/3&#8243;][vc_video link=&#8221;https:\/\/www.youtube.com\/watch?v=qQNl87lfm8I&#8221; align=&#8221;center&#8221;][vc_video&hellip;<\/p>\n","protected":false},"author":1,"featured_media":0,"parent":0,"menu_order":0,"comment_status":"closed","ping_status":"closed","template":"template-microsite.php","meta":{"footnotes":""},"class_list":["post-3159","page","type-page","status-publish","hentry","description-off"],"aioseo_notices":[],"_links":{"self":[{"href":"https:\/\/rcm1.rcm.upr.edu\/demografia\/wp-json\/wp\/v2\/pages\/3159","targetHints":{"allow":["GET"]}}],"collection":[{"href":"https:\/\/rcm1.rcm.upr.edu\/demografia\/wp-json\/wp\/v2\/pages"}],"about":[{"href":"https:\/\/rcm1.rcm.upr.edu\/demografia\/wp-json\/wp\/v2\/types\/page"}],"author":[{"embeddable":true,"href":"https:\/\/rcm1.rcm.upr.edu\/demografia\/wp-json\/wp\/v2\/users\/1"}],"replies":[{"embeddable":true,"href":"https:\/\/rcm1.rcm.upr.edu\/demografia\/wp-json\/wp\/v2\/comments?post=3159"}],"version-history":[{"count":0,"href":"https:\/\/rcm1.rcm.upr.edu\/demografia\/wp-json\/wp\/v2\/pages\/3159\/revisions"}],"wp:attachment":[{"href":"https:\/\/rcm1.rcm.upr.edu\/demografia\/wp-json\/wp\/v2\/media?parent=3159"}],"curies":[{"name":"wp","href":"https:\/\/api.w.org\/{rel}","templated":true}]}}