{"id":3177,"date":"2020-05-04T12:24:58","date_gmt":"2020-05-04T12:24:58","guid":{"rendered":"https:\/\/demografia.rcm.upr.edu\/?page_id=3177"},"modified":"2020-05-04T12:24:58","modified_gmt":"2020-05-04T12:24:58","slug":"competencias-curriculares","status":"publish","type":"page","link":"https:\/\/rcm1.rcm.upr.edu\/demografia\/competencias-curriculares\/","title":{"rendered":"Competencias Curriculares"},"content":{"rendered":"<div class=\"wpb-content-wrapper\"><p>[vc_row][vc_column]<div id=\"ultimate-heading-616569f033cf6ca54\" class=\"uvc-heading ult-adjust-bottom-margin ultimate-heading-616569f033cf6ca54 uvc-3010  uvc-heading-default-font-sizes\" data-hspacer=\"line_only\"  data-halign=\"left\" style=\"text-align:left\"><div class=\"uvc-main-heading ult-responsive\"  data-ultimate-target='.uvc-heading.ultimate-heading-616569f033cf6ca54 h2'  data-responsive-json-new='{\"font-size\":\"\",\"line-height\":\"\"}' ><h2 style=\"--font-weight:theme;\">Competencias Curriculares<\/h2><\/div><div class=\"uvc-heading-spacer line_only\" style=\"topheight:1px;\"><span class=\"uvc-headings-line\" style=\"border-style:solid;border-bottom-width:1px;border-color:#ccc;width:autopx;\"><\/span><\/div><\/div>[vc_empty_space][vc_column_text]<\/p>\n<ol>\n<li>Analizar la situaci\u00f3n de salud de una comunidad tomando en consideraci\u00f3n el estado y la din\u00e1mica de la poblaci\u00f3n.<\/li>\n<li>Describir y analizar el estado de la poblaci\u00f3n (su volumen, distribuci\u00f3n geogr\u00e1fica y estructura), sus cambios y su interrelaciones.<\/li>\n<li>Describir y analizar las variables demogr\u00e1ficas (mortalidad, natalidad, migraci\u00f3n y movilidad social), sus cambios y sus interrelaciones.<\/li>\n<li>Eval\u00faar la cobertura y la confiabilidad de las fuentes de datos sociales y demogr\u00e1ficos.<\/li>\n<li>Construir tablas de vida y aplica los conceptos de estos a otras \u00e1reas o disciplinas.<\/li>\n<li>Preparar estimaciones y proyecciones del tama\u00f1o, distribuci\u00f3n geogr\u00e1fica y composici\u00f3n de la poblaci\u00f3n as\u00ed como estimaciones indirectas e indicadores de las variables demogr\u00e1ficas.<\/li>\n<li>Predecir, por medio de proyecciones, las tendencias futuras de la poblaci\u00f3n y su efecto en el desarrollo socioecon\u00f3mico.<\/li>\n<li>Aplicar m\u00e9todos de estad\u00edsticas descriptivas y de asociaci\u00f3n en las investigaciones relacionadas al campo de la salud y de la demograf\u00eda.<\/li>\n<li>Aplicar m\u00e9todos de inferencia estad\u00edstica en el proceso de toma de decisiones cuando la informaci\u00f3n disponible est\u00e1 \u00a0basado en muestras.<\/li>\n<li>Analizar la forma en que la estructura social de diversas \u00e1reas geogr\u00e1ficas y sus transformaciones afectan los procesos de fecundidad, mortalidad y los movimientos migratorios.<\/li>\n<li>Explicar la interrelaci\u00f3n entre las variables demogr\u00e1ficas y econ\u00f3micas dentro del contexto del desarrollo econ\u00f3mico de un \u00e1rea geogr\u00e1fica espec\u00edfica.<\/li>\n<li>Explicar el efecto de estado y la din\u00e1mica poblacional en la estructura de salud y socioecon\u00f3mica de un \u00e1rea geogr\u00e1fica espec\u00edfica.<\/li>\n<li>Colaborar en la planificaci\u00f3n y evaluaci\u00f3n de pol\u00edtica p\u00fablica dirigidos a mejorar la situaci\u00f3n de salud de una comunidad y su entorno demogr\u00e1fico.<\/li>\n<li>Dise\u00f1ar y lleva a cabo investigaciones en el campo de la poblaci\u00f3n, interrelacionando sus hallazgos con los procesos sociales, econ\u00f3micos y de salud de la comunidad.<\/li>\n<\/ol>\n<p>[\/vc_column_text][\/vc_column][\/vc_row]<\/p>\n<\/div>","protected":false},"excerpt":{"rendered":"<p>[vc_row][vc_column][vc_empty_space][vc_column_text] Analizar la situaci\u00f3n de salud de una comunidad tomando en consideraci\u00f3n el estado y la din\u00e1mica de la poblaci\u00f3n. Describir y analizar el estado de la poblaci\u00f3n (su volumen, distribuci\u00f3n geogr\u00e1fica y estructura), sus cambios y su interrelaciones. Describir y analizar las variables demogr\u00e1ficas (mortalidad, natalidad, migraci\u00f3n y movilidad social), sus cambios y sus&hellip;<\/p>\n","protected":false},"author":1,"featured_media":0,"parent":0,"menu_order":0,"comment_status":"closed","ping_status":"closed","template":"template-microsite.php","meta":{"footnotes":""},"class_list":["post-3177","page","type-page","status-publish","hentry","description-off"],"aioseo_notices":[],"_links":{"self":[{"href":"https:\/\/rcm1.rcm.upr.edu\/demografia\/wp-json\/wp\/v2\/pages\/3177","targetHints":{"allow":["GET"]}}],"collection":[{"href":"https:\/\/rcm1.rcm.upr.edu\/demografia\/wp-json\/wp\/v2\/pages"}],"about":[{"href":"https:\/\/rcm1.rcm.upr.edu\/demografia\/wp-json\/wp\/v2\/types\/page"}],"author":[{"embeddable":true,"href":"https:\/\/rcm1.rcm.upr.edu\/demografia\/wp-json\/wp\/v2\/users\/1"}],"replies":[{"embeddable":true,"href":"https:\/\/rcm1.rcm.upr.edu\/demografia\/wp-json\/wp\/v2\/comments?post=3177"}],"version-history":[{"count":0,"href":"https:\/\/rcm1.rcm.upr.edu\/demografia\/wp-json\/wp\/v2\/pages\/3177\/revisions"}],"wp:attachment":[{"href":"https:\/\/rcm1.rcm.upr.edu\/demografia\/wp-json\/wp\/v2\/media?parent=3177"}],"curies":[{"name":"wp","href":"https:\/\/api.w.org\/{rel}","templated":true}]}}

<div class="wpb-content-wrapper"><p>[vc_row][vc_column]<div id="ultimate-heading-616569f033cf6ca54" class="uvc-heading ult-adjust-bottom-margin ultimate-heading-616569f033cf6ca54 uvc-3010  uvc-heading-default-font-sizes" data-hspacer="line_only"  data-halign="left" style="text-align:left"><div class="uvc-main-heading ult-responsive"  data-ultimate-target='.uvc-heading.ultimate-heading-616569f033cf6ca54 h2'  data-responsive-json-new='{"font-size":"","line-height":""}' ><h2 style="--font-weight:theme;">Competencias Curriculares</h2></div><div class="uvc-heading-spacer line_only" style="topheight:1px;"><span class="uvc-headings-line" style="border-style:solid;border-bottom-width:1px;border-color:#ccc;width:autopx;"></span></div></div>[vc_empty_space][vc_column_text]</p>
<ol>
<li>Analizar la situación de salud de una comunidad tomando en consideración el estado y la dinámica de la población.</li>
<li>Describir y analizar el estado de la población (su volumen, distribución geográfica y estructura), sus cambios y su interrelaciones.</li>
<li>Describir y analizar las variables demográficas (mortalidad, natalidad, migración y movilidad social), sus cambios y sus interrelaciones.</li>
<li>Evalúar la cobertura y la confiabilidad de las fuentes de datos sociales y demográficos.</li>
<li>Construir tablas de vida y aplica los conceptos de estos a otras áreas o disciplinas.</li>
<li>Preparar estimaciones y proyecciones del tamaño, distribución geográfica y composición de la población así como estimaciones indirectas e indicadores de las variables demográficas.</li>
<li>Predecir, por medio de proyecciones, las tendencias futuras de la población y su efecto en el desarrollo socioeconómico.</li>
<li>Aplicar métodos de estadísticas descriptivas y de asociación en las investigaciones relacionadas al campo de la salud y de la demografía.</li>
<li>Aplicar métodos de inferencia estadística en el proceso de toma de decisiones cuando la información disponible está  basado en muestras.</li>
<li>Analizar la forma en que la estructura social de diversas áreas geográficas y sus transformaciones afectan los procesos de fecundidad, mortalidad y los movimientos migratorios.</li>
<li>Explicar la interrelación entre las variables demográficas y económicas dentro del contexto del desarrollo económico de un área geográfica específica.</li>
<li>Explicar el efecto de estado y la dinámica poblacional en la estructura de salud y socioeconómica de un área geográfica específica.</li>
<li>Colaborar en la planificación y evaluación de política pública dirigidos a mejorar la situación de salud de una comunidad y su entorno demográfico.</li>
<li>Diseñar y lleva a cabo investigaciones en el campo de la población, interrelacionando sus hallazgos con los procesos sociales, económicos y de salud de la comunidad.</li>
</ol>
<p>[/vc_column_text][/vc_column][/vc_row]</p>
</div>

<p>[vc_row][vc_column][vc_empty_space][vc_column_text] Analizar la situación de salud de una comunidad tomando en consideración el estado y la dinámica de la población. Describir y analizar el estado de la población (su volumen, distribución geográfica y estructura), sus cambios y su interrelaciones. Describir y analizar las variables demográficas (mortalidad, natalidad, migración y movilidad social), sus cambios y sus&hellip;</p>
