{"id":4915,"date":"2020-09-08T16:51:50","date_gmt":"2020-09-08T16:51:50","guid":{"rendered":"https:\/\/demografia.rcm.upr.edu\/?page_id=4915"},"modified":"2020-09-08T16:51:50","modified_gmt":"2020-09-08T16:51:50","slug":"contacto","status":"publish","type":"page","link":"https:\/\/rcm1.rcm.upr.edu\/demografia\/contacto\/","title":{"rendered":"Contacto"},"content":{"rendered":"<div class=\"wpb-content-wrapper\"><p>[vc_row][vc_column]<div id=\"ultimate-heading-220169d7e0ed17adf\" class=\"uvc-heading ult-adjust-bottom-margin ultimate-heading-220169d7e0ed17adf uvc-5210  uvc-heading-default-font-sizes\" data-hspacer=\"line_only\"  data-halign=\"left\" style=\"text-align:left\"><div class=\"uvc-main-heading ult-responsive\"  data-ultimate-target='.uvc-heading.ultimate-heading-220169d7e0ed17adf h2'  data-responsive-json-new='{\"font-size\":\"\",\"line-height\":\"\"}' ><h2 style=\"--font-weight:theme;\">Contacto<\/h2><\/div><div class=\"uvc-heading-spacer line_only\" style=\"topheight:1px;\"><span class=\"uvc-headings-line\" style=\"border-style:solid;border-bottom-width:1px;border-color:#ccc;width:autopx;\"><\/span><\/div><\/div>[vc_empty_space][\/vc_column][\/vc_row][vc_row][vc_column width=&#8221;2\/3&#8243;][vc_column_text]<strong>Tel\u00e9fono:<\/strong> (787) 758-2525 ext. 1414<\/p>\n<p><strong>Correo electr\u00f3nico:<\/strong> yaritza.morgado@upr.edu[\/vc_column_text][vc_empty_space][vc_column_text]<strong>Direcci\u00f3n f\u00edsica<\/strong><\/p>\n<p>Recinto de Ciencias M\u00e9dicas, UPR<br \/>\nEscuela Graduada de Salud P\u00fablica<br \/>\nEdificio Dr. Guillermo Arbona Irizarry, 4to piso, Oficina A-403<br \/>\n\u00c1rea Centro M\u00e9dico<br \/>\nR\u00edo Piedras, Puerto Rico 00935[\/vc_column_text][vc_empty_space][vc_column_text]<strong>Direcci\u00f3n postal<\/strong><\/p>\n<p>Universidad de Puerto Rico<br \/>\nRecinto de Ciencias M\u00e9dicas<br \/>\nEscuela Graduada de Salud P\u00fablica<br \/>\nPrograma Graduado de Demograf\u00eda<br \/>\nPO Box 365067<br \/>\nSan Juan, PR 00936-5067[\/vc_column_text][\/vc_column][vc_column width=&#8221;1\/3&#8243;][vc_empty_space height=&#8221;50px&#8221;][vc_gmaps link=&#8221;#E-8_JTNDaWZyYW1lJTIwc3JjJTNEJTIyaHR0cHMlM0ElMkYlMkZ3d3cuZ29vZ2xlLmNvbSUyRm1hcHMlMkZlbWJlZCUzRnBiJTNEJTIxMW0xNCUyMTFtOCUyMTFtMyUyMTFkMzAyODcuNjc5MDk5ODQzNjMlMjEyZC02Ni4wODI2MDk5NDE4OTQ1OSUyMTNkMTguMzk0Njc2NjY2NTU0MDAyJTIxM20yJTIxMWkxMDI0JTIxMmk3NjglMjE0ZjEzLjElMjEzbTMlMjExbTIlMjExczB4MCUyNTNBMHhjMTI1NTVlM2ZiYTQwMjI3JTIxMnNVbml2ZXJzaXR5JTI1MjBvZiUyNTIwUHVlcnRvJTI1MjBSaWNvJTI1MkMlMjUyME1lZGljYWwlMjUyMFNjaWVuY2VzJTI1MjBDYW1wdXMlMjE1ZTAlMjEzbTIlMjExc2VuJTIxMnNwciUyMTR2MTU4NjYwMTExMzA4MyUyMTVtMiUyMTFzZW4lMjEyc3ByJTIyJTIwZnJhbWVib3JkZXIlM0QlMjIwJTIyJTIwc3R5bGUlM0QlMjJib3JkZXIlM0EwJTNCJTIyJTIwYWxsb3dmdWxsc2NyZWVuJTNEJTIyJTIyJTIwYXJpYS1oaWRkZW4lM0QlMjJmYWxzZSUyMiUyMHRhYmluZGV4JTNEJTIyMCUyMiUzRSUzQyUyRmlmcmFtZSUzRQ==&#8221;][\/vc_column][\/vc_row]<\/p>\n<\/div>","protected":false},"excerpt":{"rendered":"<p>[vc_row][vc_column][vc_empty_space][\/vc_column][\/vc_row][vc_row][vc_column width=&#8221;2\/3&#8243;][vc_column_text]Tel\u00e9fono: (787) 758-2525 ext. 1414 Correo electr\u00f3nico: yaritza.morgado@upr.edu[\/vc_column_text][vc_empty_space][vc_column_text]Direcci\u00f3n f\u00edsica Recinto de Ciencias M\u00e9dicas, UPR Escuela Graduada de Salud P\u00fablica Edificio Dr. Guillermo Arbona Irizarry, 4to piso, Oficina A-403 \u00c1rea Centro M\u00e9dico R\u00edo Piedras, Puerto Rico 00935[\/vc_column_text][vc_empty_space][vc_column_text]Direcci\u00f3n postal Universidad de Puerto Rico Recinto de Ciencias M\u00e9dicas Escuela Graduada de Salud P\u00fablica Programa Graduado de Demograf\u00eda&hellip;<\/p>\n","protected":false},"author":1,"featured_media":0,"parent":0,"menu_order":0,"comment_status":"closed","ping_status":"closed","template":"template-microsite.php","meta":{"footnotes":""},"class_list":["post-4915","page","type-page","status-publish","hentry","description-off"],"aioseo_notices":[],"_links":{"self":[{"href":"https:\/\/rcm1.rcm.upr.edu\/demografia\/wp-json\/wp\/v2\/pages\/4915","targetHints":{"allow":["GET"]}}],"collection":[{"href":"https:\/\/rcm1.rcm.upr.edu\/demografia\/wp-json\/wp\/v2\/pages"}],"about":[{"href":"https:\/\/rcm1.rcm.upr.edu\/demografia\/wp-json\/wp\/v2\/types\/page"}],"author":[{"embeddable":true,"href":"https:\/\/rcm1.rcm.upr.edu\/demografia\/wp-json\/wp\/v2\/users\/1"}],"replies":[{"embeddable":true,"href":"https:\/\/rcm1.rcm.upr.edu\/demografia\/wp-json\/wp\/v2\/comments?post=4915"}],"version-history":[{"count":0,"href":"https:\/\/rcm1.rcm.upr.edu\/demografia\/wp-json\/wp\/v2\/pages\/4915\/revisions"}],"wp:attachment":[{"href":"https:\/\/rcm1.rcm.upr.edu\/demografia\/wp-json\/wp\/v2\/media?parent=4915"}],"curies":[{"name":"wp","href":"https:\/\/api.w.org\/{rel}","templated":true}]}}