{"id":5158,"date":"2020-09-17T01:26:35","date_gmt":"2020-09-17T01:26:35","guid":{"rendered":"https:\/\/demografia.rcm.upr.edu\/?page_id=5158"},"modified":"2020-09-17T01:26:35","modified_gmt":"2020-09-17T01:26:35","slug":"poblacion-por-edad-y-sexo","status":"publish","type":"page","link":"https:\/\/rcm1.rcm.upr.edu\/demografia\/poblacion-por-edad-y-sexo\/","title":{"rendered":"Poblaci\u00f3n por Edad y Sexo"},"content":{"rendered":"<div class=\"wpb-content-wrapper\"><p>[vc_row][vc_column]<div id=\"ultimate-heading-275469f31fae1501b\" class=\"uvc-heading ult-adjust-bottom-margin ultimate-heading-275469f31fae1501b uvc-579  uvc-heading-default-font-sizes\" data-hspacer=\"line_only\"  data-halign=\"left\" style=\"text-align:left\"><div class=\"uvc-main-heading ult-responsive\"  data-ultimate-target='.uvc-heading.ultimate-heading-275469f31fae1501b h2'  data-responsive-json-new='{\"font-size\":\"\",\"line-height\":\"\"}' ><h2 style=\"--font-weight:theme;\">Poblaci\u00f3n por Edad y Sexo<\/h2><\/div><div class=\"uvc-heading-spacer line_only\" style=\"topheight:1px;\"><span class=\"uvc-headings-line\" style=\"border-style:solid;border-bottom-width:1px;border-color:#ccc;width:autopx;\"><\/span><\/div><\/div>[vc_empty_space][vc_column_text]<a href=\"https:\/\/rcm1.rcm.upr.edu\/demografia\/wp-content\/uploads\/sites\/30\/2020\/09\/ADJUNTA.xls\">Adjuntas<\/a><br \/>\n<a href=\"https:\/\/rcm1.rcm.upr.edu\/demografia\/wp-content\/uploads\/sites\/30\/2020\/09\/AGUADA.xls\">Aguada<\/a><br \/>\n<a href=\"https:\/\/rcm1.rcm.upr.edu\/demografia\/wp-content\/uploads\/sites\/30\/2020\/09\/AGUADILLA.xls\">Aguadilla<\/a><br \/>\n<a href=\"https:\/\/rcm1.rcm.upr.edu\/demografia\/wp-content\/uploads\/sites\/30\/2020\/09\/AGUAS-BUENAS.xls\">Aguas Buenas<\/a><br \/>\n<a href=\"https:\/\/rcm1.rcm.upr.edu\/demografia\/wp-content\/uploads\/sites\/30\/2020\/09\/AIBONITO.xls\">Aibonito<\/a><br \/>\n<a href=\"https:\/\/rcm1.rcm.upr.edu\/demografia\/wp-content\/uploads\/sites\/30\/2020\/09\/ANASCO.xls\">A\u00f1asco<\/a><br \/>\n<a href=\"https:\/\/rcm1.rcm.upr.edu\/demografia\/wp-content\/uploads\/sites\/30\/2020\/09\/ARECIBO.xls\">Arecibo<\/a><br \/>\n<a href=\"https:\/\/rcm1.rcm.upr.edu\/demografia\/wp-content\/uploads\/sites\/30\/2020\/09\/ARROYO.xls\">Arroyo<\/a><br \/>\n<a href=\"https:\/\/rcm1.rcm.upr.edu\/demografia\/wp-content\/uploads\/sites\/30\/2020\/09\/BARCELONETA.xls\">Barceloneta<\/a><br \/>\n<a href=\"https:\/\/rcm1.rcm.upr.edu\/demografia\/wp-content\/uploads\/sites\/30\/2020\/09\/BARRANQUITAS.xls\">Barranquitas<\/a><br \/>\n<a href=\"https:\/\/rcm1.rcm.upr.edu\/demografia\/wp-content\/uploads\/sites\/30\/2020\/09\/BAYAMON.xls\">Bayam\u00f3n<\/a><br \/>\n<a href=\"https:\/\/rcm1.rcm.upr.edu\/demografia\/wp-content\/uploads\/sites\/30\/2020\/09\/CABO-ROJO.xls\">Cabo Rojo<\/a><br \/>\n<a href=\"https:\/\/rcm1.rcm.upr.edu\/demografia\/wp-content\/uploads\/sites\/30\/2020\/09\/CAGUAS.xls\">Caguas<\/a><br \/>\n<a href=\"https:\/\/rcm1.rcm.upr.edu\/demografia\/wp-content\/uploads\/sites\/30\/2020\/09\/CAMUY.xls\">Camuy<\/a><br \/>\n<a href=\"https:\/\/demografia.rcm.upr.edu\/wp-content\/uploads\/sites\/35\/2020\/09\/\/CANOVANAS.xls\">Can\u00f3vanas<\/a><br \/>\n<a href=\"https:\/\/rcm1.rcm.upr.edu\/demografia\/wp-content\/uploads\/sites\/30\/2020\/10\/CAROLINA.xls\">Carolina<\/a><br \/>\n<a href=\"https:\/\/rcm1.rcm.upr.edu\/demografia\/wp-content\/uploads\/sites\/30\/2020\/09\/CATANO.xls\">Cata\u00f1o<\/a><br \/>\n<a href=\"https:\/\/rcm1.rcm.upr.edu\/demografia\/wp-content\/uploads\/sites\/30\/2020\/09\/CAYEY.xls\">Cayey<\/a><br \/>\n<a href=\"https:\/\/rcm1.rcm.upr.edu\/demografia\/wp-content\/uploads\/sites\/30\/2020\/09\/CEIBA.xls\">Ceiba<\/a><br \/>\n<a href=\"https:\/\/rcm1.rcm.upr.edu\/demografia\/wp-content\/uploads\/sites\/30\/2020\/09\/CIALES.xls\">Ciales<\/a><br \/>\n<a href=\"https:\/\/rcm1.rcm.upr.edu\/demografia\/wp-content\/uploads\/sites\/30\/2020\/09\/CIDRA.xls\">Cidra<\/a><br \/>\n<a href=\"https:\/\/rcm1.rcm.upr.edu\/demografia\/wp-content\/uploads\/sites\/30\/2020\/09\/COAMO.xls\">Coamo<\/a><br \/>\n<a href=\"https:\/\/rcm1.rcm.upr.edu\/demografia\/wp-content\/uploads\/sites\/30\/2020\/09\/COMERIO.xls\">Comer\u00edo<\/a><br \/>\n<a href=\"https:\/\/rcm1.rcm.upr.edu\/demografia\/wp-content\/uploads\/sites\/30\/2020\/09\/COROZAL.xls\">Corozal<\/a><br \/>\n<a href=\"https:\/\/rcm1.rcm.upr.edu\/demografia\/wp-content\/uploads\/sites\/30\/2020\/09\/CULEBRA.xls\">Culebra<\/a><br \/>\n<a href=\"https:\/\/rcm1.rcm.upr.edu\/demografia\/wp-content\/uploads\/sites\/30\/2020\/09\/DORADO.xls\">Dorado<\/a><br \/>\n<a href=\"https:\/\/rcm1.rcm.upr.edu\/demografia\/wp-content\/uploads\/sites\/30\/2020\/09\/FAJARDO.xls\">Fajardo<\/a><br \/>\n<a href=\"https:\/\/rcm1.rcm.upr.edu\/demografia\/wp-content\/uploads\/sites\/30\/2020\/09\/FLORIDA.xls\">Florida<\/a><br \/>\n<a href=\"https:\/\/rcm1.rcm.upr.edu\/demografia\/wp-content\/uploads\/sites\/30\/2020\/09\/GUANICA.xls\">Gu\u00e1nica<\/a><br \/>\n<a href=\"https:\/\/rcm1.rcm.upr.edu\/demografia\/wp-content\/uploads\/sites\/30\/2020\/09\/GUAYAMA.xls\">Guayama<\/a><br \/>\n<a href=\"https:\/\/rcm1.rcm.upr.edu\/demografia\/wp-content\/uploads\/sites\/30\/2020\/09\/GUAYANILLA.xls\">Guayanilla<\/a><br \/>\n<a href=\"https:\/\/rcm1.rcm.upr.edu\/demografia\/wp-content\/uploads\/sites\/30\/2020\/10\/GUAYNABO.xls\">Guaynabo<\/a><br \/>\n<a href=\"https:\/\/rcm1.rcm.upr.edu\/demografia\/wp-content\/uploads\/sites\/30\/2020\/09\/GURABO.xls\">Gurabo<\/a><br \/>\n<a href=\"https:\/\/rcm1.rcm.upr.edu\/demografia\/wp-content\/uploads\/sites\/30\/2020\/09\/HATILLO.xls\">Hatillo<\/a><br \/>\n<a href=\"https:\/\/rcm1.rcm.upr.edu\/demografia\/wp-content\/uploads\/sites\/30\/2020\/09\/HORMIGUERO.xls\">Hormigueros<\/a><br \/>\n<a href=\"https:\/\/rcm1.rcm.upr.edu\/demografia\/wp-content\/uploads\/sites\/30\/2020\/09\/HUMACAO.xls\">Humacao<\/a><br \/>\n<a href=\"https:\/\/rcm1.rcm.upr.edu\/demografia\/wp-content\/uploads\/sites\/30\/2020\/09\/ISABELA.xls\">Isabela<\/a><br \/>\n<a href=\"https:\/\/rcm1.rcm.upr.edu\/demografia\/wp-content\/uploads\/sites\/30\/2020\/09\/JAYUYA.xls\">Jayuya<\/a><br \/>\n<a href=\"https:\/\/rcm1.rcm.upr.edu\/demografia\/wp-content\/uploads\/sites\/30\/2020\/09\/JUANA-DIAZ.xls\">Juana D\u00edaz<\/a><br \/>\n<a href=\"https:\/\/rcm1.rcm.upr.edu\/demografia\/wp-content\/uploads\/sites\/30\/2020\/09\/JUNCO.xls\">Juncos<\/a><br \/>\n<a href=\"https:\/\/rcm1.rcm.upr.edu\/demografia\/wp-content\/uploads\/sites\/30\/2020\/09\/LAJAS.xls\">Lajas<\/a><br \/>\n<a href=\"https:\/\/rcm1.rcm.upr.edu\/demografia\/wp-content\/uploads\/sites\/30\/2020\/09\/LARES.xls\">Lares<\/a><br \/>\n<a href=\"https:\/\/rcm1.rcm.upr.edu\/demografia\/wp-content\/uploads\/sites\/30\/2020\/09\/LAS-MARIAS.xls\">Las Mar\u00edas<\/a><br \/>\n<a href=\"https:\/\/rcm1.rcm.upr.edu\/demografia\/wp-content\/uploads\/sites\/30\/2020\/09\/LAS-PIEDRAS.xls\">Las Piedras<\/a><br \/>\n<a href=\"https:\/\/rcm1.rcm.upr.edu\/demografia\/wp-content\/uploads\/sites\/30\/2020\/09\/LOIZA.xls\">Lo\u00edza<\/a><br \/>\n<a href=\"https:\/\/rcm1.rcm.upr.edu\/demografia\/wp-content\/uploads\/sites\/30\/2020\/09\/LUQUILLO.xls\">Luquillo<\/a><br \/>\n<a href=\"https:\/\/rcm1.rcm.upr.edu\/demografia\/wp-content\/uploads\/sites\/30\/2020\/09\/MANATI.xls\">Manat\u00ed<\/a><br \/>\n<a href=\"https:\/\/rcm1.rcm.upr.edu\/demografia\/wp-content\/uploads\/sites\/30\/2020\/10\/MARICAO.xls\">Maricao<\/a><br \/>\n<a href=\"https:\/\/rcm1.rcm.upr.edu\/demografia\/wp-content\/uploads\/sites\/30\/2020\/09\/MAUNABO.xls\">Maunabo<\/a><br \/>\n<a href=\"https:\/\/rcm1.rcm.upr.edu\/demografia\/wp-content\/uploads\/sites\/30\/2020\/09\/MAYAGUEZ.xls\">Mayag\u00fcez<\/a><br \/>\n<a href=\"https:\/\/rcm1.rcm.upr.edu\/demografia\/wp-content\/uploads\/sites\/30\/2020\/09\/MOCA.xls\">Moca<\/a><br \/>\n<a href=\"https:\/\/rcm1.rcm.upr.edu\/demografia\/wp-content\/uploads\/sites\/30\/2020\/09\/MOROVIS.xls\">Morovis<\/a><br \/>\n<a href=\"https:\/\/rcm1.rcm.upr.edu\/demografia\/wp-content\/uploads\/sites\/30\/2020\/09\/NAGUABO.xls\">Naguabo<\/a><br \/>\n<a href=\"https:\/\/rcm1.rcm.upr.edu\/demografia\/wp-content\/uploads\/sites\/30\/2020\/09\/NARANJITO.xls\">Naranjito<\/a><br \/>\n<a href=\"https:\/\/rcm1.rcm.upr.edu\/demografia\/wp-content\/uploads\/sites\/30\/2020\/09\/OROCOVIS.xls\">Orocovis<\/a><br \/>\n<a href=\"https:\/\/rcm1.rcm.upr.edu\/demografia\/wp-content\/uploads\/sites\/30\/2020\/09\/PATILLAS.xls\">Patillas<\/a><br \/>\n<a href=\"https:\/\/rcm1.rcm.upr.edu\/demografia\/wp-content\/uploads\/sites\/30\/2020\/09\/PENUELA.xls\">Pe\u00f1uelas<\/a><br \/>\n<a href=\"https:\/\/rcm1.rcm.upr.edu\/demografia\/wp-content\/uploads\/sites\/30\/2020\/09\/PONCE.xls\">Ponce<\/a><br \/>\n<a href=\"https:\/\/rcm1.rcm.upr.edu\/demografia\/wp-content\/uploads\/sites\/30\/2020\/09\/QUEBRADILLAS.xls\">Quebradillas<\/a><br \/>\n<a href=\"https:\/\/rcm1.rcm.upr.edu\/demografia\/wp-content\/uploads\/sites\/30\/2020\/09\/RINCON.xls\">Rinc\u00f3n<\/a><br \/>\n<a href=\"https:\/\/rcm1.rcm.upr.edu\/demografia\/wp-content\/uploads\/sites\/30\/2020\/09\/RIO-GRANDE.xls\">R\u00edo Grande<\/a><br \/>\n<a href=\"https:\/\/rcm1.rcm.upr.edu\/demografia\/wp-content\/uploads\/sites\/30\/2020\/09\/SABANA-GRANDE.xls\">Sabana Grande<\/a><br \/>\n<a href=\"https:\/\/rcm1.rcm.upr.edu\/demografia\/wp-content\/uploads\/sites\/30\/2020\/09\/SALINAS.xls\">Salinas<\/a><br \/>\n<a href=\"https:\/\/rcm1.rcm.upr.edu\/demografia\/wp-content\/uploads\/sites\/30\/2020\/09\/SAN-GERMAN.xls\">San Germ\u00e1n<\/a><br \/>\n<a href=\"https:\/\/rcm1.rcm.upr.edu\/demografia\/wp-content\/uploads\/sites\/30\/2020\/09\/SAN-JUAN.xls\">San Juan<\/a><br \/>\n<a href=\"https:\/\/rcm1.rcm.upr.edu\/demografia\/wp-content\/uploads\/sites\/30\/2020\/09\/SAN-LORENZO.xls\">San Lorenzo<\/a><br \/>\n<a href=\"https:\/\/rcm1.rcm.upr.edu\/demografia\/wp-content\/uploads\/sites\/30\/2020\/09\/SAN-SEBASTIAN.xls\">San Sebasti\u00e1n<\/a><br \/>\n<a href=\"https:\/\/rcm1.rcm.upr.edu\/demografia\/wp-content\/uploads\/sites\/30\/2020\/09\/SANTA-ISABEL.xls\">Santa Isabel<\/a><br \/>\n<a href=\"https:\/\/rcm1.rcm.upr.edu\/demografia\/wp-content\/uploads\/sites\/30\/2020\/09\/TOA-ALTA.xls\">Toa Alta<\/a><br \/>\n<a href=\"https:\/\/rcm1.rcm.upr.edu\/demografia\/wp-content\/uploads\/sites\/30\/2020\/09\/TOA-BAJA.xls\">Toa Baja<\/a><br \/>\n<a href=\"https:\/\/rcm1.rcm.upr.edu\/demografia\/wp-content\/uploads\/sites\/30\/2020\/09\/TRUJILLO-ALTO.xls\">Trujillo Alto<\/a><br \/>\n<a href=\"https:\/\/rcm1.rcm.upr.edu\/demografia\/wp-content\/uploads\/sites\/30\/2020\/09\/UTUADO.xls\">Utuado<\/a><br \/>\n<a href=\"https:\/\/rcm1.rcm.upr.edu\/demografia\/wp-content\/uploads\/sites\/30\/2020\/09\/VEGA-ALTA.xls\">Vega Alta<\/a><br \/>\n<a href=\"https:\/\/rcm1.rcm.upr.edu\/demografia\/wp-content\/uploads\/sites\/30\/2020\/09\/VEGA-BAJA.xls\">Vega Baja<\/a><br \/>\n<a href=\"https:\/\/rcm1.rcm.upr.edu\/demografia\/wp-content\/uploads\/sites\/30\/2020\/09\/VIEQUES.xls\">Vieques<\/a><br \/>\n<a href=\"https:\/\/rcm1.rcm.upr.edu\/demografia\/wp-content\/uploads\/sites\/30\/2020\/09\/VILLALBA.xls\">Villalba<\/a><br \/>\n<a href=\"https:\/\/rcm1.rcm.upr.edu\/demografia\/wp-content\/uploads\/sites\/30\/2020\/09\/YABUCOA.xls\">Yabucoa<\/a><br \/>\n<a href=\"https:\/\/rcm1.rcm.upr.edu\/demografia\/wp-content\/uploads\/sites\/30\/2020\/10\/YAUCO.xls\">Yauco<\/a>[\/vc_column_text][\/vc_column][\/vc_row]<\/p>\n<\/div>","protected":false},"excerpt":{"rendered":"<p>[vc_row][vc_column][vc_empty_space][vc_column_text]Adjuntas Aguada Aguadilla Aguas Buenas Aibonito A\u00f1asco Arecibo Arroyo Barceloneta Barranquitas Bayam\u00f3n Cabo Rojo Caguas Camuy Can\u00f3vanas Carolina Cata\u00f1o Cayey Ceiba Ciales Cidra Coamo Comer\u00edo Corozal Culebra Dorado Fajardo Florida Gu\u00e1nica Guayama Guayanilla Guaynabo Gurabo Hatillo Hormigueros Humacao Isabela Jayuya Juana D\u00edaz Juncos Lajas Lares Las Mar\u00edas Las Piedras Lo\u00edza Luquillo Manat\u00ed Maricao Maunabo Mayag\u00fcez&hellip;<\/p>\n","protected":false},"author":1,"featured_media":0,"parent":0,"menu_order":0,"comment_status":"closed","ping_status":"closed","template":"template-microsite.php","meta":{"footnotes":""},"class_list":["post-5158","page","type-page","status-publish","hentry","description-off"],"aioseo_notices":[],"_links":{"self":[{"href":"https:\/\/rcm1.rcm.upr.edu\/demografia\/wp-json\/wp\/v2\/pages\/5158","targetHints":{"allow":["GET"]}}],"collection":[{"href":"https:\/\/rcm1.rcm.upr.edu\/demografia\/wp-json\/wp\/v2\/pages"}],"about":[{"href":"https:\/\/rcm1.rcm.upr.edu\/demografia\/wp-json\/wp\/v2\/types\/page"}],"author":[{"embeddable":true,"href":"https:\/\/rcm1.rcm.upr.edu\/demografia\/wp-json\/wp\/v2\/users\/1"}],"replies":[{"embeddable":true,"href":"https:\/\/rcm1.rcm.upr.edu\/demografia\/wp-json\/wp\/v2\/comments?post=5158"}],"version-history":[{"count":0,"href":"https:\/\/rcm1.rcm.upr.edu\/demografia\/wp-json\/wp\/v2\/pages\/5158\/revisions"}],"wp:attachment":[{"href":"https:\/\/rcm1.rcm.upr.edu\/demografia\/wp-json\/wp\/v2\/media?parent=5158"}],"curies":[{"name":"wp","href":"https:\/\/api.w.org\/{rel}","templated":true}]}}