{"id":1489,"date":"2016-06-29T12:35:16","date_gmt":"2016-06-29T16:35:16","guid":{"rendered":"http:\/\/enfermeria.rcm.upr.edu\/nuestra-escuela\/"},"modified":"2016-06-29T12:35:16","modified_gmt":"2016-06-29T16:35:16","slug":"nuestra-escuela","status":"publish","type":"page","link":"https:\/\/rcm1.rcm.upr.edu\/enfermeria\/nuestra-escuela\/","title":{"rendered":"Nuestra Escuela"},"content":{"rendered":"<p>\t\t\t\tLa escuela de Enfermer\u00eda fue fundada en 1940 y es el programa de educaci\u00f3n en enfermer\u00eda m\u00e1s antiguo del Sistema de la Universidad de Puerto Rico.<\/p>\n<p>Se inici\u00f3 como uno de los programas de la Escuela de Medicina Tropical en San Juan. Luego form\u00f3 parte del Departamento de Medicina Preventiva de la Escuela de Salud P\u00fablica.<\/p>\n<p>En 1975, cuando el Recinto de Ciencias M\u00e9dicas fue reorganizado, la Escuela pas\u00f3 a ser una unidad de la Escuela de Profesiones de la Salud.<\/p>\n<p>El 1ero de julio de 1995, se convirti\u00f3 en un decanato aut\u00f3nomo del Recinto de Ciencias M\u00e9dicas. A partir del 2007, al un\u00edsono con las Facultades del Recinto de Ciencias M\u00e9dicas, cambia su nombre de Decanato a Escuela de Enfermer\u00eda.\t\t<\/p>\n","protected":false},"excerpt":{"rendered":"<p>La escuela de Enfermer\u00eda fue fundada en 1940 y es el programa de educaci\u00f3n en enfermer\u00eda m\u00e1s antiguo del Sistema de la Universidad de Puerto Rico. Se inici\u00f3 como uno de los programas de la Escuela de Medicina Tropical en San Juan. Luego form\u00f3 parte del Departamento de Medicina Preventiva de la Escuela de Salud&hellip;<\/p>\n","protected":false},"author":1,"featured_media":0,"parent":0,"menu_order":0,"comment_status":"closed","ping_status":"closed","template":"","meta":{"footnotes":""},"class_list":["post-1489","page","type-page","status-publish","hentry","description-off"],"jetpack_sharing_enabled":true,"_links":{"self":[{"href":"https:\/\/rcm1.rcm.upr.edu\/enfermeria\/wp-json\/wp\/v2\/pages\/1489","targetHints":{"allow":["GET"]}}],"collection":[{"href":"https:\/\/rcm1.rcm.upr.edu\/enfermeria\/wp-json\/wp\/v2\/pages"}],"about":[{"href":"https:\/\/rcm1.rcm.upr.edu\/enfermeria\/wp-json\/wp\/v2\/types\/page"}],"author":[{"embeddable":true,"href":"https:\/\/rcm1.rcm.upr.edu\/enfermeria\/wp-json\/wp\/v2\/users\/1"}],"replies":[{"embeddable":true,"href":"https:\/\/rcm1.rcm.upr.edu\/enfermeria\/wp-json\/wp\/v2\/comments?post=1489"}],"version-history":[{"count":0,"href":"https:\/\/rcm1.rcm.upr.edu\/enfermeria\/wp-json\/wp\/v2\/pages\/1489\/revisions"}],"wp:attachment":[{"href":"https:\/\/rcm1.rcm.upr.edu\/enfermeria\/wp-json\/wp\/v2\/media?parent=1489"}],"curies":[{"name":"wp","href":"https:\/\/api.w.org\/{rel}","templated":true}]}}