{"id":1493,"date":"2016-06-29T13:50:19","date_gmt":"2016-06-29T17:50:19","guid":{"rendered":"http:\/\/127.0.0.1\/enfermeria\/?page_id=32"},"modified":"2026-04-09T12:14:46","modified_gmt":"2026-04-09T12:14:46","slug":"maestria-general","status":"publish","type":"page","link":"https:\/\/rcm1.rcm.upr.edu\/enfermeria\/programas-academicos\/maestria\/maestria-general\/","title":{"rendered":"Maestr\u00eda en Ciencias en Enfermer\u00eda"},"content":{"rendered":"<section class=\"wpb-content-wrapper\"><p>[vc_row][vc_column][vc_column_text]<\/p>\n<h3>Maestr\u00eda en Ciencias en Enfermer\u00eda<\/h3>\n<p>El Departamento Graduado de la Escuela de Enfermer\u00eda ofrece un programa de estudios conducente a una Maestr\u00eda en Ciencias en Enfermer\u00eda con amplias ofertas de trayectorias y roles seg\u00fan la demanda solicitada.<\/p>\n<p>El Programa se desarrolla con opci\u00f3n a lograr el grado en dos a\u00f1os en horario diurno y tres a\u00f1os en horario vespertino. Se utilizan variedad de modalidades educativas que incluyen conferencias, discusiones en grupos, pr\u00e1ctica cl\u00ednica y la tecnolog\u00eda de la inform\u00e1tica para la b\u00fasqueda de literatura aplicada.[\/vc_column_text][\/vc_column][\/vc_row][vc_row][vc_column][vc_column_text]<div class='w3eden'><!-- WPDM Link Template: Default Template -->\n\n<div class=\"link-template-default card mb-2\">\n    <div class=\"card-body\">\n        <div class=\"media\">\n            <div class=\"mr-3 img-48\"><img decoding=\"async\" class=\"wpdm_icon\" alt=\"Icon\" src=\"https:\/\/rcm1.rcm.upr.edu\/enfermeria\/wp-content\/plugins\/download-manager\/assets\/file-type-icons\/pdf.svg\" \/><\/div>\n            <div class=\"media-body\">\n                <h3 class=\"package-title\"><a href='https:\/\/rcm1.rcm.upr.edu\/enfermeria\/download\/msn-opusculo\/'>Maestr\u00eda en Ciencias de Enfermer\u00eda (Opu\u0301sculo)<\/a><\/h3>\n                <div class=\"text-muted text-small\"><i class=\"fas fa-copy\"><\/i> 1 file(s) <i class=\"fas fa-hdd ml-3\"><\/i> 517.57 KB<\/div>\n            <\/div>\n            <div class=\"ml-3\">\n                <a class='wpdm-download-link download-on-click btn btn-info ' rel='nofollow' href='#' data-downloadurl=\"https:\/\/rcm1.rcm.upr.edu\/enfermeria\/download\/msn-opusculo\/?wpdmdl=4233&refresh=69dce2b7e42b21776083639\">Download<\/a>\n            <\/div>\n        <\/div>\n    <\/div>\n<\/div>\n\n<\/div>\n<div class='w3eden'><!-- WPDM Link Template: Default Template -->\n\n<div class=\"link-template-default card mb-2\">\n    <div class=\"card-body\">\n        <div class=\"media\">\n            <div class=\"mr-3 img-48\"><img decoding=\"async\" class=\"wpdm_icon\" alt=\"Icon\" src=\"https:\/\/rcm1.rcm.upr.edu\/enfermeria\/wp-content\/plugins\/download-manager\/assets\/file-type-icons\/pdf.svg\" \/><\/div>\n            <div class=\"media-body\">\n                <h3 class=\"package-title\"><a href='https:\/\/rcm1.rcm.upr.edu\/enfermeria\/download\/master-of-sciences-in-nursing-brochure\/'>Master of Sciences in Nursing (Brochure)<\/a><\/h3>\n                <div class=\"text-muted text-small\"><i class=\"fas fa-copy\"><\/i> 1 file(s) <i class=\"fas fa-hdd ml-3\"><\/i> 485.04 KB<\/div>\n            <\/div>\n            <div class=\"ml-3\">\n                <a class='wpdm-download-link download-on-click btn btn-info ' rel='nofollow' href='#' data-downloadurl=\"https:\/\/rcm1.rcm.upr.edu\/enfermeria\/download\/master-of-sciences-in-nursing-brochure\/?wpdmdl=4289&refresh=69dce2b84360c1776083640\">Download<\/a>\n            <\/div>\n        <\/div>\n    <\/div>\n<\/div>\n\n<\/div>\n<div class='w3eden'><!-- WPDM Link Template: Default Template -->\n\n<div class=\"link-template-default card mb-2\">\n    <div class=\"card-body\">\n        <div class=\"media\">\n            <div class=\"mr-3 img-48\"><img decoding=\"async\" class=\"wpdm_icon\" alt=\"Icon\" src=\"https:\/\/rcm1.rcm.upr.edu\/enfermeria\/wp-content\/plugins\/download-manager\/assets\/file-type-icons\/pdf.svg\" \/><\/div>\n            <div class=\"media-body\">\n                <h3 class=\"package-title\"><a href='https:\/\/rcm1.rcm.upr.edu\/enfermeria\/download\/manual-de-normas-del-programa\/'>Manual de Normas y Procedimientos Acade\u0301micos del Programa de Maestr\u00eda en Ciencias de Enfermer\u00eda<\/a><\/h3>\n                <div class=\"text-muted text-small\"><i class=\"fas fa-copy\"><\/i> 1 file(s) <i class=\"fas fa-hdd ml-3\"><\/i> 1.99 MB<\/div>\n            <\/div>\n            <div class=\"ml-3\">\n                <a class='wpdm-download-link download-on-click btn btn-info ' rel='nofollow' href='#' data-downloadurl=\"https:\/\/rcm1.rcm.upr.edu\/enfermeria\/download\/manual-de-normas-del-programa\/?wpdmdl=4235&refresh=69dce2b84762d1776083640\">Download<\/a>\n            <\/div>\n        <\/div>\n    <\/div>\n<\/div>\n\n<\/div>\n<div class='w3eden'><!-- WPDM Link Template: Default Template -->\n\n<div class=\"link-template-default card mb-2\">\n    <div class=\"card-body\">\n        <div class=\"media\">\n            <div class=\"mr-3 img-48\"><img decoding=\"async\" class=\"wpdm_icon\" alt=\"Icon\" src=\"https:\/\/rcm1.rcm.upr.edu\/enfermeria\/wp-content\/plugins\/download-manager\/assets\/file-type-icons\/pdf.svg\" \/><\/div>\n            <div class=\"media-body\">\n                <h3 class=\"package-title\"><a href='https:\/\/rcm1.rcm.upr.edu\/enfermeria\/download\/manual-of-policies-and-academic-procedures-of-th-master-of-science-in-nursing-program\/'>Manual of Policies and Academic Procedures of the Master of Sciences in Nursing Program<\/a><\/h3>\n                <div class=\"text-muted text-small\"><i class=\"fas fa-copy\"><\/i> 1 file(s) <i class=\"fas fa-hdd ml-3\"><\/i> 715.49 KB<\/div>\n            <\/div>\n            <div class=\"ml-3\">\n                <a class='wpdm-download-link download-on-click btn btn-info ' rel='nofollow' href='#' data-downloadurl=\"https:\/\/rcm1.rcm.upr.edu\/enfermeria\/download\/manual-of-policies-and-academic-procedures-of-th-master-of-science-in-nursing-program\/?wpdmdl=4288&refresh=69dce2b849fa71776083640\">Download<\/a>\n            <\/div>\n        <\/div>\n    <\/div>\n<\/div>\n\n<\/div>[\/vc_column_text][vc_empty_space][\/vc_column][\/vc_row][vc_row][vc_column][vc_column_text]<\/p>\n<h4><strong>MISI\u00d3N DE LA ESCUELA DE ENFERMER\u00cdA<\/strong><\/h4>\n<p>Formar profesionales de enfermer\u00eda altamente cualificados, l\u00edderes en servicio, educaci\u00f3n e investigaci\u00f3n en distintos niveles y comprometidos a trabajar de manera \u00e9tica e interprofesional para contribuir a la accesibilidad y bienestar de los m\u00faltiples sectores de la poblaci\u00f3n.[\/vc_column_text][\/vc_column][\/vc_row][vc_row][vc_column][vc_column_text]<\/p>\n<h4>Los resultados del aprendizaje esperados para estudiantes de MSN:<\/h4>\n<ol>\n<li>Conocimiento para la pr\u00e1ctica de enfermer\u00eda: Los estudiantes lograr\u00e1n el desarrollo de las competencias en el \u00e1rea de conocimiento para la pr\u00e1ctica de enfermer\u00eda en un 80%, de acuerdo con su nivel de estudio.<\/li>\n<li>Cuidado centrado en la persona: Los estudiantes lograr\u00e1n el desarrollo de las competencias en el \u00e1rea de cuidado centrado en la persona en un 80% de acuerdo con su nivel de estudio.<\/li>\n<li>Salud poblacional: Los estudiantes lograr\u00e1n el desarrollo de las competencias en el \u00e1rea de salud poblacional en un 80% de acuerdo con su nivel de estudio.<\/li>\n<li>Erudici\u00f3n para la disciplina de enfermer\u00eda: Los estudiantes lograr\u00e1n el desarrollo de las competencias en el \u00e1rea de erudici\u00f3n para la disciplina de enfermer\u00eda en un 80% de acuerdo con su nivel de estudio.<\/li>\n<li>Calidad y seguridad: Los estudiantes lograr\u00e1n el desarrollo de las competencias en el \u00e1rea de calidad y seguridad en un 80% de acuerdo con su nivel de estudio.<\/li>\n<li>Colaboraciones interprofesionales: Los estudiantes lograr\u00e1n el desarrollo de las competencias en el \u00e1rea de colaboraciones interprofesionales en un 80%, de acuerdo con su nivel de estudio.<\/li>\n<li>Pr\u00e1ctica basada en sistemas: Los estudiantes lograr\u00e1n el desarrollo de las competencias en el \u00e1rea de pr\u00e1ctica basada en sistemas en un 80% de acuerdo con su nivel de estudio.<\/li>\n<li>Inform\u00e1tica y tecnolog\u00edas de la salud: Los estudiantes lograr\u00e1n el desarrollo de las competencias en el \u00e1rea de inform\u00e1tica y tecnolog\u00edas de la salud en un 80% de acuerdo con su nivel de estudio.<\/li>\n<li>Profesionalismo: Los estudiantes lograr\u00e1n el desarrollo de las competencias en el \u00e1rea de profesionalismo en un 80% de acuerdo con su nivel de estudio.<\/li>\n<li>Desarrollo personal, profesional y de liderazgo: Los estudiantes lograr\u00e1n el desarrollo de las competencias en el \u00e1rea de desarrollo personal, profesional y de liderazgo en un 80% de acuerdo con su nivel de estudio.<\/li>\n<\/ol>\n<p>[\/vc_column_text][\/vc_column][\/vc_row][vc_row][vc_column][vc_column_text]<\/p>\n<h3>Perfil del Profesional<\/h3>\n<p>El egresado de este programa demuestra:<\/p>\n<ul>\n<li>Competencia profesional<\/li>\n<li>Liderazgo<\/li>\n<li>Pensamiento y juicio cr\u00edtico<\/li>\n<li>Habilidad para investigar<\/li>\n<li>Arte de ofrecer servicios especializados en enfermer\u00eda<\/li>\n<li>\u00c9tica y Valores de la m\u00e1s alta calidad.<\/li>\n<\/ul>\n<p>[\/vc_column_text][vc_column_text]<\/p>\n<h3>Ofertas Acad\u00e9micas<\/h3>\n<p><b>Rol Funcional:<\/b><\/p>\n<ul>\n<li>Educador\/a en Enfermer\u00eda<\/li>\n<li>Administrador\/a de Servicios de Enfermer\u00eda<\/li>\n<\/ul>\n<p><b>Trayectorias Cl\u00ednicas *:<\/b><\/p>\n<ul>\n<li>Ciclo Materno<\/li>\n<li>Cuidado del Ni\u00f1o\/as y Adolescentes<\/li>\n<li>Cuidado del Adulto<\/li>\n<li>Cuidado del Viejo<\/li>\n<li>Familia y Comunidad<\/li>\n<li>Salud Mental y Psiquiatr\u00eda I y II<\/li>\n<li>Cuidado Cr\u00edtico I y II (require un a\u00f1o de experiencia en \u00e1rea de cuidado cr\u00edtico)<\/li>\n<\/ul>\n<p><i>* La disponibilidad de las trayectorias est\u00e1 sujeta a la demanda en solicitudes. Es requisito escoger 2 trayectorias<\/i>[\/vc_column_text][vc_column_text]<\/p>\n<h3 id=\"msn-criterios-admision\">Criterios de Admisi\u00f3n<\/h3>\n<ul>\n<li>Evidencia de Grado de Bachillerato en Ciencias en Enfermer\u00eda de un programa acreditado por la Accreditation Commission for Education in Nursing (ACEN) o Commission of Collegiate Nursing Education (CCNE) (Presentar transcripci\u00f3n oficial BSN).<\/li>\n<li>Transcripci\u00f3n que evidencie curso de estad\u00edstica b\u00e1sica (tres cr\u00e9ditos).<\/li>\n<li>Curriculum Vitae<\/li>\n<li>Licencia de Enfermer\u00eda Generalista vigente<\/li>\n<li>Evidencia de colegiaci\u00f3n profesional vigente del Colegio de Profesionales de la Enfermer\u00eda de Puerto Rico<\/li>\n<\/ul>\n<h3><\/h3>\n<p>&nbsp;<\/p>\n<h3 id=\"msn-requisitos-adicionales\">Requisitos Adicionales de Admisi\u00f3n<\/h3>\n<p>Obtener un 55% o m\u00e1s como resultado de la suma de los siguientes criterios para ser considerado candidato a admisi\u00f3n:<\/p>\n<ul>\n<li>\u00cdndice Acad\u00e9mico General: 20%<\/li>\n<li>\u00cdndice Acad\u00e9mico Espec\u00edfico: 25%<\/li>\n<li>Entrevista con Facultad del Programa Graduado: 25%<\/li>\n<li>An\u00e1lisis de una situaci\u00f3n cl\u00ednica: 25%<\/li>\n<li><a href=\"https:\/\/rcm1.rcm.upr.edu\/enfermeria\/wp-content\/uploads\/2024\/12\/cv-MSN.pdf\" target=\"_blank\" rel=\"noopener\">Curriculum Vitae<\/a>: 5%<\/li>\n<\/ul>\n<p>Total: 100%<\/p>\n<p>Complete la <a href=\"https:\/\/solicitud.upr.edu\/\" target=\"_blank\" rel=\"noopener noreferrer\">Solicitud Electr\u00f3nica de Admisi\u00f3n al Recinto de Ciencias M\u00e9dicas<\/a>. Para completar el curriculum vitae presione <a href=\"https:\/\/rcm1.rcm.upr.edu\/enfermeria\/wp-content\/uploads\/2024\/12\/cv-MSN.pdf\" target=\"_blank\" rel=\"noopener noreferrer\">aqu\u00ed<\/a>.\u00a0Favor acceder a <a href=\"https:\/\/rcm1.rcm.upr.edu\/enfermeria\/fecha-limite-de-admision\/\">este enlace para informaci\u00f3n sobre la fecha l\u00edmite de admisi\u00f3n<\/a>.[\/vc_column_text][vc_empty_space][vc_column_text]<\/p>\n<h3>Requisitos de Graduaci\u00f3n<\/h3>\n<ul>\n<li>Completar el n\u00famero total de cr\u00e9ditos requeridos para el t\u00edtulo de MSN.<\/li>\n<li>Todos los cursos de enfermer\u00eda deben ser aprobados con un m\u00ednimo de calificaci\u00f3n de B.<\/li>\n<li>Obtener un promedio general de 3.00 o superior (en una escala de 4.00).<\/li>\n<li>Completar las actividades te\u00f3ricas y cl\u00ednicas especificadas por el programa.<\/li>\n<\/ul>\n<p>[\/vc_column_text][\/vc_column][\/vc_row][vc_row][vc_column][vc_empty_space][vc_column_text]<\/p>\n<h3 id=\"msn-contacto\">Cont\u00e1ctenos<\/h3>\n<p>[\/vc_column_text][\/vc_column][\/vc_row][vc_row][vc_column][vc_column_text]<strong>Dra. Carmen Irene D\u00edaz Col\u00f3n<br \/>\n<\/strong><a href=\"mailto:carmen.diaz7@upr.edu\">carmen.diaz7@upr.edu<\/a><br \/>\nDirectora Interina<br \/>\nExt. 1995[\/vc_column_text][vc_column_text]<strong>Mar\u00eda M. D\u00edaz Hern\u00e1ndez<br \/>\n<\/strong>Asistente administrativo<br \/>\n<a href=\"mailto:mar\u00eda.diaz65@upr.edu\">mar\u00eda.diaz65@upr.edu<\/a><br \/>\nExt. 2141[\/vc_column_text][vc_column_text]<strong>Janette Carrasquillo<\/strong><br \/>\n<a href=\"mailto:janette.carrasquillo@upr.edu\">janette.carrasquillo@upr.edu<\/a><br \/>\nOficial de Admisiones<br \/>\next. <span style=\"font-family: inherit; font-size: inherit;\">5230<\/span>[\/vc_column_text][vc_column_text]<strong>Direcci\u00f3n Postal:<\/strong><br \/>\nOficina Central de Admisiones RCM<br \/>\nPrograma Maestr\u00eda en Ciencias en Enfermer\u00eda<br \/>\nPO BOX 365067<br \/>\nSan Juan, PR 00936-5067[\/vc_column_text][\/vc_column][\/vc_row]<\/p>\n<\/section>","protected":false},"excerpt":{"rendered":"<p>[vc_row][vc_column][vc_column_text] Maestr\u00eda en Ciencias en Enfermer\u00eda El Departamento Graduado de la Escuela de Enfermer\u00eda ofrece un programa de estudios conducente a una Maestr\u00eda en Ciencias en Enfermer\u00eda con amplias ofertas de trayectorias y roles seg\u00fan la demanda solicitada. El Programa se desarrolla con opci\u00f3n a lograr el grado en dos a\u00f1os en horario diurno y&hellip;<\/p>\n","protected":false},"author":1,"featured_media":0,"parent":1491,"menu_order":0,"comment_status":"closed","ping_status":"closed","template":"template-microsite.php","meta":{"footnotes":""},"class_list":["post-1493","page","type-page","status-publish","hentry","description-off"],"jetpack_sharing_enabled":true,"_links":{"self":[{"href":"https:\/\/rcm1.rcm.upr.edu\/enfermeria\/wp-json\/wp\/v2\/pages\/1493","targetHints":{"allow":["GET"]}}],"collection":[{"href":"https:\/\/rcm1.rcm.upr.edu\/enfermeria\/wp-json\/wp\/v2\/pages"}],"about":[{"href":"https:\/\/rcm1.rcm.upr.edu\/enfermeria\/wp-json\/wp\/v2\/types\/page"}],"author":[{"embeddable":true,"href":"https:\/\/rcm1.rcm.upr.edu\/enfermeria\/wp-json\/wp\/v2\/users\/1"}],"replies":[{"embeddable":true,"href":"https:\/\/rcm1.rcm.upr.edu\/enfermeria\/wp-json\/wp\/v2\/comments?post=1493"}],"version-history":[{"count":13,"href":"https:\/\/rcm1.rcm.upr.edu\/enfermeria\/wp-json\/wp\/v2\/pages\/1493\/revisions"}],"predecessor-version":[{"id":4306,"href":"https:\/\/rcm1.rcm.upr.edu\/enfermeria\/wp-json\/wp\/v2\/pages\/1493\/revisions\/4306"}],"up":[{"embeddable":true,"href":"https:\/\/rcm1.rcm.upr.edu\/enfermeria\/wp-json\/wp\/v2\/pages\/1491"}],"wp:attachment":[{"href":"https:\/\/rcm1.rcm.upr.edu\/enfermeria\/wp-json\/wp\/v2\/media?parent=1493"}],"curies":[{"name":"wp","href":"https:\/\/api.w.org\/{rel}","templated":true}]}}