{"id":297,"date":"2016-11-17T09:47:43","date_gmt":"2016-11-17T13:47:43","guid":{"rendered":"http:\/\/127.0.0.1\/enfermeria\/#"},"modified":"2016-11-17T09:47:43","modified_gmt":"2016-11-17T13:47:43","slug":"horarios","status":"publish","type":"page","link":"https:\/\/rcm1.rcm.upr.edu\/enfermeria\/oficina-de-asuntos-estudiantiles\/admisiones\/horarios\/","title":{"rendered":"Horarios"},"content":{"rendered":"<p>En la Escuela de Enfermer\u00eda el a\u00f1o acad\u00e9mico est\u00e1 dividido en semestre y cada uno consta de dieciocho (18) semanas.\u00a0 Las clases para los programas diurnos se ofrecen de lunes a viernes de 7:00 a.m. a 5:00 p.m., y para los programas vespertinos de lunes a viernes de 5:00 a 10:00 p.m.\u00a0 La mayor\u00eda de los cursos se ofrecen dentro de este horario, aunque esto puede variar dependiendo de la disponibilidad de los recursos.<\/p>\n<p>No obstante algunos programas vespertinos pueden tener experiencias o cursos durante horario diurno.<\/p>\n","protected":false},"excerpt":{"rendered":"<p>En la Escuela de Enfermer\u00eda el a\u00f1o acad\u00e9mico est\u00e1 dividido en semestre y cada uno consta de dieciocho (18) semanas.\u00a0 Las clases para los programas diurnos se ofrecen de lunes a viernes de 7:00 a.m. a 5:00 p.m., y para los programas vespertinos de lunes a viernes de 5:00 a 10:00 p.m.\u00a0 La mayor\u00eda de&hellip;<\/p>\n","protected":false},"author":1,"featured_media":0,"parent":43,"menu_order":0,"comment_status":"closed","ping_status":"closed","template":"","meta":{"footnotes":""},"class_list":["post-297","page","type-page","status-publish","hentry","description-off"],"jetpack_sharing_enabled":true,"_links":{"self":[{"href":"https:\/\/rcm1.rcm.upr.edu\/enfermeria\/wp-json\/wp\/v2\/pages\/297","targetHints":{"allow":["GET"]}}],"collection":[{"href":"https:\/\/rcm1.rcm.upr.edu\/enfermeria\/wp-json\/wp\/v2\/pages"}],"about":[{"href":"https:\/\/rcm1.rcm.upr.edu\/enfermeria\/wp-json\/wp\/v2\/types\/page"}],"author":[{"embeddable":true,"href":"https:\/\/rcm1.rcm.upr.edu\/enfermeria\/wp-json\/wp\/v2\/users\/1"}],"replies":[{"embeddable":true,"href":"https:\/\/rcm1.rcm.upr.edu\/enfermeria\/wp-json\/wp\/v2\/comments?post=297"}],"version-history":[{"count":0,"href":"https:\/\/rcm1.rcm.upr.edu\/enfermeria\/wp-json\/wp\/v2\/pages\/297\/revisions"}],"up":[{"embeddable":true,"href":"https:\/\/rcm1.rcm.upr.edu\/enfermeria\/wp-json\/wp\/v2\/pages\/43"}],"wp:attachment":[{"href":"https:\/\/rcm1.rcm.upr.edu\/enfermeria\/wp-json\/wp\/v2\/media?parent=297"}],"curies":[{"name":"wp","href":"https:\/\/api.w.org\/{rel}","templated":true}]}}