{"id":170,"date":"2016-02-23T15:36:33","date_gmt":"2016-02-23T19:36:33","guid":{"rendered":"http:\/\/127.0.0.1\/rcm\/eps\/ophtalmic-technology\/"},"modified":"2024-11-17T22:39:51","modified_gmt":"2024-11-17T22:39:51","slug":"ophtalmic-technology","status":"publish","type":"page","link":"https:\/\/rcm1.rcm.upr.edu\/eps\/ophtalmic-technology\/","title":{"rendered":"Ophthalmic Technology (Associate Degree &#8211; Ophthalmic Technician)"},"content":{"rendered":"<section class=\"wpb-content-wrapper\"><p>[vc_row][vc_column][vc_column_text]<\/p>\n<h2 style=\"text-align: left;\">Program Description<\/h2>\n<p>[\/vc_column_text][vc_column_text]The Ophthalmic Technology Program trains ophthalmic technicians theoretically and clinically to carry out technical functions, which this professional will perform under the direction and supervision of the ophthalmologist. Among its functions are to assist the ophthalmologist in the clinical area (diagnosis and treatment), surgical and preventive. Within these functions, perform tasks such as taking a medical history to patients&#8217; execution of different diagnostic tests, both manual and computerized. The Program&#8217;s objectives are mainly aimed at developing in the student the competencies required in the field of the profession to face the continuous changes that occur in society with the advent of modern technology in the field. Additionally, prepare trained professionals to work in an interdisciplinary team of visual care in hospital environments at the primary, secondary, and tertiary levels.[\/vc_column_text][vc_empty_space height=&#8221;15px&#8221;][vc_column_text]Ophthalmic technicians acquire competencies in developing knowledge and skills through the didactic and clinical components. The teaching curriculum integrates anatomical knowledge of the eye, eye procedures, eye diseases, optics, ophthalmic equipment, ocular pharmacology, ethics, psychology, and surgical. The Ophthalmic Technology Program is a full-time program and lasts for one academic year. The academic year is divided into two (2) semesters and one (1) summer. Students are offered didactic courses with laboratories in the courses that require them during the first semester. In the second semester, didactic courses and clinical experiences are offered. A wide variety of supervised clinical experiences are provided in different specialized and subspecialized clinical sites so that they can develop all the competencies of the profession. Rotations also included clinical sites that perform ocular surgical procedures. In addition to academic experience, students are exposed to a variety of community service experiences and extracurricular activities to play an educational and social role.[\/vc_column_text][vc_empty_space height=&#8221;15px&#8221;][vc_column_text]The Program is accredited by the International Council of Accreditation (ICA). The accreditation is classified as full accreditation without any indication, complying with the highest teaching standards in Ophthalmic Technology. Upon completing the Associate Degree, graduates can apply for the national Certified Ophthalmic Technician (COT) certification exam offered by the International Joint Commission on Allied Health Personnel in Ophthalmology (IJCAHPO). Ophthalmic technicians work in various settings, including the Department of Health, hospitals, private ophthalmic offices, outpatient ocular surgery centers. They provide services in any area of \u200b\u200bophthalmological subspecialty.[\/vc_column_text][vc_column_text]<\/p>\n<h2 style=\"text-align: left;\">Admission Requirements<\/h2>\n<p>[\/vc_column_text][vc_column_text]Applicants from any of the units of the University of Puerto Rico System may request transfer within the deadline established by their units\u2019 Registrar\u2019s Office. Students from private universities should submit the application in electronic format (application of admission at <a href=\"https:\/\/rcm1.rcm.upr.edu\/decanatoestudiantes\/oficina-de-admisiones\" target=\"_blank\" rel=\"noopener noreferrer\">http:\/\/rcm1.rcm.upr.edu\/decanatoestudiantes\/oficina-de-admisiones\/<\/a>), within the deadline established by the program (usually in March). For more information about specific deadlines, please contact the Office of Admissions of the Medical Sciences Campus, at 787-758-2525, extension 5211, 5213, 5214.[\/vc_column_text][vc_empty_space height=&#8221;15px&#8221;][vc_column_text]<\/p>\n<p>Applicants for admission to the professional program must comply with the following requirements:<\/p>\n<p>Completion of 33 credits of required courses at an accredited institution in the areas stated below. For specific courses within each subject, please contact the program.[\/vc_column_text][vc_empty_space height=&#8221;15px&#8221;][vc_column_text]<\/p>\n<h2>Required Courses<\/h2>\n<p>&nbsp;<\/p>\n<table id=\"table_42699292\" class=\"display dataTable no-footer\" role=\"grid\" width=\"100%\">\n<thead>\n<tr role=\"row\">\n<th class=\"sorting_disabled\" colspan=\"1\" rowspan=\"1\">Courses<\/th>\n<th class=\"sorting_disabled\" colspan=\"1\" rowspan=\"1\">Credits<\/th>\n<\/tr>\n<\/thead>\n<tbody>\n<tr class=\"odd\" role=\"row\">\n<td>English<\/td>\n<td>6 Semester Credit &#8211; Hours<\/td>\n<\/tr>\n<tr class=\"even\" role=\"row\">\n<td>Spanish<\/td>\n<td>6 Semester Credit &#8211; Hours<\/td>\n<\/tr>\n<tr class=\"odd\" role=\"row\">\n<td>Humanities<\/td>\n<td>6 Semester Credit &#8211; Hours<\/td>\n<\/tr>\n<tr class=\"even\" role=\"row\">\n<td>Social Sciences<\/td>\n<td>6 Semester Credit &#8211; Hours<\/td>\n<\/tr>\n<tr class=\"odd\" role=\"row\">\n<td>Biological Sciences<\/td>\n<td>6 Semester Credit &#8211; Hours<\/td>\n<\/tr>\n<tr class=\"even\" role=\"row\">\n<td>Mathematics<\/td>\n<td>3 Semester Credit &#8211; Hours<\/td>\n<\/tr>\n<tr class=\"odd\" role=\"row\">\n<td>Total<\/td>\n<td>33 Semester Credit &#8211; Hours<\/td>\n<\/tr>\n<\/tbody>\n<\/table>\n<ul>\n<li>Minimum General Grade Point Average of 2.00.<\/li>\n<li>Have a Specific Grade Point Average of at least 2.00 in biological sciences and mathematics.<\/li>\n<li>Biological Sciences and Mathematics courses must be approved with a minimum course grade of \u201cC\u201d or above.<\/li>\n<li>Fluency in Spanish and knowledge and comprehension of English.<\/li>\n<li>Minimum interview score of 12.<\/li>\n<\/ul>\n<p>[\/vc_column_text][vc_empty_space height=&#8221;15px&#8221;][vc_column_text]<\/p>\n<h2 style=\"text-align: left;\">Course Descriptions<\/h2>\n<p>[\/vc_column_text][vc_column_text]<a title=\"(Please click here to download the course description in PDF format)\" href=\"https:\/\/rcm1.rcm.upr.edu\/msc-catalog\/\" target=\"_blank\" rel=\"noopener noreferrer\">(Please click here to access the Medical Sciences Campus Catalog and look for the Course Descriptions for this Program)<\/a>[\/vc_column_text][vc_empty_space height=&#8221;15px&#8221;][vc_column_text]<\/p>\n<h2 style=\"text-align: left;\">Informative Sheet<\/h2>\n<p>[\/vc_column_text][vc_column_text]English Version:\u00a0<a href=\"https:\/\/rcm1.rcm.upr.edu\/eps\/wp-content\/uploads\/2020\/09\/Hoja_Informativa_TOftalmica_2019_ing_v2.pdf\">Informative Sheet of the Program<\/a><\/p>\n<p>Versio\u0301n Espan\u0303ol: <a href=\"https:\/\/rcm1.rcm.upr.edu\/eps\/wp-content\/uploads\/2020\/09\/Hoja_Informativa_TOftalmica_2019_spa_v2.pdf\">Hoja Informativa del Programa<\/a>[\/vc_column_text][vc_empty_space height=&#8221;15px&#8221;][vc_column_text]<\/p>\n<h2>Study Costs<\/h2>\n<p>[\/vc_column_text][vc_column_text]<a href=\"https:\/\/rcm1.rcm.upr.edu\/eps\/wp-content\/uploads\/2024\/11\/study-cost-TEOF-2024-2025.pdf\" target=\"_blank\" rel=\"noopener\">Ophthalmic Technology Program Study Costs<\/a>[\/vc_column_text][vc_empty_space height=&#8221;15px&#8221;][vc_column_text]<\/p>\n<h2 style=\"text-align: left;\">Graduation Requirements<\/h2>\n<p>[\/vc_column_text][vc_column_text]<\/p>\n<ul>\n<li>Completion of program courses and clinical practice.<\/li>\n<li>Minimum grade point average of 2.00.<\/li>\n<li>Theoretical courses must be approved with C or higher and clinical practice with B.<\/li>\n<\/ul>\n<p>[\/vc_column_text][vc_empty_space height=&#8221;15px&#8221;][vc_column_text]<\/p>\n<h2>Graduate Rate (2022-2025)<\/h2>\n<ul>\n<li><a href=\"https:\/\/rcm1.rcm.upr.edu\/eps\/wp-content\/uploads\/2024\/11\/graduate-rate-2022-202.pdf\"><strong> Graduate-Rate<\/strong><\/a><\/li>\n<\/ul>\n<p>[\/vc_column_text][vc_empty_space height=&#8221;15px&#8221;][vc_column_text]<\/p>\n<h2><strong>Employment Rate (<\/strong>2022-2025<strong>)<\/strong><\/h2>\n<ul>\n<li><a href=\"https:\/\/rcm1.rcm.upr.edu\/eps\/wp-content\/uploads\/2024\/11\/employment-rate-2021-2024-ophthalmic-technology-program.pdf\"><strong> Employment-Rate<\/strong><\/a><\/li>\n<\/ul>\n<p>[\/vc_column_text][vc_empty_space height=&#8221;15px&#8221;][vc_column_text]<\/p>\n<h2 style=\"text-align: left;\">Accreditation Information<\/h2>\n<p>[\/vc_column_text][vc_column_text]International Council of Accreditation (ICA)<br \/>\n2025 Woodlane Dr.<br \/>\nSt. Paul, MN 55125<br \/>\nUnited States of America<br \/>\nPhone: 651-731- 7243, Fax: 651-731- 0410, International: +1 651-731- 7243<br \/>\n<a href=\"http:\/\/icaccreditation.org\/\">http:\/\/icaccreditation.org\/<\/a>[\/vc_column_text][vc_empty_space height=&#8221;15px&#8221;][vc_column_text]<\/p>\n<h2 style=\"text-align: left;\">Program Faculty<\/h2>\n<ul>\n<li>\u00a0Alex J. Soto Vega, DHSc, COT<br \/>\nProgram Director<\/li>\n<\/ul>\n<p>&nbsp;<\/p>\n<ul>\n<li>Ram\u00f3n R. Berr\u00edos P\u00e9rez, MD.<br \/>\nMedical Director<\/li>\n<\/ul>\n<p>&nbsp;<\/p>\n<ul>\n<li>Elina M. Caballero Col\u00f3n, COT, OSC.<br \/>\nAssociate Professor \/ Clinical Coordinator[\/vc_column_text][vc_empty_space height=&#8221;15px&#8221;][vc_column_text]<\/li>\n<\/ul>\n<h2 style=\"text-align: left;\">Physical Address<\/h2>\n<p>[\/vc_column_text][vc_column_text]School of Health Professions, 7th Floor, Office 725<br \/>\nMedical Center Complex<br \/>\nMonacillo Area, R\u00edo Piedras, Puerto Rico<br \/>\nPo Box 365067<br \/>\nSan Juan, PR. 00936-5067<\/p>\n<div><\/div>\n<p>[\/vc_column_text][vc_empty_space height=&#8221;15px&#8221;][vc_column_text]<\/p>\n<h2 style=\"text-align: left;\">Contact<\/h2>\n<div><\/div>\n<p>[\/vc_column_text][vc_column_text]Tel: 787-758-2525 Ext. 4603 &amp; 1935<br \/>\n<strong><span class=\"x_x_x_x_ContentPasted1\">Program Email:<br \/>\n<\/span><\/strong><a href=\"mailto:tecnologiaoftalmica.rcm@upr.edu\"><span class=\"x_x_x_x_ContentPasted1\">tecnologiaoftalmica.rcm@upr.edu<\/span><\/a><\/p>\n<p>Program Fax: 787-751-0636[\/vc_column_text][\/vc_column][\/vc_row]<\/p>\n<\/section>","protected":false},"excerpt":{"rendered":"<p>[vc_row][vc_column][vc_column_text] Program Description [\/vc_column_text][vc_column_text]The Ophthalmic Technology Program trains ophthalmic technicians theoretically and clinically to carry out technical functions, which this professional will perform under the direction and supervision of the ophthalmologist. Among its functions are to assist the ophthalmologist in the clinical area (diagnosis and treatment), surgical and preventive. Within these functions, perform tasks such&hellip;<\/p>\n","protected":false},"author":1,"featured_media":0,"parent":0,"menu_order":0,"comment_status":"closed","ping_status":"closed","template":"template-microsite.php","meta":{"footnotes":""},"class_list":["post-170","page","type-page","status-publish","hentry","description-off"],"jetpack_sharing_enabled":true,"_links":{"self":[{"href":"https:\/\/rcm1.rcm.upr.edu\/eps\/wp-json\/wp\/v2\/pages\/170","targetHints":{"allow":["GET"]}}],"collection":[{"href":"https:\/\/rcm1.rcm.upr.edu\/eps\/wp-json\/wp\/v2\/pages"}],"about":[{"href":"https:\/\/rcm1.rcm.upr.edu\/eps\/wp-json\/wp\/v2\/types\/page"}],"author":[{"embeddable":true,"href":"https:\/\/rcm1.rcm.upr.edu\/eps\/wp-json\/wp\/v2\/users\/1"}],"replies":[{"embeddable":true,"href":"https:\/\/rcm1.rcm.upr.edu\/eps\/wp-json\/wp\/v2\/comments?post=170"}],"version-history":[{"count":7,"href":"https:\/\/rcm1.rcm.upr.edu\/eps\/wp-json\/wp\/v2\/pages\/170\/revisions"}],"predecessor-version":[{"id":7557,"href":"https:\/\/rcm1.rcm.upr.edu\/eps\/wp-json\/wp\/v2\/pages\/170\/revisions\/7557"}],"wp:attachment":[{"href":"https:\/\/rcm1.rcm.upr.edu\/eps\/wp-json\/wp\/v2\/media?parent=170"}],"curies":[{"name":"wp","href":"https:\/\/api.w.org\/{rel}","templated":true}]}}