{"id":489,"date":"2015-04-06T14:21:19","date_gmt":"2015-04-06T18:21:19","guid":{"rendered":"http:\/\/127.0.0.1\/rcm\/exalumnos\/fondo-dotal-por-que\/"},"modified":"2015-04-06T14:21:19","modified_gmt":"2015-04-06T18:21:19","slug":"fondo-dotal-como-donar","status":"publish","type":"page","link":"https:\/\/rcm1.rcm.upr.edu\/exalumnos\/fondo-dotal-como-donar\/","title":{"rendered":"\u00bfC\u00f3mo puedo Donar al Fondo Dotal?"},"content":{"rendered":"<p>&nbsp;<\/p>\n<h3 class=\"myhdrs\">Hay muchas maneras de aportar al crecimiento de la Universidad de Puerto Rico:<\/h3>\n<ul>\n<li><b>En l\u00ednea<\/b>. Utiliza tu tarjeta de cr\u00e9dito con completa seguridad.<\/li>\n<li><b>Por correo<\/b>. Env\u00eda tu cheque a la siguiente direcci\u00f3n:\n<ul>\n<li><b>Oficina de Desarrollo y Exalumnos<br \/>\nJard\u00edn Bot\u00e1nico Sur<br \/>\n1187 Calle Flamboy\u00e1n<br \/>\nSan Juan, Puerto Rico 00926-9915<\/b><\/li>\n<\/ul>\n<\/li>\n<li><b>Propiedades muebles e inmuebles o bienes ra\u00edces<\/b>. Para donativos de acciones, fondos mutuos y otros, comun\u00edcate al (787) 282-6237.<\/li>\n<li><b>Conoce las maneras de hacer un legado testamentario (planned giving) a favor de la Universidad<\/b>. Para informaci\u00f3n comun\u00edcate al (787) 282-6237.<\/li>\n<\/ul>\n<p>&nbsp;<\/p>\n<p>El Fondo Dotal permite recibir aportaciones de entidades p\u00fablicas y privadas, e individuos. Tu donativo por tarjeta de cr\u00e9dito, cheque, de acciones o de propiedad inmueble hace una diferencia para la Universidad de Puerto Rico.<\/p>\n<p>Todos los donativos son importantes, no importa la cantidad, y tambi\u00e9n son 100% deducibles de tu planilla de contribuciones.<\/p>\n<p>&nbsp;<\/p>\n<div style=\"text-align: center\">\n<p><b>\u00a1Haz el tuyo hoy y contribuye al futuro de Puerto Rico!<\/b><\/p>\n<p><a href=\"https:\/\/exalumnos.upr.edu\/donaciones\/\" target=\"_blank\" rel=\"noopener noreferrer\"><img decoding=\"async\" src=\"https:\/\/rcm1.rcm.upr.edu\/exalumnos\/wp-content\/uploads\/sites\/14\/2020\/04\/boton-donaciones.png\" alt=\"Dona a tu universidad\" \/><\/a><\/p>\n<\/div>\n","protected":false},"excerpt":{"rendered":"<p>&nbsp; Hay muchas maneras de aportar al crecimiento de la Universidad de Puerto Rico: En l\u00ednea. Utiliza tu tarjeta de cr\u00e9dito con completa seguridad. Por correo. Env\u00eda tu cheque a la siguiente direcci\u00f3n: Oficina de Desarrollo y Exalumnos Jard\u00edn Bot\u00e1nico Sur 1187 Calle Flamboy\u00e1n San Juan, Puerto Rico 00926-9915 Propiedades muebles e inmuebles o bienes&hellip;<\/p>\n","protected":false},"author":1,"featured_media":0,"parent":0,"menu_order":0,"comment_status":"closed","ping_status":"closed","template":"template-microsite.php","meta":{"footnotes":""},"class_list":["post-489","page","type-page","status-publish","hentry","description-off"],"aioseo_notices":[],"_links":{"self":[{"href":"https:\/\/rcm1.rcm.upr.edu\/exalumnos\/wp-json\/wp\/v2\/pages\/489","targetHints":{"allow":["GET"]}}],"collection":[{"href":"https:\/\/rcm1.rcm.upr.edu\/exalumnos\/wp-json\/wp\/v2\/pages"}],"about":[{"href":"https:\/\/rcm1.rcm.upr.edu\/exalumnos\/wp-json\/wp\/v2\/types\/page"}],"author":[{"embeddable":true,"href":"https:\/\/rcm1.rcm.upr.edu\/exalumnos\/wp-json\/wp\/v2\/users\/1"}],"replies":[{"embeddable":true,"href":"https:\/\/rcm1.rcm.upr.edu\/exalumnos\/wp-json\/wp\/v2\/comments?post=489"}],"version-history":[{"count":0,"href":"https:\/\/rcm1.rcm.upr.edu\/exalumnos\/wp-json\/wp\/v2\/pages\/489\/revisions"}],"wp:attachment":[{"href":"https:\/\/rcm1.rcm.upr.edu\/exalumnos\/wp-json\/wp\/v2\/media?parent=489"}],"curies":[{"name":"wp","href":"https:\/\/api.w.org\/{rel}","templated":true}]}}