{"id":512,"date":"2015-04-07T14:38:18","date_gmt":"2015-04-07T18:38:18","guid":{"rendered":"http:\/\/127.0.0.1\/rcm\/exalumnos\/servicios-educacion-continua\/"},"modified":"2015-04-07T14:38:18","modified_gmt":"2015-04-07T18:38:18","slug":"servicios-educacion-continua","status":"publish","type":"page","link":"https:\/\/rcm1.rcm.upr.edu\/exalumnos\/servicios-educacion-continua\/","title":{"rendered":"Servicios Educaci\u00f3n Continua"},"content":{"rendered":"<div class=\"wpb-content-wrapper\"><p>[vc_row][vc_column][vc_column_text]<\/p>\n<h3 class=\"myhdrs\">Educaci\u00f3n Continua<\/h3>\n<p><b>Divisi\u00f3nes de Educaci\u00f3n Continua y Estudios Profesionales del Recinto de Ciencias M\u00e9dicas por Escuela:<\/b><\/p>\n<h4><\/h4>\n<h4><strong>Decanato de Asuntos Acad\u00e9micos<\/strong><\/h4>\n<p><a href=\"https:\/\/daa.rcm.upr.edu\/continuing-education-and-professional-studies-division\/\" target=\"_blank\" rel=\"noopener noreferrer\">Divisi\u00f3n Central de Educaci\u00f3n Continua y Estudios Profesionales<\/a><br \/>\n<a href=\"mailto:ivonne.morales@upr.edu\" target=\"_blank\" rel=\"noopener noreferrer\">ivonne.morales@upr.edu<\/a><br \/>\nTel\u00e9fono: 787-250-1312<br \/>\nFax: 787-764-4951[\/vc_column_text][vc_empty_space][vc_column_text]<\/p>\n<h4><strong>Enfermer\u00eda<\/strong><\/h4>\n<p><a title=\"Educaci\u00f3n continuada en la Escuela de Enfermer\u00eda\" href=\"https:\/\/enfermeria.rcm.upr.edu\/educacion-continua\/\">Educaci\u00f3n Continua Enfermer\u00eda<\/a><br \/>\n<a href=\"mailto:doris.hernandez1@upr.edu\">doris.hernandez1@upr.edu<\/a><br \/>\nTel\u00e9fono: 787-758-2525 Exts. 1187, 1984<br \/>\nFax: 787-759-3644[\/vc_column_text][vc_empty_space][vc_column_text]<\/p>\n<h4><strong>Farmacia<\/strong><\/h4>\n<p><a title=\"Educaci\u00f3n continuada en la Escuela de Farmacia\" href=\"https:\/\/farmacia.rcm.upr.edu\/decep\/\">Educaci\u00f3n Continua Farmacia<\/a><br \/>\n<a href=\"mailto:decep_farmacia.rcm@upr.edu\">decep_farmacia.rcm@upr.edu<\/a><br \/>\nTel\u00e9fono: 787-758-2525 Exts. 5401, 5425<br \/>\nDirecto\/Fax: 787-758-5875[\/vc_column_text][vc_empty_space][vc_column_text]<\/p>\n<h4><strong>Medicina<\/strong><\/h4>\n<p><a title=\"Associate Deanship for Graduate Medical Education\" href=\"https:\/\/md.rcm.upr.edu\/gme\/\">Associate Deanship for Graduate Medical Education<\/a>[\/vc_column_text][vc_empty_space][vc_column_text]<\/p>\n<h4><strong>Medicina Dental<\/strong><\/h4>\n<p><a title=\"Educaci\u00f3n continuada en la Escuela de Medicina Dental\" href=\"https:\/\/dental.rcm.upr.edu\/continuing-education\/\">Educaci\u00f3n Continua Medicina Dental<\/a><br \/>\n<a href=\"mailto:decepdental.rcm@upr.edu\">decepdental.rcm@upr.edu<\/a><br \/>\nTel\u00e9fono: 787-758-2525 Ext. 1142<br \/>\nDirecto: 787-756-7145[\/vc_column_text][vc_empty_space][vc_column_text]<\/p>\n<h4><strong>Profesiones de la Salud<\/strong><\/h4>\n<p><a title=\"Educaci\u00f3n continuada en la Escuela de Profesiones de la Salud\" href=\"https:\/\/eps.rcm.upr.edu\/academic-affairs\/\">Educaci\u00f3n Continua Profesiones de la Salud<\/a><br \/>\n<a style=\"font-weight: normal\" href=\"mailto:sonia.morales2@upr.edu\">sonia.morales2@upr.edu<\/a><br \/>\nTel\u00e9fono: 787-758-2525 Exts. 4604, 4411[\/vc_column_text][vc_empty_space][vc_column_text]<\/p>\n<h4><strong>Salud P\u00fablica<\/strong><\/h4>\n<p><a title=\"Educaci\u00f3n continuada en la Escuela de Salud P\u00fablica\" href=\"https:\/\/sp.rcm.upr.edu\/asuntos-academicos\/division-de-educacion-continua-y-estudios-profesionales\/\">Educaci\u00f3n Continua Salud P\u00fablica<\/a><br \/>\n<a href=\"mailto:decepspublica.rcm@upr.edu\">decepspublica.rcm@upr.edu<\/a><br \/>\nTel\u00e9fono: 787-758-2525 Exts. 1475, 1474, 1411, y 4627<br \/>\nDirecto: 787-522-9409<br \/>\nFax: 787-763-7291[\/vc_column_text][\/vc_column][\/vc_row]<\/p>\n<\/div>","protected":false},"excerpt":{"rendered":"<p>[vc_row][vc_column][vc_column_text] Educaci\u00f3n Continua Divisi\u00f3nes de Educaci\u00f3n Continua y Estudios Profesionales del Recinto de Ciencias M\u00e9dicas por Escuela: Decanato de Asuntos Acad\u00e9micos Divisi\u00f3n Central de Educaci\u00f3n Continua y Estudios Profesionales ivonne.morales@upr.edu Tel\u00e9fono: 787-250-1312 Fax: 787-764-4951[\/vc_column_text][vc_empty_space][vc_column_text] Enfermer\u00eda Educaci\u00f3n Continua Enfermer\u00eda doris.hernandez1@upr.edu Tel\u00e9fono: 787-758-2525 Exts. 1187, 1984 Fax: 787-759-3644[\/vc_column_text][vc_empty_space][vc_column_text] Farmacia Educaci\u00f3n Continua Farmacia decep_farmacia.rcm@upr.edu Tel\u00e9fono: 787-758-2525 Exts. 5401,&hellip;<\/p>\n","protected":false},"author":1,"featured_media":0,"parent":0,"menu_order":0,"comment_status":"closed","ping_status":"closed","template":"template-microsite.php","meta":{"footnotes":""},"class_list":["post-512","page","type-page","status-publish","hentry","description-off"],"aioseo_notices":[],"_links":{"self":[{"href":"https:\/\/rcm1.rcm.upr.edu\/exalumnos\/wp-json\/wp\/v2\/pages\/512","targetHints":{"allow":["GET"]}}],"collection":[{"href":"https:\/\/rcm1.rcm.upr.edu\/exalumnos\/wp-json\/wp\/v2\/pages"}],"about":[{"href":"https:\/\/rcm1.rcm.upr.edu\/exalumnos\/wp-json\/wp\/v2\/types\/page"}],"author":[{"embeddable":true,"href":"https:\/\/rcm1.rcm.upr.edu\/exalumnos\/wp-json\/wp\/v2\/users\/1"}],"replies":[{"embeddable":true,"href":"https:\/\/rcm1.rcm.upr.edu\/exalumnos\/wp-json\/wp\/v2\/comments?post=512"}],"version-history":[{"count":0,"href":"https:\/\/rcm1.rcm.upr.edu\/exalumnos\/wp-json\/wp\/v2\/pages\/512\/revisions"}],"wp:attachment":[{"href":"https:\/\/rcm1.rcm.upr.edu\/exalumnos\/wp-json\/wp\/v2\/media?parent=512"}],"curies":[{"name":"wp","href":"https:\/\/api.w.org\/{rel}","templated":true}]}}