{"id":117,"date":"2018-12-07T16:47:01","date_gmt":"2018-12-07T16:47:01","guid":{"rendered":"http:\/\/127.0.0.1\/rcm\/prf2fc\/inicio\/"},"modified":"2018-12-07T16:47:01","modified_gmt":"2018-12-07T16:47:01","slug":"inicio","status":"publish","type":"page","link":"https:\/\/rcm1.rcm.upr.edu\/familycenter\/","title":{"rendered":"Inicio"},"content":{"rendered":"<div class=\"wpb-content-wrapper\"><p>[vc_row][vc_column][vc_raw_js]JTNDJTIxLS0lMjBHbG9iYWwlMjBzaXRlJTIwdGFnJTIwJTI4Z3RhZy5qcyUyOSUyMC0lMjBHb29nbGUlMjBBbmFseXRpY3MlMjAtLSUzRSUwQSUzQ3NjcmlwdCUyMGFzeW5jJTIwc3JjJTNEJTIyaHR0cHMlM0ElMkYlMkZ3d3cuZ29vZ2xldGFnbWFuYWdlci5jb20lMkZndGFnJTJGanMlM0ZpZCUzRFVBLTExOTU5MjEyMy0xOCUyMiUzRSUzQyUyRnNjcmlwdCUzRSUwQSUzQ3NjcmlwdCUzRSUwQSUyMCUyMHdpbmRvdy5kYXRhTGF5ZXIlMjAlM0QlMjB3aW5kb3cuZGF0YUxheWVyJTIwJTdDJTdDJTIwJTVCJTVEJTNCJTBBJTIwJTIwZnVuY3Rpb24lMjBndGFnJTI4JTI5JTdCZGF0YUxheWVyLnB1c2glMjhhcmd1bWVudHMlMjklM0IlN0QlMEElMjAlMjBndGFnJTI4JTI3anMlMjclMkMlMjBuZXclMjBEYXRlJTI4JTI5JTI5JTNCJTBBJTBBJTIwJTIwZ3RhZyUyOCUyN2NvbmZpZyUyNyUyQyUyMCUyN1VBLTExOTU5MjEyMy0xOCUyNyUyOSUzQiUwQSUzQyUyRnNjcmlwdCUzRSUwQQ==[\/vc_raw_js][vc_column_text]<\/p>\n<p style=\"text-align: center\"><img loading=\"lazy\" decoding=\"async\" class=\"aligncenter wp-image-1050 size-full\" src=\"https:\/\/rcm1.rcm.upr.edu\/familycenter\/wp-content\/uploads\/sites\/31\/2021\/06\/letrero-PRF2FC.png\" alt=\"\" width=\"810\" height=\"450\" srcset=\"https:\/\/rcm1.rcm.upr.edu\/familycenter\/wp-content\/uploads\/sites\/31\/2021\/06\/letrero-PRF2FC.png 810w, https:\/\/rcm1.rcm.upr.edu\/familycenter\/wp-content\/uploads\/sites\/31\/2021\/06\/letrero-PRF2FC-300x167.png 300w, https:\/\/rcm1.rcm.upr.edu\/familycenter\/wp-content\/uploads\/sites\/31\/2021\/06\/letrero-PRF2FC-768x427.png 768w\" sizes=\"auto, (max-width: 810px) 100vw, 810px\" \/><\/p>\n<p>[\/vc_column_text][vc_column_text]<\/p>\n<h3><strong>\u00bfQui\u00e9nes somos?<\/strong><\/h3>\n<p>[\/vc_column_text][vc_empty_space][vc_column_text]El Puerto Rico Family-to-Family Center (PR-F2FC) tiene como objetivo principal ofrecer apoyo, informaci\u00f3n, recursos en la comunidad y las herramientas necesarias para la familia de ni\u00f1os\/as y j\u00f3venes con necesidades especiales de salud y\/o discapacidad intelectual y del desarrollo. Con un enfoque de asistencia-par, nuestro personal son padres\/madres de ni\u00f1os y j\u00f3venes con necesidades especiales de salud y\/o discapacidad intelectual y del desarrollo que ofrecen un apoyo de padre a padre a todos\/as los que busquen de nuestros servicios.<\/p>\n<p>&nbsp;<\/p>\n<p>El Puerto Rico Family-to-Family Center (PR-F2FC) es un proyecto del Instituto de Deficiencias en el Desarrollo (IDD), del Recinto de Ciencias M\u00e9dicas, Universidad de Puerto Rico. El IDD es uno de los 67 Centros para la Excelencia en Educaci\u00f3n, Investigaci\u00f3n y Servicio, en Estados Unidos y sus territorios.[\/vc_column_text][vc_empty_space][vc_column_text]<\/p>\n<p style=\"text-align: center\"><img loading=\"lazy\" decoding=\"async\" class=\"aligncenter wp-image-1203 size-full\" src=\"https:\/\/rcm1.rcm.upr.edu\/familycenter\/wp-content\/uploads\/sites\/31\/2022\/08\/PRF2FC-Image.jpg\" alt=\"\" width=\"1280\" height=\"660\" srcset=\"https:\/\/rcm1.rcm.upr.edu\/familycenter\/wp-content\/uploads\/sites\/31\/2022\/08\/PRF2FC-Image.jpg 1280w, https:\/\/rcm1.rcm.upr.edu\/familycenter\/wp-content\/uploads\/sites\/31\/2022\/08\/PRF2FC-Image-300x155.jpg 300w, https:\/\/rcm1.rcm.upr.edu\/familycenter\/wp-content\/uploads\/sites\/31\/2022\/08\/PRF2FC-Image-1024x528.jpg 1024w, https:\/\/rcm1.rcm.upr.edu\/familycenter\/wp-content\/uploads\/sites\/31\/2022\/08\/PRF2FC-Image-768x396.jpg 768w\" sizes=\"auto, (max-width: 1280px) 100vw, 1280px\" \/><\/p>\n<p>[\/vc_column_text][\/vc_column][\/vc_row][vc_row][vc_column width=&#8221;1\/4&#8243;][\/vc_column][vc_column width=&#8221;1\/2&#8243;][vc_column_text]<img loading=\"lazy\" decoding=\"async\" class=\"aligncenter wp-image-1243 size-full\" src=\"https:\/\/rcm1.rcm.upr.edu\/familycenter\/wp-content\/uploads\/sites\/31\/2023\/01\/Nuestro-Equipo-PRF2FC.jpg\" alt=\"\" width=\"800\" height=\"420\" \/>[\/vc_column_text][vc_column_text]<img loading=\"lazy\" decoding=\"async\" class=\"aligncenter wp-image-1242 size-full\" src=\"https:\/\/rcm1.rcm.upr.edu\/familycenter\/wp-content\/uploads\/sites\/31\/2023\/01\/Nuestro-Equipo-PRF2FC-1.jpg\" alt=\"\" width=\"800\" height=\"238\" \/>[\/vc_column_text][vc_column_text]<img loading=\"lazy\" decoding=\"async\" class=\"aligncenter wp-image-1241 size-full\" src=\"https:\/\/rcm1.rcm.upr.edu\/familycenter\/wp-content\/uploads\/sites\/31\/2023\/01\/Nuestro-Equipo-PRF2FC-2.jpg\" alt=\"\" width=\"800\" height=\"237\" srcset=\"https:\/\/rcm1.rcm.upr.edu\/familycenter\/wp-content\/uploads\/sites\/31\/2023\/01\/Nuestro-Equipo-PRF2FC-2.jpg 800w, https:\/\/rcm1.rcm.upr.edu\/familycenter\/wp-content\/uploads\/sites\/31\/2023\/01\/Nuestro-Equipo-PRF2FC-2-300x89.jpg 300w, https:\/\/rcm1.rcm.upr.edu\/familycenter\/wp-content\/uploads\/sites\/31\/2023\/01\/Nuestro-Equipo-PRF2FC-2-768x228.jpg 768w\" sizes=\"auto, (max-width: 800px) 100vw, 800px\" \/>[\/vc_column_text][vc_column_text]<img loading=\"lazy\" decoding=\"async\" class=\"aligncenter wp-image-1240 size-full\" src=\"https:\/\/rcm1.rcm.upr.edu\/familycenter\/wp-content\/uploads\/sites\/31\/2023\/01\/Nuestro-Equipo-PRF2FC-3.jpg\" alt=\"\" width=\"800\" height=\"236\" srcset=\"https:\/\/rcm1.rcm.upr.edu\/familycenter\/wp-content\/uploads\/sites\/31\/2023\/01\/Nuestro-Equipo-PRF2FC-3.jpg 800w, https:\/\/rcm1.rcm.upr.edu\/familycenter\/wp-content\/uploads\/sites\/31\/2023\/01\/Nuestro-Equipo-PRF2FC-3-300x89.jpg 300w, https:\/\/rcm1.rcm.upr.edu\/familycenter\/wp-content\/uploads\/sites\/31\/2023\/01\/Nuestro-Equipo-PRF2FC-3-768x227.jpg 768w\" sizes=\"auto, (max-width: 800px) 100vw, 800px\" \/>[\/vc_column_text][vc_column_text]<img loading=\"lazy\" decoding=\"async\" class=\"aligncenter wp-image-1239 size-full\" src=\"https:\/\/rcm1.rcm.upr.edu\/familycenter\/wp-content\/uploads\/sites\/31\/2023\/01\/Nuestro-Equipo-PRF2FC-4.jpg\" alt=\"\" width=\"800\" height=\"244\" srcset=\"https:\/\/rcm1.rcm.upr.edu\/familycenter\/wp-content\/uploads\/sites\/31\/2023\/01\/Nuestro-Equipo-PRF2FC-4.jpg 800w, https:\/\/rcm1.rcm.upr.edu\/familycenter\/wp-content\/uploads\/sites\/31\/2023\/01\/Nuestro-Equipo-PRF2FC-4-300x92.jpg 300w, https:\/\/rcm1.rcm.upr.edu\/familycenter\/wp-content\/uploads\/sites\/31\/2023\/01\/Nuestro-Equipo-PRF2FC-4-768x234.jpg 768w\" sizes=\"auto, (max-width: 800px) 100vw, 800px\" \/>[\/vc_column_text][vc_column_text]<img loading=\"lazy\" decoding=\"async\" class=\"aligncenter wp-image-1238 size-full\" src=\"https:\/\/rcm1.rcm.upr.edu\/familycenter\/wp-content\/uploads\/sites\/31\/2023\/01\/Nuestro-Equipo-PRF2FC-5.jpg\" alt=\"\" width=\"800\" height=\"238\" srcset=\"https:\/\/rcm1.rcm.upr.edu\/familycenter\/wp-content\/uploads\/sites\/31\/2023\/01\/Nuestro-Equipo-PRF2FC-5.jpg 800w, https:\/\/rcm1.rcm.upr.edu\/familycenter\/wp-content\/uploads\/sites\/31\/2023\/01\/Nuestro-Equipo-PRF2FC-5-300x89.jpg 300w, https:\/\/rcm1.rcm.upr.edu\/familycenter\/wp-content\/uploads\/sites\/31\/2023\/01\/Nuestro-Equipo-PRF2FC-5-768x228.jpg 768w\" sizes=\"auto, (max-width: 800px) 100vw, 800px\" \/>[\/vc_column_text][vc_column_text]<img loading=\"lazy\" decoding=\"async\" class=\"aligncenter wp-image-1237 size-full\" src=\"https:\/\/rcm1.rcm.upr.edu\/familycenter\/wp-content\/uploads\/sites\/31\/2023\/01\/Nuestro-Equipo-PRF2FC-6.jpg\" alt=\"\" width=\"800\" height=\"102\" srcset=\"https:\/\/rcm1.rcm.upr.edu\/familycenter\/wp-content\/uploads\/sites\/31\/2023\/01\/Nuestro-Equipo-PRF2FC-6.jpg 800w, https:\/\/rcm1.rcm.upr.edu\/familycenter\/wp-content\/uploads\/sites\/31\/2023\/01\/Nuestro-Equipo-PRF2FC-6-300x38.jpg 300w, https:\/\/rcm1.rcm.upr.edu\/familycenter\/wp-content\/uploads\/sites\/31\/2023\/01\/Nuestro-Equipo-PRF2FC-6-768x98.jpg 768w\" sizes=\"auto, (max-width: 800px) 100vw, 800px\" \/>[\/vc_column_text][\/vc_column][vc_column width=&#8221;1\/4&#8243;][\/vc_column][\/vc_row]<\/p>\n<\/div>","protected":false},"excerpt":{"rendered":"<p>[vc_row][vc_column][vc_raw_js]JTNDJTIxLS0lMjBHbG9iYWwlMjBzaXRlJTIwdGFnJTIwJTI4Z3RhZy5qcyUyOSUyMC0lMjBHb29nbGUlMjBBbmFseXRpY3MlMjAtLSUzRSUwQSUzQ3NjcmlwdCUyMGFzeW5jJTIwc3JjJTNEJTIyaHR0cHMlM0ElMkYlMkZ3d3cuZ29vZ2xldGFnbWFuYWdlci5jb20lMkZndGFnJTJGanMlM0ZpZCUzRFVBLTExOTU5MjEyMy0xOCUyMiUzRSUzQyUyRnNjcmlwdCUzRSUwQSUzQ3NjcmlwdCUzRSUwQSUyMCUyMHdpbmRvdy5kYXRhTGF5ZXIlMjAlM0QlMjB3aW5kb3cuZGF0YUxheWVyJTIwJTdDJTdDJTIwJTVCJTVEJTNCJTBBJTIwJTIwZnVuY3Rpb24lMjBndGFnJTI4JTI5JTdCZGF0YUxheWVyLnB1c2glMjhhcmd1bWVudHMlMjklM0IlN0QlMEElMjAlMjBndGFnJTI4JTI3anMlMjclMkMlMjBuZXclMjBEYXRlJTI4JTI5JTI5JTNCJTBBJTBBJTIwJTIwZ3RhZyUyOCUyN2NvbmZpZyUyNyUyQyUyMCUyN1VBLTExOTU5MjEyMy0xOCUyNyUyOSUzQiUwQSUzQyUyRnNjcmlwdCUzRSUwQQ==[\/vc_raw_js][vc_column_text] [\/vc_column_text][vc_column_text] \u00bfQui\u00e9nes somos? [\/vc_column_text][vc_empty_space][vc_column_text]El Puerto Rico Family-to-Family Center (PR-F2FC) tiene como objetivo principal ofrecer apoyo, informaci\u00f3n, recursos en la comunidad y las herramientas necesarias para la familia de ni\u00f1os\/as y j\u00f3venes con necesidades especiales de salud y\/o discapacidad intelectual y del desarrollo. Con un enfoque de asistencia-par, nuestro personal son padres\/madres de ni\u00f1os y&hellip;<\/p>\n","protected":false},"author":1,"featured_media":0,"parent":0,"menu_order":0,"comment_status":"closed","ping_status":"closed","template":"template-microsite.php","meta":{"footnotes":""},"class_list":["post-117","page","type-page","status-publish","hentry","description-off"],"aioseo_notices":[],"_links":{"self":[{"href":"https:\/\/rcm1.rcm.upr.edu\/familycenter\/wp-json\/wp\/v2\/pages\/117","targetHints":{"allow":["GET"]}}],"collection":[{"href":"https:\/\/rcm1.rcm.upr.edu\/familycenter\/wp-json\/wp\/v2\/pages"}],"about":[{"href":"https:\/\/rcm1.rcm.upr.edu\/familycenter\/wp-json\/wp\/v2\/types\/page"}],"author":[{"embeddable":true,"href":"https:\/\/rcm1.rcm.upr.edu\/familycenter\/wp-json\/wp\/v2\/users\/1"}],"replies":[{"embeddable":true,"href":"https:\/\/rcm1.rcm.upr.edu\/familycenter\/wp-json\/wp\/v2\/comments?post=117"}],"version-history":[{"count":0,"href":"https:\/\/rcm1.rcm.upr.edu\/familycenter\/wp-json\/wp\/v2\/pages\/117\/revisions"}],"wp:attachment":[{"href":"https:\/\/rcm1.rcm.upr.edu\/familycenter\/wp-json\/wp\/v2\/media?parent=117"}],"curies":[{"name":"wp","href":"https:\/\/api.w.org\/{rel}","templated":true}]}}