{"id":200,"date":"2016-09-07T19:41:26","date_gmt":"2016-09-07T19:41:26","guid":{"rendered":"http:\/\/127.0.0.1\/rcm\/farmacia\/norms-policies-and-other-documents\/"},"modified":"2023-11-09T20:12:17","modified_gmt":"2023-11-09T20:12:17","slug":"norms-policies-and-other-documents","status":"publish","type":"page","link":"https:\/\/rcm1.rcm.upr.edu\/farmacia\/norms-policies-and-other-documents\/","title":{"rendered":"Norms, Policies and Other Documents"},"content":{"rendered":"<p><strong>Medical Sciences Campus<\/strong><\/p>\n<ul>\n<li><a href=\"https:\/\/rcm1.rcm.upr.edu\/farmacia\/wp-content\/uploads\/2020\/03\/Certificacion-033-2005-2006-Junta-de-Sindicos-Politica-de-la-1.pdf\" target=\"_blank\" rel=\"noopener noreferrer\">Certificaci\u00f3n 033 -2005-2006- Pol\u00edtica de la Procurador\u00eda Estudiantil<\/a><\/li>\n<li><a href=\"https:\/\/rcm1.rcm.upr.edu\/farmacia\/wp-content\/uploads\/2020\/03\/Certificacion-016-1.pdf\" target=\"_blank\" rel=\"noopener noreferrer\">Certificaci\u00f3n 016 (2011-2012) &#8211; Deberes, Responsabilidades y Derechos del Estudiante<\/a><\/li>\n<li><a href=\"https:\/\/rcm1.rcm.upr.edu\/farmacia\/wp-content\/uploads\/2020\/03\/Certificacion-029-1.pdf\" target=\"_blank\" rel=\"noopener noreferrer\">Certificaci\u00f3n 029 (2013-2014) &#8211; Normas para adelantar o posponer ex\u00e1menes y actividades acad\u00e9micas a estudiantes en situaciones especiales<\/a><\/li>\n<li><a href=\"https:\/\/rcm1.rcm.upr.edu\/farmacia\/wp-content\/uploads\/2020\/03\/Ley-40-Reglamentar-la-Practica-de-Fumar.pdf\" target=\"_blank\" rel=\"noopener noreferrer\">Ley 40 Reglamentar la Pr\u00e1ctica de Fumar<\/a><\/li>\n<li><a href=\"https:\/\/rcm1.rcm.upr.edu\/farmacia\/wp-content\/uploads\/2020\/03\/Politica-Institucional-sobre-Uso-de-Tecnologia-Cert-35-2-1.pdf\" target=\"_blank\" rel=\"noopener noreferrer\">Est\u00e1ndares Institucionales sobre el Uso de la Tecnolog\u00eda<\/a><\/li>\n<li><a href=\"https:\/\/rcm1.rcm.upr.edu\/farmacia\/wp-content\/uploads\/2020\/03\/Certificacion-078-1.pdf\" target=\"_blank\" rel=\"noopener noreferrer\">Certificaci\u00f3n 078 (2010-2011) Deberes Responsabilidades y Derechos del Profesor<\/a><\/li>\n<li><a href=\"https:\/\/rcm1.rcm.upr.edu\/farmacia\/wp-content\/uploads\/2020\/03\/Ley-51-Servicios-Educativos-Integrales-para-Personas-con-Im-1.pdf\" target=\"_blank\" rel=\"noopener noreferrer\">Ley 51 Servicios Educativos Integrales para Personas con Impedimentos<\/a><\/li>\n<li><a href=\"https:\/\/rcm1.rcm.upr.edu\/farmacia\/wp-content\/uploads\/2020\/03\/Politica-Institucional-sobre-Uso-de-Tecnologia-Cert-35-2-1.pdf\" target=\"_blank\" rel=\"noopener noreferrer\">Pol\u00edtica sobre el Uso de las Tecnolog\u00edas de Informaci\u00f3n<\/a><\/li>\n<li><a href=\"https:\/\/rcm1.rcm.upr.edu\/farmacia\/wp-content\/uploads\/2020\/03\/Politica-Institucional-sobre-Derechos-de-Autor-UPR-1.pdf\" target=\"_blank\" rel=\"noopener noreferrer\">Pol\u00edtica Institucional sobre Derechos de Autor UPR<\/a><\/li>\n<li><a href=\"https:\/\/rcm1.rcm.upr.edu\/farmacia\/wp-content\/uploads\/2020\/03\/Politica-de-Inmunizacion-contra-Hepatitis-B-1.pdf\" target=\"_blank\" rel=\"noopener noreferrer\">Pol\u00edtica de Inmunizaci\u00f3n contra Hepatitis B<\/a><\/li>\n<li><a href=\"https:\/\/rcm1.rcm.upr.edu\/farmacia\/wp-content\/uploads\/2020\/03\/Politica-sobre-la-privacidad-de-los-expedientes-educativos-1.pdf\" target=\"_blank\" rel=\"noopener noreferrer\">Pol\u00edtica sobre la Privacidad de los Expedientes Educativos<\/a><\/li>\n<li><a href=\"https:\/\/rcm1.rcm.upr.edu\/farmacia\/wp-content\/uploads\/2020\/03\/Politica-y-Reglamento-Uso-Ilicito-de-Drogas-1.pdf\" target=\"_blank\" rel=\"noopener noreferrer\">Pol\u00edtica y Reglamento sobre el Uso Il\u00edcito de Drogas<\/a><\/li>\n<li><a href=\"https:\/\/rcm1.rcm.upr.edu\/farmacia\/wp-content\/uploads\/2020\/03\/Politica_Presencia_Menores_en_RCM-1.pdf\" target=\"_blank\" rel=\"noopener noreferrer\">Pol\u00edtica Presencia de Menores en RCM<\/a><\/li>\n<li><a href=\"https:\/\/rcm1.rcm.upr.edu\/farmacia\/wp-content\/uploads\/2020\/03\/Proceso-Acomodo-Razonable-1.pdf\" target=\"_blank\" rel=\"noopener noreferrer\">Proceso de Tramitaci\u00f3n-Solicitud Acomodo Razonable para Estudiantes<\/a><\/li>\n<li><a href=\"https:\/\/rcm1.rcm.upr.edu\/farmacia\/wp-content\/uploads\/2020\/03\/Procedimiento-Enmendado-Hostigamiento-Sexual.pdf\" target=\"_blank\" rel=\"noopener noreferrer\">Procedimiento Enmendado sobre Hostigamiento Sexual<\/a><\/li>\n<li><a href=\"https:\/\/rcm1.rcm.upr.edu\/farmacia\/wp-content\/uploads\/2020\/03\/Reglamento-General-de-Estudiantes-enmendado-2006-1.pdf\" target=\"_blank\" rel=\"noopener noreferrer\">Reglamento General de la Universidad de Puerto Rico<\/a><\/li>\n<li><a href=\"https:\/\/rcm1.rcm.upr.edu\/farmacia\/wp-content\/uploads\/2020\/03\/Protocolo-para-la-Quimioprofilaxis-Post-Exposicion-VIH-1.pdf\" target=\"_blank\" rel=\"noopener noreferrer\">Protocolo para la Quimioprofilaxis Post Exposici\u00f3n VIH<\/a><\/li>\n<li><a href=\"https:\/\/rcm1.rcm.upr.edu\/farmacia\/wp-content\/uploads\/2020\/03\/REGLAMENTO-GENERAL-DE-ESTUDIANTES-UPR-ENMENDADO-21-DE-ENERO-DE-2011-1.pdf\" target=\"_blank\" rel=\"noopener noreferrer\">Reglamento de Estudiantes Recinto de Ciencias M\u00e9dicas<\/a><\/li>\n<li><a href=\"https:\/\/rcm1.rcm.upr.edu\/farmacia\/wp-content\/uploads\/2020\/03\/REGLAMENTO-GENERAL-DE-ESTUDIANTES-UPR-ENMENDADO-21-DE-ENERO-DE-2011-1.pdf\" target=\"_blank\" rel=\"noopener noreferrer\">Reglamento General de Estudiantes de la UPR<\/a><\/li>\n<\/ul>\n<p><strong>School of Pharmacy<\/strong><\/p>\n<ul>\n<li><a href=\"https:\/\/rcm1.rcm.upr.edu\/farmacia\/wp-content\/uploads\/2020\/03\/Politica-EPG-Aprobada-SA-feb-6-2014-1.pdf\" target=\"_blank\" rel=\"noopener noreferrer\">Pol\u00edticas, Normas y Procedimientos de Evaluaci\u00f3n, Promoci\u00f3n y Graduaci\u00f3n del Programa Pharm.D.<\/a><\/li>\n<li><a href=\"https:\/\/rcm1.rcm.upr.edu\/farmacia\/wp-content\/uploads\/2020\/03\/Programa-de-Mentores-para-Estudiantes-de-la-Esc-de-Farmacia-1-1.pdf\" target=\"_blank\" rel=\"noopener noreferrer\">Programa de Mentores para Estudiantes de la Esc de Farmacia de la UPR<\/a><\/li>\n<li><a href=\"https:\/\/rcm1.rcm.upr.edu\/farmacia\/wp-content\/uploads\/2020\/03\/GuidanceforStandards2016FINAL-1.pdf\" target=\"_blank\" rel=\"noopener noreferrer\">Guidance Document for Standards 2016<\/a><\/li>\n<li><a href=\"https:\/\/rcm1.rcm.upr.edu\/farmacia\/wp-content\/uploads\/2020\/03\/Guidelines-for-Preparation-Administration-and-Security-of-Wr-1.pdf\" target=\"_blank\" rel=\"noopener noreferrer\">Guidelines for Preparation-Administration and Security of Written Partial and Comprehensive Exams Pharm.D. Program<\/a><\/li>\n<li><a href=\"https:\/\/rcm1.rcm.upr.edu\/farmacia\/wp-content\/uploads\/2020\/03\/POLICY-FOR-THE-MANAGEMENT-OF-STUDENT-QUESTIONS-ACPE-REV-MLG-1.pdf\" target=\"_blank\" rel=\"noopener noreferrer\">Policy for the Management of Student Complaints Related to the Accreditation Standards of the Accreditation Council for Pharmacy Education (ACPE)<\/a><\/li>\n<li><a href=\"https:\/\/rcm1.rcm.upr.edu\/farmacia\/wp-content\/uploads\/2020\/03\/Comite-Conjunto-de-Estudiantes-y-Profesores-1.pdf\" target=\"_blank\" rel=\"noopener noreferrer\">Comit\u00e9 Conjunto de Estudiantes y Profesores<\/a><\/li>\n<li><a href=\"https:\/\/rcm1.rcm.upr.edu\/farmacia\/wp-content\/uploads\/2020\/03\/Comite-de-reconocimiento-a-estudiantes-1.pdf\" target=\"_blank\" rel=\"noopener noreferrer\">Comit\u00e9 de Reconocimiento a Estudiantes<\/a><\/li>\n<li><a href=\"https:\/\/rcm1.rcm.upr.edu\/farmacia\/wp-content\/uploads\/2020\/03\/Guias-para-otorgar-prestamos-emergencias-de-fondos-especiale-1.pdf\" target=\"_blank\" rel=\"noopener noreferrer\">Gu\u00edas para Otorgar Pr\u00e9stamos de Emergencia a los Estudiantes de Farmacia<\/a><\/li>\n<li><a href=\"https:\/\/rcm1.rcm.upr.edu\/farmacia\/wp-content\/uploads\/2023\/09\/Codigo-Vestimenta-Farmacia-Aprobado-Mayo-2023.pdf\" target=\"_blank\" rel=\"noopener noreferrer\">C\u00f3digo de Vestimenta<\/a><\/li>\n<li><a href=\"https:\/\/rcm1.rcm.upr.edu\/farmacia\/wp-content\/uploads\/2020\/03\/Codigo-de-Honor-del-Estudiante-de-Farmacia-1.pdf\" target=\"_blank\" rel=\"noopener noreferrer\">C\u00f3digo de Honor del Estudiante de Farmacia<\/a><\/li>\n<li><a href=\"https:\/\/rcm1.rcm.upr.edu\/farmacia\/wp-content\/uploads\/2020\/03\/ACPE-Standards-2016-1.pdf\" target=\"_blank\" rel=\"noopener noreferrer\">ACPE Standards 2016<\/a><\/li>\n<\/ul>\n","protected":false},"excerpt":{"rendered":"<p>Medical Sciences Campus Certificaci\u00f3n 033 -2005-2006- Pol\u00edtica de la Procurador\u00eda Estudiantil Certificaci\u00f3n 016 (2011-2012) &#8211; Deberes, Responsabilidades y Derechos del Estudiante Certificaci\u00f3n 029 (2013-2014) &#8211; Normas para adelantar o posponer ex\u00e1menes y actividades acad\u00e9micas a estudiantes en situaciones especiales Ley 40 Reglamentar la Pr\u00e1ctica de Fumar Est\u00e1ndares Institucionales sobre el Uso de la Tecnolog\u00eda Certificaci\u00f3n&hellip;<\/p>\n","protected":false},"author":1,"featured_media":0,"parent":0,"menu_order":0,"comment_status":"closed","ping_status":"closed","template":"template-microsite.php","meta":{"footnotes":""},"class_list":["post-200","page","type-page","status-publish","hentry","description-off"],"jetpack_sharing_enabled":true,"_links":{"self":[{"href":"https:\/\/rcm1.rcm.upr.edu\/farmacia\/wp-json\/wp\/v2\/pages\/200","targetHints":{"allow":["GET"]}}],"collection":[{"href":"https:\/\/rcm1.rcm.upr.edu\/farmacia\/wp-json\/wp\/v2\/pages"}],"about":[{"href":"https:\/\/rcm1.rcm.upr.edu\/farmacia\/wp-json\/wp\/v2\/types\/page"}],"author":[{"embeddable":true,"href":"https:\/\/rcm1.rcm.upr.edu\/farmacia\/wp-json\/wp\/v2\/users\/1"}],"replies":[{"embeddable":true,"href":"https:\/\/rcm1.rcm.upr.edu\/farmacia\/wp-json\/wp\/v2\/comments?post=200"}],"version-history":[{"count":4,"href":"https:\/\/rcm1.rcm.upr.edu\/farmacia\/wp-json\/wp\/v2\/pages\/200\/revisions"}],"predecessor-version":[{"id":3690,"href":"https:\/\/rcm1.rcm.upr.edu\/farmacia\/wp-json\/wp\/v2\/pages\/200\/revisions\/3690"}],"wp:attachment":[{"href":"https:\/\/rcm1.rcm.upr.edu\/farmacia\/wp-json\/wp\/v2\/media?parent=200"}],"curies":[{"name":"wp","href":"https:\/\/api.w.org\/{rel}","templated":true}]}}