{"id":501,"date":"2016-11-15T14:15:12","date_gmt":"2016-11-15T14:15:12","guid":{"rendered":"http:\/\/127.0.0.1\/rcm\/farmacia\/museum\/visiting-collections\/"},"modified":"2016-11-15T14:15:12","modified_gmt":"2016-11-15T14:15:12","slug":"visiting-collections","status":"publish","type":"page","link":"https:\/\/rcm1.rcm.upr.edu\/farmacia\/museum\/visiting-collections\/","title":{"rendered":"Visiting the Collections"},"content":{"rendered":"<p>&nbsp;<\/p>\n<h3>Dr. Luis Torres D\u00edaz Hall<\/h3>\n<p>Admission is Free!<br \/>\nThe Dr. Luis Torres D\u00edaz Hall, which hosts the historical collection exhibitions, is located on the Plaza Level at the School of Pharmacy Building, Medical Sciences Campus, San Juan, Puerto Rico.<\/p>\n<p><strong>Visits: By appointment<\/strong><\/p>\n<h3><img loading=\"lazy\" decoding=\"async\" class=\"aligncenter size-full wp-image-500\" src=\"https:\/\/rcm1.rcm.upr.edu\/farmacia\/wp-content\/uploads\/2020\/03\/MapaMuseoRCM-768x489-1.jpg\" alt=\"Map to the Museum\" width=\"792\" height=\"504\" \/><\/h3>\n<h3>The Dr. Esteban N\u00fa\u00f1ez Mel\u00e9ndez Medicinal Plants Garden<\/h3>\n<p>Admission is Free!<\/p>\n<p>The Dr. Esteban N\u00fa\u00f1ez Mel\u00e9ndez Medicinal Plants Garden, containing the living medicinal plants collection, is located within the UPR Botanical Garden (South), 1187 Flamboy\u00e1n St., R\u00edo Piedras, San Juan, PR.<\/p>\n<p><strong>Visits: By appointment<\/strong><\/p>\n<p><img loading=\"lazy\" decoding=\"async\" class=\"aligncenter size-full wp-image-499\" src=\"https:\/\/rcm1.rcm.upr.edu\/farmacia\/wp-content\/uploads\/2020\/03\/MapaJardin.jpg\" alt=\"Map to the Medicinal Plants Garden\" width=\"611\" height=\"793\" \/><\/p>\n","protected":false},"excerpt":{"rendered":"<p>&nbsp; Dr. Luis Torres D\u00edaz Hall Admission is Free! The Dr. Luis Torres D\u00edaz Hall, which hosts the historical collection exhibitions, is located on the Plaza Level at the School of Pharmacy Building, Medical Sciences Campus, San Juan, Puerto Rico. Visits: By appointment The Dr. Esteban N\u00fa\u00f1ez Mel\u00e9ndez Medicinal Plants Garden Admission is Free! The&hellip;<\/p>\n","protected":false},"author":1,"featured_media":0,"parent":220,"menu_order":0,"comment_status":"closed","ping_status":"closed","template":"template-microsite.php","meta":{"footnotes":""},"class_list":["post-501","page","type-page","status-publish","hentry","description-off"],"jetpack_sharing_enabled":true,"_links":{"self":[{"href":"https:\/\/rcm1.rcm.upr.edu\/farmacia\/wp-json\/wp\/v2\/pages\/501","targetHints":{"allow":["GET"]}}],"collection":[{"href":"https:\/\/rcm1.rcm.upr.edu\/farmacia\/wp-json\/wp\/v2\/pages"}],"about":[{"href":"https:\/\/rcm1.rcm.upr.edu\/farmacia\/wp-json\/wp\/v2\/types\/page"}],"author":[{"embeddable":true,"href":"https:\/\/rcm1.rcm.upr.edu\/farmacia\/wp-json\/wp\/v2\/users\/1"}],"replies":[{"embeddable":true,"href":"https:\/\/rcm1.rcm.upr.edu\/farmacia\/wp-json\/wp\/v2\/comments?post=501"}],"version-history":[{"count":0,"href":"https:\/\/rcm1.rcm.upr.edu\/farmacia\/wp-json\/wp\/v2\/pages\/501\/revisions"}],"up":[{"embeddable":true,"href":"https:\/\/rcm1.rcm.upr.edu\/farmacia\/wp-json\/wp\/v2\/pages\/220"}],"wp:attachment":[{"href":"https:\/\/rcm1.rcm.upr.edu\/farmacia\/wp-json\/wp\/v2\/media?parent=501"}],"curies":[{"name":"wp","href":"https:\/\/api.w.org\/{rel}","templated":true}]}}