{"id":120,"date":"2016-07-07T16:57:35","date_gmt":"2016-07-07T16:57:35","guid":{"rendered":"http:\/\/127.0.0.1\/rcm\/iddpr\/contacto\/"},"modified":"2016-07-07T16:57:35","modified_gmt":"2016-07-07T16:57:35","slug":"contacto","status":"publish","type":"page","link":"https:\/\/rcm1.rcm.upr.edu\/institutodeficiencias\/contacto\/","title":{"rendered":"Cont\u00e1ctenos"},"content":{"rendered":"<div class=\"wpb-content-wrapper\"><p>[vc_row][vc_column width=&#8221;1\/2&#8243;][vc_column_text]<\/p>\n<h3>Instituto de Deficiencias en el Desarrollo (IDD)<\/h3>\n<p>Tel\u00e9fono: 787-758-2525 extensi\u00f3n 2254<br \/>\nTel\u00e9fono Directo: 787-754-4377<br \/>\nE-mail: <a href=\"mailto:institutodd.rcm@upr.edu\">institutodd.rcm@upr.edu<\/a><br \/>\nFacebook:\u00a0<a href=\"https:\/\/www.facebook.com\/login\/?next=https%3A%2F%2Fwww.facebook.com%2FInstituto-de-Deficiencias-en-el-Desarrollo-800171430000239%2F\" target=\"_blank\" rel=\"noopener noreferrer\">Instituto de Deficiencias en el Desarrollo<\/a><\/p>\n<p>&nbsp;<\/p>\n<p><strong>Direcci\u00f3n F\u00edsica:<\/strong><\/p>\n<p>Edificio Guillermo Arbona Irizarry, Cuarto Piso, Oficinas B-424 y B-465<\/p>\n<p>Recinto de Ciencias M\u00e9dicas, \u00c1rea del Centro M\u00e9dico<\/p>\n<p>R\u00edo Piedras, Puerto Rico 00935<\/p>\n<p>&nbsp;<\/p>\n<p><strong>Direcci\u00f3n Postal:<\/strong><br \/>\nInstituto de Deficiencias en el Desarrollo<br \/>\nCentro Universitario para la Excelencia<br \/>\nEscuela Graduada de Salud P\u00fablica<br \/>\nRecinto de Ciencias M\u00e9dicas<br \/>\nPO Box 365067<br \/>\nSan Juan, Puerto Rico 00936-5067<\/p>\n<p>[\/vc_column_text][\/vc_column][vc_column width=&#8221;1\/2&#8243;][vc_gmaps link=&#8221;#E-8_JTNDaWZyYW1lJTIwc3JjJTNEJTIyaHR0cHMlM0ElMkYlMkZ3d3cuZ29vZ2xlLmNvbSUyRm1hcHMlMkZlbWJlZCUzRnBiJTNEJTIxMW0xOCUyMTFtMTIlMjExbTMlMjExZDM3ODUuOTIwNDA0Mjc2MDQ2JTIxMmQtNjYuMDc2NzIwMDg0ODE1MSUyMTNkMTguMzk2NDczMzc3NzU4NDk3JTIxMm0zJTIxMWYwJTIxMmYwJTIxM2YwJTIxM20yJTIxMWkxMDI0JTIxMmk3NjglMjE0ZjEzLjElMjEzbTMlMjExbTIlMjExczB4OGMwMzY4NWJmZWE1ODQxOSUyNTNBMHhjMTI1NTVlM2ZiYTQwMjI3JTIxMnNVbml2ZXJzaXR5JTJCb2YlMkJQdWVydG8lMkJSaWNvJTJCLSUyQk1lZGljYWwlMkJTY2llbmNlcyUyQkNhbXB1cyUyMTVlMCUyMTNtMiUyMTFzZW4lMjEyc3ByJTIxNHYxNTM1NDcyMDI0MjA0JTIyJTIwd2lkdGglM0QlMjI2MDAlMjIlMjBoZWlnaHQlM0QlMjI0NTAlMjIlMjBmcmFtZWJvcmRlciUzRCUyMjAlMjIlMjBzdHlsZSUzRCUyMmJvcmRlciUzQTAlMjIlMjBhbGxvd2Z1bGxzY3JlZW4lM0UlM0MlMkZpZnJhbWUlM0U=&#8221;][\/vc_column][\/vc_row]<\/p>\n<\/div>","protected":false},"excerpt":{"rendered":"<p>[vc_row][vc_column width=&#8221;1\/2&#8243;][vc_column_text] Instituto de Deficiencias en el Desarrollo (IDD) Tel\u00e9fono: 787-758-2525 extensi\u00f3n 2254 Tel\u00e9fono Directo: 787-754-4377 E-mail: institutodd.rcm@upr.edu Facebook:\u00a0Instituto de Deficiencias en el Desarrollo &nbsp; Direcci\u00f3n F\u00edsica: Edificio Guillermo Arbona Irizarry, Cuarto Piso, Oficinas B-424 y B-465 Recinto de Ciencias M\u00e9dicas, \u00c1rea del Centro M\u00e9dico R\u00edo Piedras, Puerto Rico 00935 &nbsp; Direcci\u00f3n Postal: Instituto de&hellip;<\/p>\n","protected":false},"author":1,"featured_media":0,"parent":0,"menu_order":0,"comment_status":"closed","ping_status":"closed","template":"template-microsite.php","meta":{"footnotes":""},"class_list":["post-120","page","type-page","status-publish","hentry","description-off"],"aioseo_notices":[],"_links":{"self":[{"href":"https:\/\/rcm1.rcm.upr.edu\/institutodeficiencias\/wp-json\/wp\/v2\/pages\/120","targetHints":{"allow":["GET"]}}],"collection":[{"href":"https:\/\/rcm1.rcm.upr.edu\/institutodeficiencias\/wp-json\/wp\/v2\/pages"}],"about":[{"href":"https:\/\/rcm1.rcm.upr.edu\/institutodeficiencias\/wp-json\/wp\/v2\/types\/page"}],"author":[{"embeddable":true,"href":"https:\/\/rcm1.rcm.upr.edu\/institutodeficiencias\/wp-json\/wp\/v2\/users\/1"}],"replies":[{"embeddable":true,"href":"https:\/\/rcm1.rcm.upr.edu\/institutodeficiencias\/wp-json\/wp\/v2\/comments?post=120"}],"version-history":[{"count":0,"href":"https:\/\/rcm1.rcm.upr.edu\/institutodeficiencias\/wp-json\/wp\/v2\/pages\/120\/revisions"}],"wp:attachment":[{"href":"https:\/\/rcm1.rcm.upr.edu\/institutodeficiencias\/wp-json\/wp\/v2\/media?parent=120"}],"curies":[{"name":"wp","href":"https:\/\/api.w.org\/{rel}","templated":true}]}}