{"id":3720,"date":"2022-09-02T17:14:21","date_gmt":"2022-09-02T17:14:21","guid":{"rendered":"https:\/\/iddpr.rcm.upr.edu\/?page_id=3720"},"modified":"2022-09-02T17:14:21","modified_gmt":"2022-09-02T17:14:21","slug":"comite-asesor","status":"publish","type":"page","link":"https:\/\/rcm1.rcm.upr.edu\/institutodeficiencias\/comite-asesor\/","title":{"rendered":"Comit\u00e9 Asesor"},"content":{"rendered":"<div class=\"wpb-content-wrapper\"><p>[vc_row][vc_column][vc_column_text]<span data-usefontface=\"false\" data-contrast=\"none\">El Comit\u00e9 Asesor Comunitario (CAC) sirve como un organismo asesor del IDD en nuestro rol <\/span><span data-usefontface=\"false\" data-contrast=\"none\">como el Centro Universitario para la Excelencia en Discapacidades del Desarrollo (UCEDD) del\u00a0<\/span><span data-usefontface=\"false\" data-contrast=\"none\">estado. El IDD CAC incluye miembros de todas las regiones, lo que garantiza que se representen\u00a0<\/span><span data-usefontface=\"false\" data-contrast=\"none\">las necesidades de quienes viven en las regiones rurales y urbanas.<\/span>[\/vc_column_text][vc_empty_space][vc_column_text]<span data-usefontface=\"false\" data-contrast=\"none\">Los miembros del CAC del IDD incluyen personas que viven con discapacidades,\u00a0<\/span><span data-usefontface=\"false\" data-contrast=\"none\">padres\/familiares de personas con discapacidades, colegas\/socios profesionales, representantes\u00a0<\/span><span data-usefontface=\"false\" data-contrast=\"none\">de\u00a0<\/span><span data-usefontface=\"false\" data-contrast=\"none\">Agencias<\/span><span data-usefontface=\"false\" data-contrast=\"none\">\u00a0y representantes de la Defensor\u00eda de Personas con Impedimentos y el Consejo de\u00a0<\/span><span data-usefontface=\"false\" data-contrast=\"none\">Discapacidades del Desarrollo de PR, los socios de la &#8220;Red DD&#8221; de PR.\u00a0<\/span>\u200b[\/vc_column_text][vc_empty_space][vc_column_text]<strong>Consumidores o sus representantes<\/strong><\/p>\n<ul>\n<li>Celia Pag\u00e1n Torres<\/li>\n<li>Mariel Nazario Jim\u00e9nez<\/li>\n<li>Luz Virginia Gonz\u00e1lez Santos<\/li>\n<li>Dra. Denisse Rivera Lugo<\/li>\n<li>Erlyn Pag\u00e1n Santiago<\/li>\n<li>Gabriel Olivo Medina<\/li>\n<li>Sra. Kristen Friscia Ben\u00edtez<\/li>\n<li>Sr. Wilfredo Molina Bonet<\/li>\n<li>Dra. Maribel Ortiz<\/li>\n<li>Sra. Marybella Cintr\u00f3n Guevara<\/li>\n<li>Sra. Sheila I. Mart\u00ednez Navedo<\/li>\n<li>Sra. Iris M. Santiago S\u00e1nchez<\/li>\n<li>Iris Nereida Col\u00f3n L\u00f3pez<\/li>\n<li>Sra. Rosa Isela Gonz\u00e1lez Soto<\/li>\n<\/ul>\n<p>&nbsp;<\/p>\n<p><strong>Organizaci\u00f3n de Consumidores<\/strong><\/p>\n<ul>\n<li>MAVI (Movimiento para el Alcance de Vida Independiente)<\/li>\n<li>CEPVI<\/li>\n<li>Centro de Informaci\u00f3n a Padres-APNI<\/li>\n<\/ul>\n<p>&nbsp;<\/p>\n<p><strong>Organizaciones no Gubernamentales ONG <\/strong><\/p>\n<ul>\n<li>F2Fc<\/li>\n<li>CEDI<\/li>\n<li>CDP<\/li>\n<\/ul>\n<p>&nbsp;<\/p>\n<p><strong>Agencias y Programas<\/strong><\/p>\n<ul>\n<li>Departamento de Educaci\u00f3n (Secretar\u00eda de Educaci\u00f3n Especial)<\/li>\n<li>Departamento de Salud (Programa Avanzando Juntos-Intervenci\u00f3n Temprana)<\/li>\n<li>Departamento del Trabajo (Administraci\u00f3n de Rehabilitaci\u00f3n Vocacional)<\/li>\n<li>UPR-RCM (Programa de Asistencia Tecnol\u00f3gica)<\/li>\n<\/ul>\n<p>[\/vc_column_text][\/vc_column][\/vc_row]<\/p>\n<\/div>","protected":false},"excerpt":{"rendered":"<p>[vc_row][vc_column][vc_column_text]El Comit\u00e9 Asesor Comunitario (CAC) sirve como un organismo asesor del IDD en nuestro rol como el Centro Universitario para la Excelencia en Discapacidades del Desarrollo (UCEDD) del\u00a0estado. El IDD CAC incluye miembros de todas las regiones, lo que garantiza que se representen\u00a0las necesidades de quienes viven en las regiones rurales y urbanas.[\/vc_column_text][vc_empty_space][vc_column_text]Los miembros del&hellip;<\/p>\n","protected":false},"author":1,"featured_media":0,"parent":0,"menu_order":0,"comment_status":"closed","ping_status":"closed","template":"template-microsite.php","meta":{"footnotes":""},"class_list":["post-3720","page","type-page","status-publish","hentry","description-off"],"aioseo_notices":[],"_links":{"self":[{"href":"https:\/\/rcm1.rcm.upr.edu\/institutodeficiencias\/wp-json\/wp\/v2\/pages\/3720","targetHints":{"allow":["GET"]}}],"collection":[{"href":"https:\/\/rcm1.rcm.upr.edu\/institutodeficiencias\/wp-json\/wp\/v2\/pages"}],"about":[{"href":"https:\/\/rcm1.rcm.upr.edu\/institutodeficiencias\/wp-json\/wp\/v2\/types\/page"}],"author":[{"embeddable":true,"href":"https:\/\/rcm1.rcm.upr.edu\/institutodeficiencias\/wp-json\/wp\/v2\/users\/1"}],"replies":[{"embeddable":true,"href":"https:\/\/rcm1.rcm.upr.edu\/institutodeficiencias\/wp-json\/wp\/v2\/comments?post=3720"}],"version-history":[{"count":0,"href":"https:\/\/rcm1.rcm.upr.edu\/institutodeficiencias\/wp-json\/wp\/v2\/pages\/3720\/revisions"}],"wp:attachment":[{"href":"https:\/\/rcm1.rcm.upr.edu\/institutodeficiencias\/wp-json\/wp\/v2\/media?parent=3720"}],"curies":[{"name":"wp","href":"https:\/\/api.w.org\/{rel}","templated":true}]}}