{"id":65,"date":"2016-07-07T13:56:41","date_gmt":"2016-07-07T13:56:41","guid":{"rendered":"http:\/\/127.0.0.1\/rcm\/iddpr\/mision-y-vision\/"},"modified":"2016-07-07T13:56:41","modified_gmt":"2016-07-07T13:56:41","slug":"mision-y-vision","status":"publish","type":"page","link":"https:\/\/rcm1.rcm.upr.edu\/institutodeficiencias\/mision-y-vision\/","title":{"rendered":"Misi\u00f3n y Visi\u00f3n"},"content":{"rendered":"<div class=\"wpb-content-wrapper\"><p>[vc_row][vc_column][vc_column_text]<\/p>\n<h3><strong>Misi\u00f3n<\/strong><\/h3>\n<p>El Instituto de Deficiencias en el Desarrollo (IDD) dirige sus esfuerzos e iniciativas a mejorar la calidad de vida y a promover la participaci\u00f3n plena de los individuos con discapacidad intelectual y del desarrollo, en las actividades comunitarias considerando la diversidad en cuanto a estilos de vida, aspectos culturales y \u00e9tnicos.<\/p>\n<p>[\/vc_column_text][vc_empty_space][vc_column_text]<\/p>\n<h3><strong>Visi\u00f3n<\/strong><\/h3>\n<p>Las personas con DID y sus familias tendr\u00e1n <\/span><\/span>servicios de apoyo que fortalecer\u00e1n su auto-determinaci\u00f3n y permitir\u00e1n el desarrollo de su\u00a0 m\u00e1ximo<\/span><\/span>\u00a0potencial.<\/span><\/span><\/p>\n<p>[\/vc_column_text][\/vc_column][\/vc_row]<\/p>\n<\/div>","protected":false},"excerpt":{"rendered":"<p>[vc_row][vc_column][vc_column_text] Misi\u00f3n El Instituto de Deficiencias en el Desarrollo (IDD) dirige sus esfuerzos e iniciativas a mejorar la calidad de vida y a promover la participaci\u00f3n plena de los individuos con discapacidad intelectual y del desarrollo, en las actividades comunitarias considerando la diversidad en cuanto a estilos de vida, aspectos culturales y \u00e9tnicos. [\/vc_column_text][vc_empty_space][vc_column_text] Visi\u00f3n&hellip;<\/p>\n","protected":false},"author":1,"featured_media":0,"parent":0,"menu_order":0,"comment_status":"closed","ping_status":"closed","template":"template-microsite.php","meta":{"footnotes":""},"class_list":["post-65","page","type-page","status-publish","hentry","description-off"],"aioseo_notices":[],"_links":{"self":[{"href":"https:\/\/rcm1.rcm.upr.edu\/institutodeficiencias\/wp-json\/wp\/v2\/pages\/65","targetHints":{"allow":["GET"]}}],"collection":[{"href":"https:\/\/rcm1.rcm.upr.edu\/institutodeficiencias\/wp-json\/wp\/v2\/pages"}],"about":[{"href":"https:\/\/rcm1.rcm.upr.edu\/institutodeficiencias\/wp-json\/wp\/v2\/types\/page"}],"author":[{"embeddable":true,"href":"https:\/\/rcm1.rcm.upr.edu\/institutodeficiencias\/wp-json\/wp\/v2\/users\/1"}],"replies":[{"embeddable":true,"href":"https:\/\/rcm1.rcm.upr.edu\/institutodeficiencias\/wp-json\/wp\/v2\/comments?post=65"}],"version-history":[{"count":0,"href":"https:\/\/rcm1.rcm.upr.edu\/institutodeficiencias\/wp-json\/wp\/v2\/pages\/65\/revisions"}],"wp:attachment":[{"href":"https:\/\/rcm1.rcm.upr.edu\/institutodeficiencias\/wp-json\/wp\/v2\/media?parent=65"}],"curies":[{"name":"wp","href":"https:\/\/api.w.org\/{rel}","templated":true}]}}