{"id":794,"date":"2016-06-21T18:14:42","date_gmt":"2016-06-21T18:14:42","guid":{"rendered":"http:\/\/127.0.0.1\/rcm\/iddpr\/inicio\/"},"modified":"2025-02-27T23:35:07","modified_gmt":"2025-02-27T23:35:07","slug":"sobre-nosotros","status":"publish","type":"page","link":"https:\/\/rcm1.rcm.upr.edu\/institutodeficiencias\/","title":{"rendered":"Sobre Nosotros"},"content":{"rendered":"<div class=\"wpb-content-wrapper\"><p>[vc_row][vc_column][vc_row_inner][vc_column_inner width=&#8221;1\/6&#8243;][\/vc_column_inner][vc_column_inner width=&#8221;2\/3&#8243;][vc_column_text]<img loading=\"lazy\" decoding=\"async\" class=\"aligncenter wp-image-3972 size-full\" src=\"https:\/\/rcm1.rcm.upr.edu\/institutodeficiencias\/wp-content\/uploads\/sites\/17\/2022\/09\/IDDPR-Header.png\" alt=\"\" width=\"912\" height=\"432\" srcset=\"https:\/\/rcm1.rcm.upr.edu\/institutodeficiencias\/wp-content\/uploads\/sites\/17\/2022\/09\/IDDPR-Header.png 912w, https:\/\/rcm1.rcm.upr.edu\/institutodeficiencias\/wp-content\/uploads\/sites\/17\/2022\/09\/IDDPR-Header-300x142.png 300w, https:\/\/rcm1.rcm.upr.edu\/institutodeficiencias\/wp-content\/uploads\/sites\/17\/2022\/09\/IDDPR-Header-768x364.png 768w\" sizes=\"auto, (max-width: 912px) 100vw, 912px\" \/>[\/vc_column_text][\/vc_column_inner][vc_column_inner width=&#8221;1\/6&#8243;][\/vc_column_inner][\/vc_row_inner][vc_raw_js]JTNDJTIxLS0lMjBHbG9iYWwlMjBzaXRlJTIwdGFnJTIwJTI4Z3RhZy5qcyUyOSUyMC0lMjBHb29nbGUlMjBBbmFseXRpY3MlMjAtLSUzRSUwQSUzQ3NjcmlwdCUyMGFzeW5jJTIwc3JjJTNEJTIyaHR0cHMlM0ElMkYlMkZ3d3cuZ29vZ2xldGFnbWFuYWdlci5jb20lMkZndGFnJTJGanMlM0ZpZCUzRFVBLTExOTU4NjIzOS0xJTIyJTNFJTNDJTJGc2NyaXB0JTNFJTBBJTNDc2NyaXB0JTNFJTBBJTIwJTIwd2luZG93LmRhdGFMYXllciUyMCUzRCUyMHdpbmRvdy5kYXRhTGF5ZXIlMjAlN0MlN0MlMjAlNUIlNUQlM0IlMEElMjAlMjBmdW5jdGlvbiUyMGd0YWclMjglMjklN0JkYXRhTGF5ZXIucHVzaCUyOGFyZ3VtZW50cyUyOSUzQiU3RCUwQSUyMCUyMGd0YWclMjglMjdqcyUyNyUyQyUyMG5ldyUyMERhdGUlMjglMjklMjklM0IlMEElMEElMjAlMjBndGFnJTI4JTI3Y29uZmlnJTI3JTJDJTIwJTI3VUEtMTE5NTg2MjM5LTElMjclMjklM0IlMEElM0MlMkZzY3JpcHQlM0UlMEE=[\/vc_raw_js][vc_column_text css=&#8221;&#8221;]<span data-usefontface=\"false\" data-contrast=\"none\">El\u00a0Instituto de Deficiencias en el Desarrollo (IDD), creado en noviembre de 1991,\u00a0<\/span><span data-usefontface=\"false\" data-contrast=\"none\">est\u00e1 ubicado en la Escuela Graduada de Salud P\u00fablica del Recinto de Ciencias\u00a0<\/span><span data-usefontface=\"false\" data-contrast=\"none\">M\u00e9dicas de la Universidad de Puerto Rico y tiene su base legal en la Ley Federal\u00a0<\/span><span data-usefontface=\"false\" data-contrast=\"none\">101-496, conocida como Ley de Asistencia en Deficiencias en el Desarrollo y Carta\u00a0<\/span><span data-usefontface=\"false\" data-contrast=\"none\">de Derechos seg\u00fan enmendada por la Ley 106-402 de 2000.\u00a0<\/span><span data-usefontface=\"false\" data-contrast=\"none\">Es uno de los sesenta y siete (67) Centros Universitarios para la Excelencia en <\/span><span data-usefontface=\"false\" data-contrast=\"none\">Investigaci\u00f3n, Educaci\u00f3n y Servicios ubicados en escenarios acad\u00e9micos de <\/span><span data-usefontface=\"false\" data-contrast=\"none\">educaci\u00f3n superior en los Estado Unidos y sus territorios.\u00a0<\/span><span data-usefontface=\"true\" data-contrast=\"none\">La Ley Federal 106 402, Ley de Personas con Deficiencias en el Desarrollo\u00a0<\/span><span data-usefontface=\"true\" data-contrast=\"none\">y Carta de Derechos (seg\u00fan enmendada en el 2000), le asigna al\u00a0<\/span><span data-usefontface=\"true\" data-contrast=\"none\">proponente las funciones de adiestramiento interdisciplinario (estudiantes y\u00a0<\/span><span data-usefontface=\"true\" data-contrast=\"none\">profesionales), desarrollo de servicios ejemplares, investigaci\u00f3n y\u00a0<\/span><span data-usefontface=\"true\" data-contrast=\"none\">diseminaci\u00f3n.\u00a0<\/span><\/p>\n<p>&nbsp;<\/p>\n<p><span data-usefontface=\"true\" data-contrast=\"none\">El IDD se compone de un equipo y facultad interdisciplinaria, incluyendo psic\u00f3logos, trabajadores sociales, educadores,\u00a0<\/span><span data-usefontface=\"true\" data-contrast=\"none\">pediatra, nutricionista y otros que cuenta con un extenso peritaje en el \u00e1rea de las DD. Los recursos profesionales se\u00a0<\/span><span data-usefontface=\"true\" data-contrast=\"none\">caracterizan por ser facultad del Recinto de Ciencias M\u00e9dicas, del sistema UPR o proveedores de Educaci\u00f3n continua a\u00a0<\/span><span data-usefontface=\"true\" data-contrast=\"none\">profesionales de su campo.\u00a0<\/span><span data-usefontface=\"true\" data-contrast=\"none\">El IDD trabaja para promover la inclusi\u00f3n y participaci\u00f3n plena de las personas con discapacidad en la vida comunitaria. El\u00a0<\/span><span data-usefontface=\"true\" data-contrast=\"none\">IDD cree y promueve que los estudiantes, profesionales, y Agencias pueden adquirir las competencias para ofrecer servicios\u00a0<\/span><span data-usefontface=\"true\" data-contrast=\"none\">de alta calidad seg\u00fan las mejores pr\u00e1cticas y realizar intervenciones basadas en evidencia, y en la realidad cultural y social\u00a0<\/span><span data-usefontface=\"true\" data-contrast=\"none\">que promueva el incluir\u00a0 personas con discapacidad en el desarrollo en la comunidad. <\/span><span data-usefontface=\"true\" data-contrast=\"none\">Parte del prop\u00f3sito del IDD es trabajar desde la academia en la provisi\u00f3n de servicios de excelencia y en la capacitaci\u00f3n de\u00a0<\/span><span data-usefontface=\"true\" data-contrast=\"none\">profesionales para poder satisfacer las necesidades de servicios de las personas con discapacidad a trav\u00e9s de su ciclo de\u00a0<\/span><span data-usefontface=\"true\" data-contrast=\"none\">vida.\u00a0<\/span><\/p>\n<p>&nbsp;<\/p>\n<p><span data-usefontface=\"true\" data-contrast=\"none\">El IDD desarrolla actividades de adiestramiento comunitario y asistencia t\u00e9cnica a personas con discapacidad, proveedores <\/span><span data-usefontface=\"true\" data-contrast=\"none\">de servicios, administradores, estudiantes y a la comunidad en general. Disemina informaci\u00f3n en \u00e1reas espec\u00edficas de peritaje\u00a0<\/span><span data-usefontface=\"true\" data-contrast=\"none\">y provee servicios de excelencia en diferentes escenarios y circunstancias. A trav\u00e9s de sus componentes desarrolla\u00a0<\/span><span data-usefontface=\"true\" data-contrast=\"none\">programas, proyectos y actividades.\u00a0<\/span><span data-usefontface=\"true\" data-contrast=\"none\">El IDD tiene una serie de programas y actividades innovadores que promueven la integraci\u00f3n de las personas con <\/span><span data-usefontface=\"true\" data-contrast=\"none\">DD y sus familias en todos los aspectos de la vida comunitaria.\u00a0<\/span><\/p>\n<p>\u200b<\/p>\n<p><span data-usefontface=\"true\" data-contrast=\"none\">A trav\u00e9s de las cuatro funciones principales, el IDD contin\u00faa abogando por los cambios necesarios en el sistema y las pol\u00edticas\u00a0<\/span><span data-usefontface=\"true\" data-contrast=\"none\">p\u00fablicas para promover la integraci\u00f3n de las personas con discapacidad en todos los aspectos de la vida <\/span><span data-usefontface=\"true\" data-contrast=\"none\">comunitaria para que sean tratados como ciudadanos y participantes plenos en nuestra sociedad.<\/span>[\/vc_column_text][vc_empty_space][vc_text_separator title=&#8221;Noticias&#8221;][vc_empty_space][\/vc_column][\/vc_row][vc_row][vc_column width=&#8221;1\/2&#8243;][vc_message message_box_color=&#8221;alert-success&#8221; icon_type=&#8221;pixelicons&#8221; icon_pixelicons=&#8221;vc_pixel_icon vc_pixel_icon-info&#8221;]<\/p>\n<h3 style=\"text-align: center;\">Su opini\u00f3n es importante<\/h3>\n<p style=\"text-align: center;\">Puede evaluar nuestra p\u00e1gina web en el siguiente enlace:<\/p>\n<p style=\"text-align: center;\"><a href=\"https:\/\/es.surveymonkey.com\/r\/WRHQVF6\"><img loading=\"lazy\" decoding=\"async\" class=\"aligncenter\" src=\"https:\/\/iddpr.rcm.upr.edu\/wp-content\/uploads\/sites\/43\/2020\/10\/Survey-Icon.png\" alt=\"\" width=\"165\" height=\"165\" \/><\/a><a href=\"https:\/\/es.surveymonkey.com\/r\/WRHQVF6\" target=\"_blank\" rel=\"noopener noreferrer\">https:\/\/es.surveymonkey.com\/r\/WRHQVF6<\/a><\/p>\n<p>[\/vc_message][\/vc_column][vc_column width=&#8221;1\/2&#8243;][\/vc_column][\/vc_row]<\/p>\n<\/div>","protected":false},"excerpt":{"rendered":"<p>[vc_row][vc_column][vc_row_inner][vc_column_inner width=&#8221;1\/6&#8243;][\/vc_column_inner][vc_column_inner width=&#8221;2\/3&#8243;][vc_column_text][\/vc_column_text][\/vc_column_inner][vc_column_inner width=&#8221;1\/6&#8243;][\/vc_column_inner][\/vc_row_inner][vc_raw_js]JTNDJTIxLS0lMjBHbG9iYWwlMjBzaXRlJTIwdGFnJTIwJTI4Z3RhZy5qcyUyOSUyMC0lMjBHb29nbGUlMjBBbmFseXRpY3MlMjAtLSUzRSUwQSUzQ3NjcmlwdCUyMGFzeW5jJTIwc3JjJTNEJTIyaHR0cHMlM0ElMkYlMkZ3d3cuZ29vZ2xldGFnbWFuYWdlci5jb20lMkZndGFnJTJGanMlM0ZpZCUzRFVBLTExOTU4NjIzOS0xJTIyJTNFJTNDJTJGc2NyaXB0JTNFJTBBJTNDc2NyaXB0JTNFJTBBJTIwJTIwd2luZG93LmRhdGFMYXllciUyMCUzRCUyMHdpbmRvdy5kYXRhTGF5ZXIlMjAlN0MlN0MlMjAlNUIlNUQlM0IlMEElMjAlMjBmdW5jdGlvbiUyMGd0YWclMjglMjklN0JkYXRhTGF5ZXIucHVzaCUyOGFyZ3VtZW50cyUyOSUzQiU3RCUwQSUyMCUyMGd0YWclMjglMjdqcyUyNyUyQyUyMG5ldyUyMERhdGUlMjglMjklMjklM0IlMEElMEElMjAlMjBndGFnJTI4JTI3Y29uZmlnJTI3JTJDJTIwJTI3VUEtMTE5NTg2MjM5LTElMjclMjklM0IlMEElM0MlMkZzY3JpcHQlM0UlMEE=[\/vc_raw_js][vc_column_text css=&#8221;&#8221;]El\u00a0Instituto de Deficiencias en el Desarrollo (IDD), creado en noviembre de 1991,\u00a0est\u00e1 ubicado en la Escuela Graduada de Salud P\u00fablica del Recinto de Ciencias\u00a0M\u00e9dicas de la Universidad de Puerto Rico y tiene su base legal en la Ley Federal\u00a0101-496, conocida como Ley de Asistencia en Deficiencias en el Desarrollo y Carta\u00a0de&hellip;<\/p>\n","protected":false},"author":1,"featured_media":0,"parent":0,"menu_order":0,"comment_status":"closed","ping_status":"closed","template":"template-microsite.php","meta":{"footnotes":""},"class_list":["post-794","page","type-page","status-publish","hentry","description-off"],"aioseo_notices":[],"_links":{"self":[{"href":"https:\/\/rcm1.rcm.upr.edu\/institutodeficiencias\/wp-json\/wp\/v2\/pages\/794","targetHints":{"allow":["GET"]}}],"collection":[{"href":"https:\/\/rcm1.rcm.upr.edu\/institutodeficiencias\/wp-json\/wp\/v2\/pages"}],"about":[{"href":"https:\/\/rcm1.rcm.upr.edu\/institutodeficiencias\/wp-json\/wp\/v2\/types\/page"}],"author":[{"embeddable":true,"href":"https:\/\/rcm1.rcm.upr.edu\/institutodeficiencias\/wp-json\/wp\/v2\/users\/1"}],"replies":[{"embeddable":true,"href":"https:\/\/rcm1.rcm.upr.edu\/institutodeficiencias\/wp-json\/wp\/v2\/comments?post=794"}],"version-history":[{"count":2,"href":"https:\/\/rcm1.rcm.upr.edu\/institutodeficiencias\/wp-json\/wp\/v2\/pages\/794\/revisions"}],"predecessor-version":[{"id":4017,"href":"https:\/\/rcm1.rcm.upr.edu\/institutodeficiencias\/wp-json\/wp\/v2\/pages\/794\/revisions\/4017"}],"wp:attachment":[{"href":"https:\/\/rcm1.rcm.upr.edu\/institutodeficiencias\/wp-json\/wp\/v2\/media?parent=794"}],"curies":[{"name":"wp","href":"https:\/\/api.w.org\/{rel}","templated":true}]}}