{"id":246,"date":"2019-04-07T15:33:33","date_gmt":"2019-04-07T19:33:33","guid":{"rendered":"http:\/\/ihicis.rcm.upr.edu\/?page_id=246"},"modified":"2019-04-07T15:33:33","modified_gmt":"2019-04-07T19:33:33","slug":"primera-cumbre-de-historia-de-las-ciencias-de-la-salud","status":"publish","type":"page","link":"https:\/\/rcm1.rcm.upr.edu\/institutohistoria\/primera-cumbre-de-historia-de-las-ciencias-de-la-salud\/","title":{"rendered":"Primera Cumbre de Historia de las Ciencias de la Salud"},"content":{"rendered":"\t\t\t\t\n\n<p style=\"text-align:center\"><strong>Programa<\/strong><\/p>\n\n\n\n<p style=\"text-align:center\"><strong>I CUMBRE DE HISTORIA DE LAS CIENCIAS DE LA SALUD<\/strong><\/p>\n\n\n\n<p><em>Casa Bailey K. Ashford <br>\n<\/em>Ave. Ashford 1312, <br>\nEsquina Cervantes, El Condado <br>\nSan Juan, Puerto Rico<\/p>\n\n\n\n<p>Jueves, 6 de abril de 2006<br>\n  1:00 p.m. a 6:00 p.m.<\/p>\n\n\n\n<p>E I Instituto de Historia de las Ciencias de la Salud (IHICIS), adscrito al Decanato de Asuntos Acad\u00e9micos del Recinto de Ciencias M\u00e9dicas de la Universidad de Puerto Rico, presenta la I Cumbre de Historia de las Ciencias de la Salud. Constituye una oportunidad para el an\u00e1lisis cr\u00edtico de temas y asuntos hist\u00f3ricos vinculados a la salud. El evento viabiliza el intercambio de profesionales, acad\u00e9micos e investigadores que profundizan en aspectos hist\u00f3ricos desde las perspectivas social e institucional, de las profesiones y disciplinas vinculadas a la salud.<\/p>\n\n\n\n<p>La I Cumbre de Historia de las Ciencias de la Salud forma parte de las actividades conmemorativas del 30 Aniversario del Decanato de Asuntos Acad\u00e9micos del Recinto de Ciencias M\u00e9dicas de la Universidad de Puerto Rico. El evento integra el XXVI Foro Anual de Investigaci\u00f3n y Educaci\u00f3n del Recinto de Ciencias M\u00e9dicas bajo el tema central Nuevos Paradigmas de la Investigaci\u00f3n y Educaci\u00f3n en la Salud: Impacto en la Comunidad.<\/p>\n\n\n\n<table width=\"100%\" class=\"wp-block-table\"><tbody><tr><td valign=\"top\"><strong>1:00 &#8211; 1:30 pm<\/strong><\/td><td valign=\"top\"><p><strong>Ceremonia de Apertura <\/strong><\/p>\n  <p>Dr. Ra\u00fal Mayo Director IHICIS <br>\n    Dra. Delia M. Camacho Decana de Asuntos Acad\u00e9micos <br>\n    Dr. Jos\u00e9 R. Cario Rector Recinto de Ciencias M\u00e9dicas <br>\n    Lic. Antonio Garc\u00eda Padilla Presidente Universidad de Puerto Rico<\/p><\/td><\/tr><tr><td valign=\"top\"><strong>1:30 &#8211; 2:30 pm<\/strong><\/td><td valign=\"top\"><p><strong>Conferencia Inaugural de la Cumbre:<\/strong><\/p>\n        <p>&quot;En la sala de espera &#8230; &quot;: Salud, g\u00e9nero y \n          modernidad en Puerto Rico, 1900-1940<br>\n          <br>\n          Dra. Blanca G. Silvestrini<br>\n          Catedr\u00e1tica de Historia<br>\n          Universidad de Connecticut<br>&nbsp;<\/p><\/td><\/tr><tr><td valign=\"top\"><strong>2:30 &#8211; 3:15 pm<\/strong><\/td>\n          <td valign=\"top\"><strong>Ascenso y ca\u00edda de la Bilharzia en \n            Puerto Rico<\/strong><br>\n            <br>\n            Dr. George V. Hillyer<br>\n            Catedr\u00e1tico<br>\n            Escuela de Medicina<br>\n            Recinto de Ciencias M\u00e9dicas<br>\n            Universidad de Puerto Rico<br>&nbsp;<\/td><\/tr><tr><td valign=\"top\"><strong>&nbsp;3:15 &#8211; 3:45 pm<\/strong><\/td><td valign=\"top\"><strong>Interludio Musical<\/strong><\/td><\/tr><tr><td valign=\"top\"><strong>3:45 &#8211; 4:00 pm<\/strong><\/td>\n            <td valign=\"top\"><strong>Impacto de la Medicina Hipocr\u00e1tica en el \n              Nuevo Mundo<\/strong><br>\n              <br>\n              Dr. \u00c1ngel A. Rom\u00e1n Franco<br>\n              Catedr\u00e1tico<br>\n              Escuela de Medicina<br>\n              Recinto de Ciencias M\u00e9dicas<br>\n              Universidad de Puerto Rico<\/td><\/tr><tr><td valign=\"top\">4:00 &#8211; 4:15 pm<\/td>\n              <td valign=\"top\"><strong>Los fundamentos de la \u00e9tica y el \n                profesionalismo en la Pr\u00e1ctica de Farmacia\n              en Puerto Rico<\/strong><br>\n                <br>\n                Dra. Sandra M. F\u00e1bregas (Presentadora)<br>\n                Catedr\u00e1tica, Escuela de Farmacia, RCM y<br>\n                <br>\n                Prof. Ana. E. V\u00e9lez<br>\n                Catedr\u00e1tica<br>\n                Escuela de Farmacia, RCM<\/td><\/tr><tr><td valign=\"top\"><strong>4:15 &#8211; 4:30 pm<\/strong><\/td>\n                <td valign=\"top\"><p><strong>Un acercamiento a la Enfermedad, Muerte \n                  y Sociedad en el San Juan de la segunda<br>\n                mitad del siglo XIX<\/strong><br>\n                  <br>\n                  Dra. Yvette Vel\u00e1zquez-Quintana<br>\n                  (Presentadora)<br>\n                  Catedr\u00e1tica Auxiliar Ad Honoren<br>\n                  Escuela de Odontolog\u00eda, RCM<br>\n                  <br>\n                  Dr. Jos\u00e9 Hern\u00e1ndez-Palomo<br>\n                  Investigador en la Escuela de Estudios<br>\n                  Hispanoamericanos, Consejo Superior de \n                  Investigaciones Cient\u00edficas, Sevilla, Espa\u00f1a<br>\n                  <br>\n                  Prof. Aura Jim\u00e9nez<br>\n                  Ex Directora de la Colecci\u00f3n \n                  Puertorrique\u00f1a, Biblioteca, RCM<br>\n                  <br>\n                  Prof. Lillian R\u00edos<br>\n                  Catedr\u00e1tica Auxiliar<br>\n                  Decanato de Asuntos Acad\u00e9micos, RCM<\/p><\/td><\/tr><tr><td valign=\"top\"><strong>4:30 &#8211; 5:15 pm<\/strong><\/td>\n                  <td valign=\"top\"><strong>Presentaci\u00f3n del Libro de Memorias del \n                    Dr. Guillermo Arbona<\/strong><br>\n                    <br>\n                    Dr. Luis A. L\u00f3pez<br>\n                    Catedr\u00e1tico Jubilado<br>\n                    Escuela Graduada de Salud P\u00fablica<br>\n                    Recinto de Ciencias M\u00e9dicas<br>&nbsp;<\/td><\/tr><tr><td valign=\"top\"><strong>5:15 &#8211; 5:30 pm<\/strong><\/td><td valign=\"top\">Ceremonia de Clausura<br>\n                      <br>\n                      Dr. Rub\u00e9n Garc\u00eda<br>\n                      Decano Auxiliar y<br>\n                      Presidente del Comit\u00e9 Organizador \n                      del XXVI Foro Anual de Investigaci\u00f3n \n                      y Educaci\u00f3n del RCM, UPR<br>\n                      <br>\n                      Dr. Ra\u00fal Mayo<br>\n                      Director de IHICIS<br>&nbsp;<\/td><\/tr><\/tbody><\/table>\n\n\t\t","protected":false},"excerpt":{"rendered":"<p>Programa I CUMBRE DE HISTORIA DE LAS CIENCIAS DE LA SALUD Casa Bailey K. Ashford Ave. Ashford 1312, Esquina Cervantes, El Condado San Juan, Puerto Rico Jueves, 6 de abril de 2006 1:00 p.m. a 6:00 p.m. E I Instituto de Historia de las Ciencias de la Salud (IHICIS), adscrito al Decanato de Asuntos Acad\u00e9micos&hellip;<\/p>\n","protected":false},"author":1,"featured_media":0,"parent":0,"menu_order":0,"comment_status":"closed","ping_status":"closed","template":"template-microsite.php","meta":{"footnotes":""},"class_list":["post-246","page","type-page","status-publish","hentry","description-off"],"aioseo_notices":[],"_links":{"self":[{"href":"https:\/\/rcm1.rcm.upr.edu\/institutohistoria\/wp-json\/wp\/v2\/pages\/246","targetHints":{"allow":["GET"]}}],"collection":[{"href":"https:\/\/rcm1.rcm.upr.edu\/institutohistoria\/wp-json\/wp\/v2\/pages"}],"about":[{"href":"https:\/\/rcm1.rcm.upr.edu\/institutohistoria\/wp-json\/wp\/v2\/types\/page"}],"author":[{"embeddable":true,"href":"https:\/\/rcm1.rcm.upr.edu\/institutohistoria\/wp-json\/wp\/v2\/users\/1"}],"replies":[{"embeddable":true,"href":"https:\/\/rcm1.rcm.upr.edu\/institutohistoria\/wp-json\/wp\/v2\/comments?post=246"}],"version-history":[{"count":0,"href":"https:\/\/rcm1.rcm.upr.edu\/institutohistoria\/wp-json\/wp\/v2\/pages\/246\/revisions"}],"wp:attachment":[{"href":"https:\/\/rcm1.rcm.upr.edu\/institutohistoria\/wp-json\/wp\/v2\/media?parent=246"}],"curies":[{"name":"wp","href":"https:\/\/api.w.org\/{rel}","templated":true}]}}