{"id":28,"date":"2019-02-21T09:51:10","date_gmt":"2019-02-21T13:51:10","guid":{"rendered":"http:\/\/exalumnos.rcm.upr.edu\/ihicis\/?page_id=22"},"modified":"2019-02-21T09:51:10","modified_gmt":"2019-02-21T13:51:10","slug":"sobre-ihicis","status":"publish","type":"page","link":"https:\/\/rcm1.rcm.upr.edu\/institutohistoria\/sobre-ihicis\/","title":{"rendered":"Sobre IHICIS"},"content":{"rendered":"<div class=\"wpb-content-wrapper\"><p>[vc_row][vc_column][vc_column_text]<\/p>\n<p><strong>Rese\u00f1a hist\u00f3rica del surgimiento de IHICIS<\/strong><\/p>\n<p><img loading=\"lazy\" decoding=\"async\" class=\"size-full wp-image-19 alignright\" src=\"https:\/\/ihicis.rcm.upr.edu\/wp-content\/uploads\/sites\/23\/2020\/04\/LOGOindexpage_0.jpg\" alt=\"\" width=\"217\" height=\"350\" \/>El Instituto de Historia de las Ciencias de la Salud (IHICIS) se establece oficialmente en el mes de marzo del 2003.\u00a0 La iniciativa surge como un esfuerzo de la Escuela de Medicina, la Escuela Graduada de Salud P\u00fablica y el Decanato de Asuntos Acad\u00e9micos del Recinto de Ciencias M\u00e9dicas. Los funcionarios acad\u00e9micos que suscribieron el documento fundacional fueron: Dr. Jos\u00e9 Carlo, Rector; Dra. Delia Camacho, Decana de Asuntos Acad\u00e9micos, Dr. Francisco Joglar, Decano de la Escuela de Medicina y Dra. Rosa P\u00e9rez Perdomo, Decana de la Escuela Graduada de Salud P\u00fablica.<\/p>\n<p>En sus inicios los objetivos de IHICIS[1] fueron los siguientes:<\/p>\n<ol>\n<li>Fomentar el desarrollo y la publicaci\u00f3n de investigaci\u00f3n hist\u00f3rica de las disciplinas de las ciencias de la salud en Puerto Rico y el Caribe.<\/li>\n<li>Estimular la participaci\u00f3n de las diversas facultades del Recinto de Ciencias M\u00e9dicas (RCM) en el estudio y la documentaci\u00f3n sobre el desarrollo hist\u00f3rico de sus respectivas disciplinas.<\/li>\n<li>Promover el uso de los documentos y las colecciones hist\u00f3ricas existentes en el RCM, en particular, y en Puerto Rico en general.<\/li>\n<li>Apoyar el enriquecimiento y la preservaci\u00f3n de las colecciones del RCM.<\/li>\n<li>Establecer un programa de desarrollo de facultad en el \u00e1rea de la investigaci\u00f3n hist\u00f3rica.<\/li>\n<li>Producir publicaciones que sirvan de referencia y consulta.<\/li>\n<li>Establecer v\u00ednculos y colaboraci\u00f3n con investigadores y centros afines en y fuera de Puerto Rico.<\/li>\n<\/ol>\n<p>En marzo de 2005 IHICIS logra avances significativos en su posicionamiento como iniciativa institucional con presencia en todas las Escuelas del Recinto. Nos referimos a la aprobaci\u00f3n del documento Convenio para la incorporaci\u00f3n de las seis Escuelas del RCM en el establecimiento de IHICIS[2]. El Convenio fue suscrito por el Dr. Jos\u00e9 Carlo, Rector, la Dra. Delia Camacho, Decana de Asuntos Acad\u00e9micos y los Decanos de las Escuelas: Dra. Estela S. Estap\u00e9 (Profesiones de la Salud), Dr. Francisco Joglar (Medicina), Dra. Ilia Oquendo (Farmacia), Dra. Silvia Rabionet (Salud P\u00fablica), Dra. Yilda Rivera (Medicina Dental), \u00a0y Dra. Suane S\u00e1nchez (Enfermer\u00eda).<\/p>\n<p>Este nuevo Convenio ampl\u00eda el alcance de IHICIS para que sea mas pertinente a las necesidades de las Escuelas del RCM.\u00a0 En el\u00a0 Convenio se incorporan dos objetivos adicionales de IHICIS, a saber:<\/p>\n<ol>\n<li>Apoyar las multiples gestiones que realizan las Escuelas del RCM para identificar y mantener el legado hist\u00f3rico de sus disciplinas.<\/li>\n<li>Colaborar con las facultades en el ofrecimiento y desarrollo de cursos y otras actividades did\u00e1cticas relacionadas a la historia de las ciencias de la salud.<\/li>\n<\/ol>\n<p>[\/vc_column_text][vc_empty_space][vc_column_text]<\/p>\n<p><strong>Ubicaci\u00f3n de IHICIS<\/strong><\/p>\n<p>El Instituto de Historia de las Ciencias de la Salud (IHICIS) fue ubicado desde su fundaci\u00f3n hasta el presente en el Decanato de Asuntos Acad\u00e9micos del RCM. Las Escuelas del RCM ofrecen apoyo administrativo a IHICIS para su funcionamiento.<\/p>\n<p>&nbsp;<\/p>\n<p><strong>Miembros Fundadores de IHICIS<\/strong><\/p>\n<div id=\"attachment_23\" style=\"width: 310px\" class=\"wp-caption alignleft\"><img loading=\"lazy\" decoding=\"async\" aria-describedby=\"caption-attachment-23\" class=\"size-medium wp-image-23\" src=\"https:\/\/ihicis.rcm.upr.edu\/wp-content\/uploads\/sites\/23\/2020\/04\/fundadores2-300x211.jpg\" alt=\"Fundadores\" width=\"300\" height=\"211\" \/><p id=\"caption-attachment-23\" class=\"wp-caption-text\">Socios Fundadores<\/p><\/div>\n<p>Al inicio de las actividades del Instituto en el 2003 se cont\u00f3 con la participaci\u00f3n del Dr. Ra\u00fal Mayo Santana, Director de IHICIS, el Dr. Carlos Girod de la Escuela de Medicina, la Dra. Silvia E. Rabionet, Co-Directora de IHICIS y el Dr. Hiram V. Arroyo ambos de la Escuela Graduada de Salud P\u00fablica. En la primera reunion oficial de IHICIS del 26 de marzo de 2003 se incorpora la Dra. Sandra F\u00e1bregas de la Escuela de Farmacia.[3] La Profa. Gladys V\u00e9lez de la Escuela de Enfermer\u00eda se incorpora a los trabajos de IHICIS el 8 de abril de 2003.[4] El Dr. Alv\u00e1n V\u00e9lez de la Escuela de Medicina Dental se incorpor\u00f3 oficialmente a IHICIS el 13 de mayo de 2003.[5] La Profa. Mar\u00eda del Pilar Christian de la Escuela de Profesiones de la Salud se incorpora al grupo de Fundadores de \u00a0IHICIS el 23 de agosto de 2005.[6]<\/p>\n<p>La representaci\u00f3n de las Escuelas del RCM en IHICIS se mantuvo firme. Para marzo de 2007 hab\u00edan nuevos representantes activos incluyendo al Dr. Juan B. Giusti (Medicina Dental), el Dr. Francisco Mu\u00f1iz (Escuela de Medicina) y la colaboraci\u00f3n de la Lcda. Ana E. V\u00e9lez Carrasquillo (Escuela de Farmacia). El Dr. Carlos Su\u00e1rez comienza a colaborar con IHICIS en abril de 2007. En el 2007 la Dra. Estela Estap\u00e9, Decana de la Escuela de Profesiones de la Salud (EPS), estableci\u00f3 una Divisi\u00f3n de Documentos Hist\u00f3ricos en dicha Escuela. En este esfuerzo estuvieron las profesoras Mar\u00eda del Pilar Christian y Gloria Benejam, ambas integrantes de IHICIS. La EPS tambi\u00e9n fue reconocida por la institucionalizaci\u00f3n de la entidad denominada Comit\u00e9 de Museo y Archivo Hist\u00f3rico de la EPS que continua vigente. Al presente la representante de la EPS ante IHICIS es la Profesora Raquel Col\u00f3n Pauneto.<\/p>\n<p>En el a\u00f1o acad\u00e9mico 2006-2007 se cre\u00f3 una nueva categor\u00eda de miembros de IHICIS conocida como Investigadores Adscritos. Esta nueva categor\u00eda de miembros \u00a8le brindan a IHICIS una dedicaci\u00f3n de tiempo formal; participan de forma activa en las deliberaciones, discusiones y decisiones; y se espera que al menos una de sus investigaciones se realize y se publique bajo el auspicio de IHICIS\u00a8. Bajo esta categor\u00eda de miembros est\u00e1n los siguientes acad\u00e9micos: Dr. Ra\u00fal Mayo Santana (Escuela de Medicina), Dr. Francisco Mu\u00f1iz (Escuela de Medicina), Dra. Silvia E. Rabionet (Escuela de Salud P\u00fablica), Dr. Carlos Su\u00e1rez (Medicina Dental) y otros (Tomado del Informe Anual de IHICIS 2006-2007 presentado por el Dr. Ra\u00fal Mayo Santana, Director de IHICIS, el 2 de Julio de 2007).<\/p>\n<p>A partir del a\u00f1o acad\u00e9mico 2007-2008 surgen algunos cambios en la estructura de IHICIS. El doctor Juan B. Giusti asume la posici\u00f3n de Codirector de IHICIS con efectividad el 1 de Julio de 2007 substituyendo a la Dra. Silvia E. Rabionet. En octubre de 2007 se designa al Dr. Hiram V. Arroyo (Escuela de Salud P\u00fablica) como Coordinador de la Red de V\u00ednculos Institucionales de IHICIS. La posici\u00f3n fue creada para fortalecer las relaciones de trabajo de IHICIS con otras organizaciones externas (locales e internacionales) vinculadas a la historia de las Ciencias de la Salud.<\/p>\n<p>[\/vc_column_text][vc_empty_space][vc_btn title=&#8221;Miembros de IHICIS&#8221; color=&#8221;chino&#8221; size=&#8221;sm&#8221; link=&#8221;url:http%3A%2F%2Fihicis.rcm.upr.edu%2Fmiembros-de-ihicis%2F|||&#8221;][vc_empty_space][vc_column_text]<strong>Comit\u00e9 de Asesores de IHICIS<\/strong><\/p>\n<p>En diciembre de 2003 se constituye el Comit\u00e9 Asesor de IHICIS integrado por la Dra. Mar\u00eda Teresa L\u00f3pez D\u00edaz de la Universidad de Sevilla, Espana; la Dra. Annette Ram\u00edrez de Arellano, Washington, DC; el Dr. Jos\u00e9 Rigau, CDC, San Juan y la Dra. Blanca G. Silvestrini, Universidad de Connecticut. [7][\/vc_column_text][vc_column_text]_____________________________________<\/p>\n<p>Rese\u00f1a de algunas acciones relacionados a la fundaci\u00f3n de IHICIS desarrollada por el Dr. Hiram V. Arroyo (Marzo de 2019).<\/p>\n<p>[1] Tomado del documento titulado Convenio de Fundaci\u00f3n de IHICIS firmado el 18 de marzo de 2003 por el Dr. Jos\u00e9 Carlo, Rector.<br \/>\n[2] Comunicaci\u00f3n dirigida a los Decanos de Facultad del 5 de abril de 2005 de la Dra. Luz A. Mu\u00f1iz Santiago, Decana Asociada de Asuntos Acad\u00e9micos del RCM<br \/>\n[3] Acta de la primera reuni\u00f3n de IHICIS del 26 de marzo de 2003.<br \/>\n[4] Acta de la segunda reuni\u00f3n de IHICIS del 8 de abril de 2003.<br \/>\n[5] Acta de la tercera reuni\u00f3n de IHICIS del 13 de mayo de 2003.<br \/>\n[6] Acta de la reuni\u00f3n de IHICIS del 23 de agosto de 2005.<br \/>\n[7] Carta Circular IHICIS, No.1 ,del 7 de diciembre de 2003.[\/vc_column_text][\/vc_column][\/vc_row]<\/p>\n<\/div>","protected":false},"excerpt":{"rendered":"<p>[vc_row][vc_column][vc_column_text] Rese\u00f1a hist\u00f3rica del surgimiento de IHICIS El Instituto de Historia de las Ciencias de la Salud (IHICIS) se establece oficialmente en el mes de marzo del 2003.\u00a0 La iniciativa surge como un esfuerzo de la Escuela de Medicina, la Escuela Graduada de Salud P\u00fablica y el Decanato de Asuntos Acad\u00e9micos del Recinto de Ciencias&hellip;<\/p>\n","protected":false},"author":1,"featured_media":23,"parent":0,"menu_order":0,"comment_status":"closed","ping_status":"closed","template":"template-microsite.php","meta":{"footnotes":""},"class_list":["post-28","page","type-page","status-publish","has-post-thumbnail","hentry","description-off"],"aioseo_notices":[],"_links":{"self":[{"href":"https:\/\/rcm1.rcm.upr.edu\/institutohistoria\/wp-json\/wp\/v2\/pages\/28","targetHints":{"allow":["GET"]}}],"collection":[{"href":"https:\/\/rcm1.rcm.upr.edu\/institutohistoria\/wp-json\/wp\/v2\/pages"}],"about":[{"href":"https:\/\/rcm1.rcm.upr.edu\/institutohistoria\/wp-json\/wp\/v2\/types\/page"}],"author":[{"embeddable":true,"href":"https:\/\/rcm1.rcm.upr.edu\/institutohistoria\/wp-json\/wp\/v2\/users\/1"}],"replies":[{"embeddable":true,"href":"https:\/\/rcm1.rcm.upr.edu\/institutohistoria\/wp-json\/wp\/v2\/comments?post=28"}],"version-history":[{"count":0,"href":"https:\/\/rcm1.rcm.upr.edu\/institutohistoria\/wp-json\/wp\/v2\/pages\/28\/revisions"}],"wp:featuredmedia":[{"embeddable":true,"href":"https:\/\/rcm1.rcm.upr.edu\/institutohistoria\/wp-json\/"}],"wp:attachment":[{"href":"https:\/\/rcm1.rcm.upr.edu\/institutohistoria\/wp-json\/wp\/v2\/media?parent=28"}],"curies":[{"name":"wp","href":"https:\/\/api.w.org\/{rel}","templated":true}]}}