{"id":44,"date":"2019-02-21T10:43:27","date_gmt":"2019-02-21T14:43:27","guid":{"rendered":"http:\/\/exalumnos.rcm.upr.edu\/ihicis\/?page_id=44"},"modified":"2019-02-21T10:43:27","modified_gmt":"2019-02-21T14:43:27","slug":"publicaciones","status":"publish","type":"page","link":"https:\/\/rcm1.rcm.upr.edu\/institutohistoria\/publicaciones\/","title":{"rendered":"Publicaciones"},"content":{"rendered":"<div class=\"wpb-content-wrapper\"><p>[vc_row][vc_column width=&#8221;1\/4&#8243;][vc_single_image image=&#8221;635&#8243; img_size=&#8221;full&#8221; alignment=&#8221;center&#8221;][\/vc_column][vc_column width=&#8221;3\/4&#8243;][vc_column_text]<\/p>\n<h3>A Sojourn in Tropical Medicine: Francis W. O\u2019Connor\u2019s Diary of a Puerto Rican Trip, 1927<\/h3>\n<p>Ra\u00fal Mayo Santana, Annette B. Ram\u00edrez de Arellano, Jos\u00e9 G. Rigau-P\u00e9rez<\/p>\n<p>In 1927, Dr. Francis W. O\u2019Connor arrived in Puerto Rico to teach at the then recently-inaugurated University of Puerto Rico School of Tropical Medicine. Over the course of three weeks, he delivered a series of lectures on filariasis, launched a research project, and met people of the diverse strata of the Island\u2019s population. Faced with a full schedule, aimed to familiarize him with the health conditions of Puerto Rico, O\u2019Connor immersed himself with considerable verve and interest. He would visit and comment about the fledgling health system, meet with residents of the leper colony, treat patients in the hinterlands, and examine the etiology of several tropical ailments. Combining the clinical eye of an experienced diagnostician with the visual flair of a watercolorist, O\u2019Connor wrote a daily account of his activities. This book includes an annotated edition of O\u2019Connor\u2019s Diary of a Porto Rican Trip with a selection of photographs and five essays that expand on the diary\u2019s historical, literary, and scientific significance.<\/p>\n<p>SKU:\u00a0\u00a0\u00a0 978-0-8477-1400-1[\/vc_column_text][\/vc_column][\/vc_row]<\/p>\n<\/div>","protected":false},"excerpt":{"rendered":"<p>[vc_row][vc_column width=&#8221;1\/4&#8243;][vc_single_image image=&#8221;635&#8243; img_size=&#8221;full&#8221; alignment=&#8221;center&#8221;][\/vc_column][vc_column width=&#8221;3\/4&#8243;][vc_column_text] A Sojourn in Tropical Medicine: Francis W. O\u2019Connor\u2019s Diary of a Puerto Rican Trip, 1927 Ra\u00fal Mayo Santana, Annette B. Ram\u00edrez de Arellano, Jos\u00e9 G. Rigau-P\u00e9rez In 1927, Dr. Francis W. O\u2019Connor arrived in Puerto Rico to teach at the then recently-inaugurated University of Puerto Rico School of Tropical&hellip;<\/p>\n","protected":false},"author":1,"featured_media":0,"parent":0,"menu_order":0,"comment_status":"closed","ping_status":"closed","template":"template-microsite.php","meta":{"footnotes":""},"class_list":["post-44","page","type-page","status-publish","hentry","description-off"],"aioseo_notices":[],"_links":{"self":[{"href":"https:\/\/rcm1.rcm.upr.edu\/institutohistoria\/wp-json\/wp\/v2\/pages\/44","targetHints":{"allow":["GET"]}}],"collection":[{"href":"https:\/\/rcm1.rcm.upr.edu\/institutohistoria\/wp-json\/wp\/v2\/pages"}],"about":[{"href":"https:\/\/rcm1.rcm.upr.edu\/institutohistoria\/wp-json\/wp\/v2\/types\/page"}],"author":[{"embeddable":true,"href":"https:\/\/rcm1.rcm.upr.edu\/institutohistoria\/wp-json\/wp\/v2\/users\/1"}],"replies":[{"embeddable":true,"href":"https:\/\/rcm1.rcm.upr.edu\/institutohistoria\/wp-json\/wp\/v2\/comments?post=44"}],"version-history":[{"count":0,"href":"https:\/\/rcm1.rcm.upr.edu\/institutohistoria\/wp-json\/wp\/v2\/pages\/44\/revisions"}],"wp:attachment":[{"href":"https:\/\/rcm1.rcm.upr.edu\/institutohistoria\/wp-json\/wp\/v2\/media?parent=44"}],"curies":[{"name":"wp","href":"https:\/\/api.w.org\/{rel}","templated":true}]}}