{"id":68,"date":"2019-02-21T11:18:57","date_gmt":"2019-02-21T15:18:57","guid":{"rendered":"http:\/\/exalumnos.rcm.upr.edu\/ihicis\/?page_id=68"},"modified":"2019-02-21T11:18:57","modified_gmt":"2019-02-21T15:18:57","slug":"escuela-de-profesiones-de-la-salud-eps","status":"publish","type":"page","link":"https:\/\/rcm1.rcm.upr.edu\/institutohistoria\/escuela-de-profesiones-de-la-salud-eps\/","title":{"rendered":"Escuela de Profesiones de la Salud (EPS)"},"content":{"rendered":"<div class=\"wpb-content-wrapper\"><p>[vc_row][vc_column width=&#8221;1\/4&#8243;][vc_single_image image=&#8221;453&#8243; img_size=&#8221;full&#8221; alignment=&#8221;center&#8221;][\/vc_column][vc_column width=&#8221;3\/4&#8243;][vc_column_text]La Escuela de Profesiones de la Salud (EPS) es una de las seis (6) unidades que componen el Recinto de Ciencias M\u00e9dicas (RCM) de la Universidad de Puerto Rico. El 24 de febrero de 2007 fue aprobado mediante la Certificaci\u00f3n Numero 41 2006-2007 el cambio de nombre de Colegio de Profesiones Relacionadas con la Salud a Escuela de Profesiones de la Salud.<\/p>\n\n<p>Su creaci\u00f3n como Colegio de Profesiones Relacionadas con la Salud\u00a0 data del 1976 cuando mediante la Certificaci\u00f3n #48, 1975-76 del Consejo de Educaci\u00f3n Superior se dispuso la reorganizaci\u00f3n del Recinto de Ciencias M\u00e9dicas. Fue el prop\u00f3sito original el albergar en una sola unidad una diversidad de programas acad\u00e9micos en profesiones de la salud que se ofrec\u00edan de forma dispersa en distintas unidades acad\u00e9micas del Recinto de Ciencias M\u00e9dicas o en facilidades hospitalarias.<\/p>\n\n<p>Para fines organizacionales en sus comienzos se agruparon los programas en cinco Departamentos y un Decanato Asociado de Enfermer\u00eda. Esta estructura inicial experimento modificaciones a trav\u00e9s del tiempo para atender necesidades emergentes de nuevos programas en el campo de la salud, aumento en la complejidad administrativa, as\u00ed como nuevos desarrollos institucionales. En julio de 1995 se separa la Escuela de Enfermer\u00eda como Decanato y se pone en moratoria el Programa de Grado Asociado en Emergencias M\u00e9dicas.<\/p>\n\n<p>El 28 de agosto de 1996 se aprueba una nueva estructura acad\u00e9mico-administrativa. Se crean dos departamentos acad\u00e9micos en vez de los cinco existentes, a saber: Departamento de Programas Sub- graduados y Departamento de Programas Graduados. Se agrupan bajo estos las actividades acad\u00e9micas de acuerdo al nivel del grado acad\u00e9mico que se otorga.<\/p>\n\n<p>La misi\u00f3n de la Escuela de Profesiones de la Salud es la formaci\u00f3n universitaria del personal de la salud que Puerto Rico necesita con el conocimiento, las actitudes y las destrezas necesarias para el desempe\u00f1o de sus roles y funciones. Adem\u00e1s nuestra comunidad universitaria esta comprometida con el servicio a la comunidad puertorrique\u00f1a a trav\u00e9s de programas de servicios cl\u00ednicos, asesoramiento profesional, adiestramientos y educaci\u00f3n continuada. Igualmente la facultad de la Escuela realiza investigaciones cient\u00edficas en el campo de la salud que aportan al conocimiento cient\u00edfico. Para viabilizar la misi\u00f3n se ofrecen programas acad\u00e9micos dirigidos y supervisados por una facultad enfocada hacia la excelencia.<\/p>\n\n<p><strong>PROGRAMAS ACADEMICOS DE LA EPS\u00a0 2007-2008<\/strong><\/p>\n\n<p><strong>Departamento de Programas Sub-graduados<\/strong><\/p>\n\n<p>Grados Asociados<\/p>\n\n\n<ul class=\"wp-block-list\">\n<li>Asistencia Dental<\/li>\n<li>Tecnolog\u00eda Oft\u00e1lmica<\/li>\n<li>Tecnolog\u00eda Radiol\u00f3gica<\/li>\n<\/ul>\n\n<p>Bachilleratos<\/p>\n\n\n<ul class=\"wp-block-list\">\n<li>Ciencias de la Salud<\/li>\n<li>Educaci\u00f3n en Salud<\/li>\n<li>Tecnolog\u00eda M\u00e9dica Tecnolog\u00eda Medicina Nuclear<\/li>\n<li>Tecnolog\u00eda Veterinaria<\/li>\n<\/ul>\n\n<p><strong>Departamento de Programas Graduados<\/strong><\/p>\n\n<p>Certificados Post-Bachillerato<\/p>\n\n\n<ul class=\"wp-block-list\">\n<li>Cito tecnolog\u00eda<\/li>\n<li>Internado en Diet\u00e9tica<\/li>\n<li>Tecnolog\u00eda M\u00e9dica<\/li>\n<\/ul>\n\n<p>Maestr\u00edas<\/p>\n\n\n<ul class=\"wp-block-list\">\n<li>Administraci\u00f3n de Informaci\u00f3n de Salud<\/li>\n<li>Ciencias de Laboratorio<\/li>\n<li>Patolog\u00eda del Habla<\/li>\n<li>Terapia F\u00edsica<\/li>\n<li>Terapia Ocupacional<\/li>\n<li>Grado Post Doctoral de Maestr\u00eda en Ciencias y Certificado Graduado en Investigaci\u00f3n Cl\u00ednica<\/li>\n<\/ul>\n\n<p>Doctorado<\/p>\n\n\n<ul class=\"wp-block-list\">\n<li>Audiolog\u00eda<\/li>\n<\/ul>\n\n<p><em>&#8220;Nuestra visi\u00f3n es ser reconocidos como la instituci\u00f3n hispana l\u00edder a nivel mundial en la formaci\u00f3n integral de profesionales de la salud.&#8221; Estela S. Estap\u00e9, MT, PhD, FASAHP, Decana, Escuela de Profesiones de la Salud, RCM&#8221;<\/em><\/p>\n<p>[\/vc_column_text][\/vc_column][\/vc_row]<\/p>\n<\/div>","protected":false},"excerpt":{"rendered":"<p>[vc_row][vc_column width=&#8221;1\/4&#8243;][vc_single_image image=&#8221;453&#8243; img_size=&#8221;full&#8221; alignment=&#8221;center&#8221;][\/vc_column][vc_column width=&#8221;3\/4&#8243;][vc_column_text]La Escuela de Profesiones de la Salud (EPS) es una de las seis (6) unidades que componen el Recinto de Ciencias M\u00e9dicas (RCM) de la Universidad de Puerto Rico. El 24 de febrero de 2007 fue aprobado mediante la Certificaci\u00f3n Numero 41 2006-2007 el cambio de nombre de Colegio de&hellip;<\/p>\n","protected":false},"author":1,"featured_media":0,"parent":0,"menu_order":0,"comment_status":"closed","ping_status":"closed","template":"template-microsite.php","meta":{"footnotes":""},"class_list":["post-68","page","type-page","status-publish","hentry","description-off"],"aioseo_notices":[],"_links":{"self":[{"href":"https:\/\/rcm1.rcm.upr.edu\/institutohistoria\/wp-json\/wp\/v2\/pages\/68","targetHints":{"allow":["GET"]}}],"collection":[{"href":"https:\/\/rcm1.rcm.upr.edu\/institutohistoria\/wp-json\/wp\/v2\/pages"}],"about":[{"href":"https:\/\/rcm1.rcm.upr.edu\/institutohistoria\/wp-json\/wp\/v2\/types\/page"}],"author":[{"embeddable":true,"href":"https:\/\/rcm1.rcm.upr.edu\/institutohistoria\/wp-json\/wp\/v2\/users\/1"}],"replies":[{"embeddable":true,"href":"https:\/\/rcm1.rcm.upr.edu\/institutohistoria\/wp-json\/wp\/v2\/comments?post=68"}],"version-history":[{"count":0,"href":"https:\/\/rcm1.rcm.upr.edu\/institutohistoria\/wp-json\/wp\/v2\/pages\/68\/revisions"}],"wp:attachment":[{"href":"https:\/\/rcm1.rcm.upr.edu\/institutohistoria\/wp-json\/wp\/v2\/media?parent=68"}],"curies":[{"name":"wp","href":"https:\/\/api.w.org\/{rel}","templated":true}]}}