{"id":1516,"date":"2018-05-08T19:30:49","date_gmt":"2018-05-08T19:30:49","guid":{"rendered":"http:\/\/exalumnos.rcm.upr.edu\/juntaadministrativa\/?page_id=1516"},"modified":"2024-04-10T18:57:14","modified_gmt":"2024-04-10T18:57:14","slug":"inicio","status":"publish","type":"page","link":"https:\/\/rcm1.rcm.upr.edu\/juntaadministrativa\/","title":{"rendered":"Inicio"},"content":{"rendered":"<div class=\"wpb-content-wrapper\"><p>[vc_row][vc_column][vc_raw_js]JTNDJTIxLS0lMjBHbG9iYWwlMjBzaXRlJTIwdGFnJTIwJTI4Z3RhZy5qcyUyOSUyMC0lMjBHb29nbGUlMjBBbmFseXRpY3MlMjAtLSUzRSUwQSUzQ3NjcmlwdCUyMGFzeW5jJTIwc3JjJTNEJTIyaHR0cHMlM0ElMkYlMkZ3d3cuZ29vZ2xldGFnbWFuYWdlci5jb20lMkZndGFnJTJGanMlM0ZpZCUzRFVBLTExOTUzNjQ2MC0xJTIyJTNFJTNDJTJGc2NyaXB0JTNFJTBBJTNDc2NyaXB0JTNFJTBBJTIwJTIwd2luZG93LmRhdGFMYXllciUyMCUzRCUyMHdpbmRvdy5kYXRhTGF5ZXIlMjAlN0MlN0MlMjAlNUIlNUQlM0IlMEElMjAlMjBmdW5jdGlvbiUyMGd0YWclMjglMjklN0JkYXRhTGF5ZXIucHVzaCUyOGFyZ3VtZW50cyUyOSUzQiU3RCUwQSUyMCUyMGd0YWclMjglMjdqcyUyNyUyQyUyMG5ldyUyMERhdGUlMjglMjklMjklM0IlMEElMEElMjAlMjBndGFnJTI4JTI3Y29uZmlnJTI3JTJDJTIwJTI3VUEtMTE5NTM2NDYwLTElMjclMjklM0IlMEElM0MlMkZzY3JpcHQlM0UlMEE=[\/vc_raw_js][vc_column_text]<\/p>\n<h2><strong>Informaci\u00f3n General<\/strong><\/h2>\n<p>[\/vc_column_text][vc_empty_space][vc_column_text]La Ley de la Universidad de Puerto Rico, Ley N\u00famero 1 del 20 de enero de 1966, seg\u00fan enmendada, en su Art\u00edculo 8, crea en cada recinto una Junta Administrativa con las siguientes funciones:<\/p>\n<ul>\n<li>Asesorar al Rector en el ejercicio de sus funciones.<\/li>\n<li>Elaborar los proyectos y planes de desarrollo de la unidad institucional.<\/li>\n<li>Considerar el proyecto de presupuesto de la unidad institucional respectiva sometido por el Rector.<\/li>\n<\/ul>\n<p>&nbsp;<\/p>\n<p>En adici\u00f3n a las funciones que especifica la Ley de la Universidad, el Reglamento General de la Universidad de Puerto Rico establece que cada junta actuar\u00e1 como cuerpo consultivo del Rector y colaborar\u00e1 con \u00e9l en la realizaci\u00f3n del programa universitario.<\/p>\n<p>&nbsp;<\/p>\n<p>Son miembros de la Junta Administrativa los siguientes: El Rector del RCM, Decanos de las seis (6) Escuelas, a saber: Escuela de Medicina, Escuela de Medicina Dental, Escuela de Enfermer\u00eda. Escuela de Salud P\u00fablica, Escuela de Profesiones de la Salud, Escuela de Farmacia; Decano de Estudiantes, Decano de Administraci\u00f3n, Decano de Asuntos Acad\u00e9micos, Decano de Investigaci\u00f3n, dos (2) representantes de la facultad del RCM elegidos por y entre los Senadores Acad\u00e9micos, y un (1) representante del estudiantado, elegido por y entre los miembros del Consejo de Estudiantes.<\/p>\n<p>&nbsp;<\/p>\n<p><em><strong>La fecha l\u00edmite para someter asuntos y documentos a ser incluidos en la Agenda de cada reuni\u00f3n mensual: <a href=\"https:\/\/rcm1.rcm.upr.edu\/juntaadministrativa\/wp-content\/uploads\/sites\/19\/2024\/04\/Cert-154-2022-23-JA-RCM.pdf\" target=\"_blank\" rel=\"noopener\">Calendario de Trabajo<\/a>.<\/strong><\/em><\/p>\n<p>&nbsp;<\/p>\n<p>El <a href=\"https:\/\/rcm1.rcm.upr.edu\/juntaadministrativa\/wp-content\/uploads\/sites\/19\/2020\/04\/Reglamento-Interno-JA.pdf\" target=\"_blank\" rel=\"noopener noreferrer\">Reglamento Interno de la Junta Administrativa<\/a> fue aprobado mediante la Certificaci\u00f3n N\u00famero 124, 2013-14, JA-RCM.[\/vc_column_text][\/vc_column][\/vc_row]<\/p>\n<\/div>","protected":false},"excerpt":{"rendered":"<p>[vc_row][vc_column][vc_raw_js]JTNDJTIxLS0lMjBHbG9iYWwlMjBzaXRlJTIwdGFnJTIwJTI4Z3RhZy5qcyUyOSUyMC0lMjBHb29nbGUlMjBBbmFseXRpY3MlMjAtLSUzRSUwQSUzQ3NjcmlwdCUyMGFzeW5jJTIwc3JjJTNEJTIyaHR0cHMlM0ElMkYlMkZ3d3cuZ29vZ2xldGFnbWFuYWdlci5jb20lMkZndGFnJTJGanMlM0ZpZCUzRFVBLTExOTUzNjQ2MC0xJTIyJTNFJTNDJTJGc2NyaXB0JTNFJTBBJTNDc2NyaXB0JTNFJTBBJTIwJTIwd2luZG93LmRhdGFMYXllciUyMCUzRCUyMHdpbmRvdy5kYXRhTGF5ZXIlMjAlN0MlN0MlMjAlNUIlNUQlM0IlMEElMjAlMjBmdW5jdGlvbiUyMGd0YWclMjglMjklN0JkYXRhTGF5ZXIucHVzaCUyOGFyZ3VtZW50cyUyOSUzQiU3RCUwQSUyMCUyMGd0YWclMjglMjdqcyUyNyUyQyUyMG5ldyUyMERhdGUlMjglMjklMjklM0IlMEElMEElMjAlMjBndGFnJTI4JTI3Y29uZmlnJTI3JTJDJTIwJTI3VUEtMTE5NTM2NDYwLTElMjclMjklM0IlMEElM0MlMkZzY3JpcHQlM0UlMEE=[\/vc_raw_js][vc_column_text] Informaci\u00f3n General [\/vc_column_text][vc_empty_space][vc_column_text]La Ley de la Universidad de Puerto Rico, Ley N\u00famero 1 del 20 de enero de 1966, seg\u00fan enmendada, en su Art\u00edculo 8, crea en cada recinto una Junta Administrativa con las siguientes funciones: Asesorar al Rector en el ejercicio de sus funciones. Elaborar los proyectos y planes de desarrollo de la&hellip;<\/p>\n","protected":false},"author":1,"featured_media":0,"parent":0,"menu_order":0,"comment_status":"closed","ping_status":"closed","template":"template-microsite.php","meta":{"footnotes":""},"class_list":["post-1516","page","type-page","status-publish","hentry","description-off"],"aioseo_notices":[],"_links":{"self":[{"href":"https:\/\/rcm1.rcm.upr.edu\/juntaadministrativa\/wp-json\/wp\/v2\/pages\/1516","targetHints":{"allow":["GET"]}}],"collection":[{"href":"https:\/\/rcm1.rcm.upr.edu\/juntaadministrativa\/wp-json\/wp\/v2\/pages"}],"about":[{"href":"https:\/\/rcm1.rcm.upr.edu\/juntaadministrativa\/wp-json\/wp\/v2\/types\/page"}],"author":[{"embeddable":true,"href":"https:\/\/rcm1.rcm.upr.edu\/juntaadministrativa\/wp-json\/wp\/v2\/users\/1"}],"replies":[{"embeddable":true,"href":"https:\/\/rcm1.rcm.upr.edu\/juntaadministrativa\/wp-json\/wp\/v2\/comments?post=1516"}],"version-history":[{"count":2,"href":"https:\/\/rcm1.rcm.upr.edu\/juntaadministrativa\/wp-json\/wp\/v2\/pages\/1516\/revisions"}],"predecessor-version":[{"id":9302,"href":"https:\/\/rcm1.rcm.upr.edu\/juntaadministrativa\/wp-json\/wp\/v2\/pages\/1516\/revisions\/9302"}],"wp:attachment":[{"href":"https:\/\/rcm1.rcm.upr.edu\/juntaadministrativa\/wp-json\/wp\/v2\/media?parent=1516"}],"curies":[{"name":"wp","href":"https:\/\/api.w.org\/{rel}","templated":true}]}}