{"id":276,"date":"2021-12-08T04:35:38","date_gmt":"2021-12-08T04:35:38","guid":{"rendered":"https:\/\/jda.rcm.upr.edu\/?page_id=276"},"modified":"2021-12-08T04:35:38","modified_gmt":"2021-12-08T04:35:38","slug":"agradecimiento","status":"publish","type":"page","link":"https:\/\/rcm1.rcm.upr.edu\/juntadonaciones\/agradecimiento\/","title":{"rendered":"Agradecimiento a Donantes Fallecidos"},"content":{"rendered":"<div class=\"wpb-content-wrapper\"><p>[vc_row][vc_column][vc_column_text]<\/p>\n<p style=\"text-align: center\"><img loading=\"lazy\" decoding=\"async\" class=\"aligncenter wp-image-284 size-full\" src=\"https:\/\/rcm1.rcm.upr.edu\/juntadonaciones\/wp-content\/uploads\/sites\/20\/2021\/12\/Header-JDA.png\" alt=\"\" width=\"890\" height=\"213\" srcset=\"https:\/\/rcm1.rcm.upr.edu\/juntadonaciones\/wp-content\/uploads\/sites\/20\/2021\/12\/Header-JDA.png 890w, https:\/\/rcm1.rcm.upr.edu\/juntadonaciones\/wp-content\/uploads\/sites\/20\/2021\/12\/Header-JDA-300x72.png 300w, https:\/\/rcm1.rcm.upr.edu\/juntadonaciones\/wp-content\/uploads\/sites\/20\/2021\/12\/Header-JDA-768x184.png 768w\" sizes=\"auto, (max-width: 890px) 100vw, 890px\" \/><\/p>\n<p>[\/vc_column_text][\/vc_column][\/vc_row][vc_row][vc_column]<blockquote class=\"text-big shortcode-blockquote\"><h4>La Junta de Disposici\u00f3n de Cuerpos, Organos y Tejidos Humanos de Puerto Rico, adscrita al Recinto de Ciencias M\u00e9dicas de la Universidad de Puerto Rico, extiende su m\u00e1s sincero agradecimiento a todos los donantes de cuerpo ya fallecidos y a sus familiares<strong><em>.<\/em><\/strong>\u00a0 Cada uno de ellos ha contribuido en la educaci\u00f3n de futuros profesionales de la salud y en investigaciones en las ciencias biom\u00e9dicas.\u00a0 A trav\u00e9s de tan generoso gesto ser\u00e1n muchos los profesionales de la salud y las ciencias biom\u00e9dicas que podr\u00e1n adquirir, expandir, y profundizar sus conocimientos en la medicina, medicina dental, y dem\u00e1s ciencias relacionadas.\u00a0 Para nosotros y para estos estudiantes, salubristas e investigadores, es un verdadero privilegio poder contar con este gesto altruista en pro de la educaci\u00f3n y la investigaci\u00f3n cient\u00edfica.<\/h4>\n<\/blockquote>[\/vc_column][\/vc_row][vc_row][vc_column][vc_empty_space height=&#8221;15px&#8221;][vc_column_text]<\/p>\n<ul>\n<li style=\"text-align: left\"><a href=\"https:\/\/rcm1.rcm.upr.edu\/juntadonaciones\/wp-content\/uploads\/sites\/20\/2023\/02\/Juramento-al-Primer-Paciente-General.pdf\" target=\"_blank\" rel=\"noopener\">Juramento al Primer Paciente<\/a><\/li>\n<\/ul>\n<p>[\/vc_column_text][vc_empty_space height=&#8221;15px&#8221;][vc_column_text]<\/p>\n<p style=\"text-align: center\"><img loading=\"lazy\" decoding=\"async\" class=\"aligncenter wp-image-283 size-full\" src=\"https:\/\/rcm1.rcm.upr.edu\/juntadonaciones\/wp-content\/uploads\/sites\/20\/2021\/12\/Footer-JDA.png\" alt=\"\" width=\"792\" height=\"116\" srcset=\"https:\/\/rcm1.rcm.upr.edu\/juntadonaciones\/wp-content\/uploads\/sites\/20\/2021\/12\/Footer-JDA.png 792w, https:\/\/rcm1.rcm.upr.edu\/juntadonaciones\/wp-content\/uploads\/sites\/20\/2021\/12\/Footer-JDA-300x44.png 300w, https:\/\/rcm1.rcm.upr.edu\/juntadonaciones\/wp-content\/uploads\/sites\/20\/2021\/12\/Footer-JDA-768x112.png 768w\" sizes=\"auto, (max-width: 792px) 100vw, 792px\" \/><\/p>\n<p>[\/vc_column_text][\/vc_column][\/vc_row]<\/p>\n<\/div>","protected":false},"excerpt":{"rendered":"<p>[vc_row][vc_column][vc_column_text] [\/vc_column_text][\/vc_column][\/vc_row][vc_row][vc_column][\/vc_column][\/vc_row][vc_row][vc_column][vc_empty_space height=&#8221;15px&#8221;][vc_column_text] Juramento al Primer Paciente [\/vc_column_text][vc_empty_space height=&#8221;15px&#8221;][vc_column_text] [\/vc_column_text][\/vc_column][\/vc_row]<\/p>\n","protected":false},"author":1,"featured_media":0,"parent":0,"menu_order":0,"comment_status":"closed","ping_status":"closed","template":"template-microsite.php","meta":{"footnotes":""},"class_list":["post-276","page","type-page","status-publish","hentry","description-off"],"aioseo_notices":[],"_links":{"self":[{"href":"https:\/\/rcm1.rcm.upr.edu\/juntadonaciones\/wp-json\/wp\/v2\/pages\/276","targetHints":{"allow":["GET"]}}],"collection":[{"href":"https:\/\/rcm1.rcm.upr.edu\/juntadonaciones\/wp-json\/wp\/v2\/pages"}],"about":[{"href":"https:\/\/rcm1.rcm.upr.edu\/juntadonaciones\/wp-json\/wp\/v2\/types\/page"}],"author":[{"embeddable":true,"href":"https:\/\/rcm1.rcm.upr.edu\/juntadonaciones\/wp-json\/wp\/v2\/users\/1"}],"replies":[{"embeddable":true,"href":"https:\/\/rcm1.rcm.upr.edu\/juntadonaciones\/wp-json\/wp\/v2\/comments?post=276"}],"version-history":[{"count":0,"href":"https:\/\/rcm1.rcm.upr.edu\/juntadonaciones\/wp-json\/wp\/v2\/pages\/276\/revisions"}],"wp:attachment":[{"href":"https:\/\/rcm1.rcm.upr.edu\/juntadonaciones\/wp-json\/wp\/v2\/media?parent=276"}],"curies":[{"name":"wp","href":"https:\/\/api.w.org\/{rel}","templated":true}]}}