{"id":37,"date":"2018-06-08T13:18:13","date_gmt":"2018-06-08T13:18:13","guid":{"rendered":"http:\/\/exalumnos.rcm.upr.edu\/jda\/?page_id=18"},"modified":"2023-12-09T01:07:09","modified_gmt":"2023-12-09T01:07:09","slug":"contactenos","status":"publish","type":"page","link":"https:\/\/rcm1.rcm.upr.edu\/juntadonaciones\/contactenos\/","title":{"rendered":"Cont\u00e1ctenos"},"content":{"rendered":"<div class=\"wpb-content-wrapper\"><p>[vc_row][vc_column width=&#8221;1\/2&#8243;][vc_column_text]<img loading=\"lazy\" decoding=\"async\" class=\" wp-image-212 aligncenter\" src=\"https:\/\/rcm1.rcm.upr.edu\/juntadonaciones\/wp-content\/uploads\/sites\/20\/2020\/05\/imageedit_1_5188760232-300x197.jpg\" alt=\"\" width=\"509\" height=\"334\" srcset=\"https:\/\/rcm1.rcm.upr.edu\/juntadonaciones\/wp-content\/uploads\/sites\/20\/2020\/05\/imageedit_1_5188760232-300x197.jpg 300w, https:\/\/rcm1.rcm.upr.edu\/juntadonaciones\/wp-content\/uploads\/sites\/20\/2020\/05\/imageedit_1_5188760232-768x505.jpg 768w, https:\/\/rcm1.rcm.upr.edu\/juntadonaciones\/wp-content\/uploads\/sites\/20\/2020\/05\/imageedit_1_5188760232.jpg 1000w\" sizes=\"auto, (max-width: 509px) 100vw, 509px\" \/>[\/vc_column_text][\/vc_column][vc_column width=&#8221;1\/2&#8243;][vc_column_text][advanced_iframe src=&#8221;https:\/\/www.google.com\/maps\/embed\/v1\/place?q=UPR%20Ciencias%20M%C3%A9dicas%2C%20Cll%2062%20Southeast%2C%20San%20Juan%2C%20Puerto%20Rico&amp;key=AIzaSyBlkpM8HS4oxJ_siO15CpH7L4BwDnjRcvI&#8221; width=&#8221;100%&#8221; height=&#8221;600&#8243;][\/vc_column_text][\/vc_column][\/vc_row][vc_row][vc_column width=&#8221;1\/2&#8243;][vc_column_text]<strong>Direcci\u00f3n F\u00edsica<\/strong><br \/>\n\u00c1rea de Centro M\u00e9dico &#8211; San Juan<br \/>\nRecinto de Ciencias M\u00e9dicas<br \/>\nEdificio Dr. Guillermo Arbona (Edificio Principal)<br \/>\nOficina A-561 &#8211; 5to. piso<\/p>\n<p>&nbsp;<\/p>\n<p><strong>Direcci\u00f3n Postal<\/strong><br \/>\nJunta de Donaciones Anat\u00f3micas<br \/>\nP.O. Box 365067<br \/>\nSan Juan, P.R. 00936-5067[\/vc_column_text][\/vc_column][vc_column width=&#8221;1\/2&#8243;][vc_column_text]<strong>Tel\u00e9fono<\/strong><br \/>\n1-866-977-5977 (Libre de cargos 24 horas)<br \/>\n787-758- 2525 Ext. 1510<br \/>\n787-751-5977<\/p>\n<p>&nbsp;<\/p>\n<p><strong>Correo Electr\u00f3nico<\/strong><\/p>\n<p>juntadonaciones.rcm@upr.edu<\/p>\n<p>&nbsp;<\/p>\n<p>Para notificar el fallecimiento de un donante fuera de horas laborables llamar a los siguientes n\u00fameros telef\u00f3nicos:<br \/>\n787-368-4662<br \/>\n787-633-8117[\/vc_column_text][\/vc_column][\/vc_row]<\/p>\n<\/div>","protected":false},"excerpt":{"rendered":"<p>[vc_row][vc_column width=&#8221;1\/2&#8243;][vc_column_text][\/vc_column_text][\/vc_column][vc_column width=&#8221;1\/2&#8243;][vc_column_text][advanced_iframe src=&#8221;https:\/\/www.google.com\/maps\/embed\/v1\/place?q=UPR%20Ciencias%20M%C3%A9dicas%2C%20Cll%2062%20Southeast%2C%20San%20Juan%2C%20Puerto%20Rico&amp;key=AIzaSyBlkpM8HS4oxJ_siO15CpH7L4BwDnjRcvI&#8221; width=&#8221;100%&#8221; height=&#8221;600&#8243;][\/vc_column_text][\/vc_column][\/vc_row][vc_row][vc_column width=&#8221;1\/2&#8243;][vc_column_text]Direcci\u00f3n F\u00edsica \u00c1rea de Centro M\u00e9dico &#8211; San Juan Recinto de Ciencias M\u00e9dicas Edificio Dr. Guillermo Arbona (Edificio Principal) Oficina A-561 &#8211; 5to. piso &nbsp; Direcci\u00f3n Postal Junta de Donaciones Anat\u00f3micas P.O. Box 365067 San Juan, P.R. 00936-5067[\/vc_column_text][\/vc_column][vc_column width=&#8221;1\/2&#8243;][vc_column_text]Tel\u00e9fono 1-866-977-5977 (Libre de cargos 24 horas) 787-758- 2525 Ext. 1510&hellip;<\/p>\n","protected":false},"author":1,"featured_media":0,"parent":0,"menu_order":0,"comment_status":"closed","ping_status":"closed","template":"template-microsite.php","meta":{"footnotes":""},"class_list":["post-37","page","type-page","status-publish","hentry","description-off"],"aioseo_notices":[],"_links":{"self":[{"href":"https:\/\/rcm1.rcm.upr.edu\/juntadonaciones\/wp-json\/wp\/v2\/pages\/37","targetHints":{"allow":["GET"]}}],"collection":[{"href":"https:\/\/rcm1.rcm.upr.edu\/juntadonaciones\/wp-json\/wp\/v2\/pages"}],"about":[{"href":"https:\/\/rcm1.rcm.upr.edu\/juntadonaciones\/wp-json\/wp\/v2\/types\/page"}],"author":[{"embeddable":true,"href":"https:\/\/rcm1.rcm.upr.edu\/juntadonaciones\/wp-json\/wp\/v2\/users\/1"}],"replies":[{"embeddable":true,"href":"https:\/\/rcm1.rcm.upr.edu\/juntadonaciones\/wp-json\/wp\/v2\/comments?post=37"}],"version-history":[{"count":1,"href":"https:\/\/rcm1.rcm.upr.edu\/juntadonaciones\/wp-json\/wp\/v2\/pages\/37\/revisions"}],"predecessor-version":[{"id":340,"href":"https:\/\/rcm1.rcm.upr.edu\/juntadonaciones\/wp-json\/wp\/v2\/pages\/37\/revisions\/340"}],"wp:attachment":[{"href":"https:\/\/rcm1.rcm.upr.edu\/juntadonaciones\/wp-json\/wp\/v2\/media?parent=37"}],"curies":[{"name":"wp","href":"https:\/\/api.w.org\/{rel}","templated":true}]}}