{"id":127,"date":"2016-03-28T19:03:32","date_gmt":"2016-03-28T19:03:32","guid":{"rendered":"http:\/\/exalumnos.rcm.upr.edu\/pcnpr\/?page_id=24"},"modified":"2016-03-28T19:03:32","modified_gmt":"2016-03-28T19:03:32","slug":"contacto","status":"publish","type":"page","link":"https:\/\/rcm1.rcm.upr.edu\/neonatal\/contacto\/","title":{"rendered":"Contacto"},"content":{"rendered":"<p>Centro de Enfermedades Hereditarias y Programa de Cernimiento Neonatal de PR<br \/>\nHospital Pedi\u00e1trico Universitario,<br \/>\n2do piso, Oficina 2A-31<br \/>\nCentro M\u00e9dico<br \/>\nSan Juan, PR 00935<\/p>\n<p>&nbsp;<\/p>\n<p>Tel: 787-754-7410, 753-6340<br \/>\nFax: 787-767-8597<br \/>\nCorreo Electr\u00f3nico: <a href=\"mailto:prnewbornscreeningprogram.rcm@upr.edu\" target=\"_blank\" rel=\"noopener noreferrer\">prnewbornscreeningprogram.rcm@upr.edu<\/a><\/p>\n","protected":false},"excerpt":{"rendered":"<p>Centro de Enfermedades Hereditarias y Programa de Cernimiento Neonatal de PR Hospital Pedi\u00e1trico Universitario, 2do piso, Oficina 2A-31 Centro M\u00e9dico San Juan, PR 00935 &nbsp; Tel: 787-754-7410, 753-6340 Fax: 787-767-8597 Correo Electr\u00f3nico: prnewbornscreeningprogram.rcm@upr.edu<\/p>\n","protected":false},"author":1,"featured_media":0,"parent":0,"menu_order":0,"comment_status":"closed","ping_status":"closed","template":"template-microsite.php","meta":{"footnotes":""},"class_list":["post-127","page","type-page","status-publish","hentry","description-off"],"aioseo_notices":[],"_links":{"self":[{"href":"https:\/\/rcm1.rcm.upr.edu\/neonatal\/wp-json\/wp\/v2\/pages\/127","targetHints":{"allow":["GET"]}}],"collection":[{"href":"https:\/\/rcm1.rcm.upr.edu\/neonatal\/wp-json\/wp\/v2\/pages"}],"about":[{"href":"https:\/\/rcm1.rcm.upr.edu\/neonatal\/wp-json\/wp\/v2\/types\/page"}],"author":[{"embeddable":true,"href":"https:\/\/rcm1.rcm.upr.edu\/neonatal\/wp-json\/wp\/v2\/users\/1"}],"replies":[{"embeddable":true,"href":"https:\/\/rcm1.rcm.upr.edu\/neonatal\/wp-json\/wp\/v2\/comments?post=127"}],"version-history":[{"count":0,"href":"https:\/\/rcm1.rcm.upr.edu\/neonatal\/wp-json\/wp\/v2\/pages\/127\/revisions"}],"wp:attachment":[{"href":"https:\/\/rcm1.rcm.upr.edu\/neonatal\/wp-json\/wp\/v2\/media?parent=127"}],"curies":[{"name":"wp","href":"https:\/\/api.w.org\/{rel}","templated":true}]}}