{"id":526,"date":"2016-07-13T15:37:18","date_gmt":"2016-07-13T15:37:18","guid":{"rendered":"http:\/\/127.0.0.1\/rcm\/osi\/inicio\/"},"modified":"2025-06-12T20:29:37","modified_gmt":"2025-06-12T20:29:37","slug":"inicio","status":"publish","type":"page","link":"https:\/\/rcm1.rcm.upr.edu\/oficinasistemas\/","title":{"rendered":"Inicio"},"content":{"rendered":"<div class=\"wpb-content-wrapper\"><p>[vc_row][vc_column][vc_raw_js]JTNDJTIxLS0lMjBHbG9iYWwlMjBzaXRlJTIwdGFnJTIwJTI4Z3RhZy5qcyUyOSUyMC0lMjBHb29nbGUlMjBBbmFseXRpY3MlMjAtLSUzRSUwQSUzQ3NjcmlwdCUyMGFzeW5jJTIwc3JjJTNEJTIyaHR0cHMlM0ElMkYlMkZ3d3cuZ29vZ2xldGFnbWFuYWdlci5jb20lMkZndGFnJTJGanMlM0ZpZCUzRFVBLTExOTU5MDU2My0xJTIyJTNFJTNDJTJGc2NyaXB0JTNFJTBBJTNDc2NyaXB0JTNFJTBBJTIwJTIwd2luZG93LmRhdGFMYXllciUyMCUzRCUyMHdpbmRvdy5kYXRhTGF5ZXIlMjAlN0MlN0MlMjAlNUIlNUQlM0IlMEElMjAlMjBmdW5jdGlvbiUyMGd0YWclMjglMjklN0JkYXRhTGF5ZXIucHVzaCUyOGFyZ3VtZW50cyUyOSUzQiU3RCUwQSUyMCUyMGd0YWclMjglMjdqcyUyNyUyQyUyMG5ldyUyMERhdGUlMjglMjklMjklM0IlMEElMEElMjAlMjBndGFnJTI4JTI3Y29uZmlnJTI3JTJDJTIwJTI3VUEtMTE5NTkwNTYzLTElMjclMjklM0IlMEElM0MlMkZzY3JpcHQlM0UlMEE=[\/vc_raw_js][vc_row_inner][vc_column_inner width=&#8221;1\/6&#8243;][\/vc_column_inner][vc_column_inner width=&#8221;2\/3&#8243;][vc_column_text]<img loading=\"lazy\" decoding=\"async\" class=\"aligncenter wp-image-1982 size-full\" src=\"https:\/\/rcm1.rcm.upr.edu\/oficinasistemas\/wp-content\/uploads\/sites\/21\/2022\/02\/OSI-Pantera.jpg\" alt=\"\" width=\"1640\" height=\"924\" srcset=\"https:\/\/rcm1.rcm.upr.edu\/oficinasistemas\/wp-content\/uploads\/sites\/21\/2022\/02\/OSI-Pantera.jpg 1640w, https:\/\/rcm1.rcm.upr.edu\/oficinasistemas\/wp-content\/uploads\/sites\/21\/2022\/02\/OSI-Pantera-300x169.jpg 300w, https:\/\/rcm1.rcm.upr.edu\/oficinasistemas\/wp-content\/uploads\/sites\/21\/2022\/02\/OSI-Pantera-1024x577.jpg 1024w, https:\/\/rcm1.rcm.upr.edu\/oficinasistemas\/wp-content\/uploads\/sites\/21\/2022\/02\/OSI-Pantera-768x433.jpg 768w, https:\/\/rcm1.rcm.upr.edu\/oficinasistemas\/wp-content\/uploads\/sites\/21\/2022\/02\/OSI-Pantera-1536x865.jpg 1536w\" sizes=\"auto, (max-width: 1640px) 100vw, 1640px\" \/>[\/vc_column_text][\/vc_column_inner][vc_column_inner width=&#8221;1\/6&#8243;][\/vc_column_inner][\/vc_row_inner][\/vc_column][\/vc_row][vc_row][vc_column][vc_empty_space][vc_column_text]<\/p>\n<h3>Misi\u00f3n<\/h3>\n<p>Proveer a la comunidad del Recinto de Ciencias M\u00e9dicas (RCM) acceso a los recursos de tecnolog\u00edas de informaci\u00f3n y facilitar su uso e integraci\u00f3n en las ciencias de la salud en estrecha alianza con la comunidad y el sector de la salud.<\/p>\n<p>&nbsp;<\/p>\n<h3>Visi\u00f3n<\/h3>\n<p>Convertirnos en el modelo de excelencia en la adopci\u00f3n efectiva y eficiente de las tecnolog\u00edas de informaci\u00f3n en el campo de las ciencias de la salud en estrecha alianza con la comunidad y el sector de la salud.<\/p>\n<p>&nbsp;<\/p>\n<h3>Base Legal<\/h3>\n<h4>CERTIFICACION NUMERO 85 2022-2023 &#8211; POLITICA INSTITUCIONAL SOBRE EL USO Y ACCESO A LOS RECURSOS DE LA TECNOLOGIA DE LA INFORMACION DE LA UNIVERSIDAD DE PUERTO RICO<\/h4>\n<p>Cada Oficina de Sistemas de Informaci\u00f3n tiene la responsabilidad de proveerle recursos de tecnolog\u00eda de la informaci\u00f3n a los usuarios que tienen una necesidad leg\u00edtima; y al mismo tiempo, de proteger las redes, los sistemas, y los datos de la Universidad del acceso no autorizado y el abuso.<\/p>\n<p>&nbsp;<\/p>\n<p>La OSI coordinar\u00e1 con el equipo t\u00e9cnico y de seguridad designado de la oficina, la unidad, la facultad o la unidad para asegurar la confidencialidad, la integridad y la disponibilidad de los sistemas de la Universidad; y asegurar\u00e1 que se realice la acci\u00f3n adecuada oportunamente, seg\u00fan se requiera. La OSI llevar\u00e1 a cabo las acciones que sean razonables para asegurar el uso autorizado y la seguridad de los datos, los sistemas, las redes y las comunicaciones que se transmiten a trav\u00e9s de estos sistemas o redes. La OSI revisar\u00e1 los derechos de acceso de los usuarios leg\u00edtimos Regularmente.<\/p>\n<p>&nbsp;<\/p>\n<h4>Pol\u00edtica de Seguridad de Tecnolog\u00edas de Informaci\u00f3n del Recinto de Ciencias M\u00e9dicas, Certificaci\u00f3n N\u00fam. 100 (2004-05) de la Junta Administrativa<\/h4>\n<p>La Oficina de Sistemas de Informaci\u00f3n (OSI) provee a la comunidad del Recinto de Ciencias M\u00e9dicas (RCM) igualdad de acceso a los recursos de Tecnolog\u00edas de Informaci\u00f3n (TI) y facilita su uso e integraci\u00f3n en los procesos estudiantiles, acad\u00e9micos, de investigaci\u00f3n, administrativos y de servicios cl\u00ednicos del Recinto.<\/p>\n<p>&nbsp;<\/p>\n<p>El objetivo principal de la OSI es establecer y promulgar pol\u00edticas, gu\u00edas, procedimientos y est\u00e1ndares de TI que faciliten y promuevan el uso de las TI en forma integrada para satisfacer las necesidades de los usuarios de TI en el Recinto. La OSI es responsable por la administraci\u00f3n, desarrollo y mantenimiento de la infraestructura de comunicaci\u00f3n de data, voz y video en el Recinto. Adem\u00e1s, es responsable de proveer a la comunidad del Recinto acceso al Internet Dom\u00e9stico e Internet2.[\/vc_column_text][vc_empty_space][\/vc_column][\/vc_row][vc_row][vc_column width=&#8221;5\/6&#8243;][vc_empty_space][vc_column_text]<\/p>\n<h2 style=\"text-align: center;\">Servicios y Herramientas<\/h2>\n<p>[\/vc_column_text][vc_empty_space][\/vc_column][vc_column width=&#8221;1\/6&#8243;][\/vc_column][\/vc_row][vc_row][vc_column width=&#8221;1\/4&#8243;][vc_column_text]<\/p>\n<p style=\"text-align: center;\"><strong><a href=\"https:\/\/osi.rcm.upr.edu\/servicios-estudiantes-exalumnos\/\"><img loading=\"lazy\" decoding=\"async\" class=\"alignnone size-full wp-image-1490\" src=\"https:\/\/rcm1.rcm.upr.edu\/oficinasistemas\/wp-content\/uploads\/sites\/21\/2020\/04\/Estudiantes.png\" alt=\"\" width=\"300\" height=\"200\" \/><\/a><\/strong><\/p>\n<p style=\"text-align: center;\"><strong><a href=\"https:\/\/rcm1.rcm.upr.edu\/oficinasistemas\/servicios-estudiantes-exalumnos\/\">Estudiantes y Exalumnos<\/a><\/strong><\/p>\n<p>[\/vc_column_text][vc_empty_space height=&#8221;15px&#8221;][vc_column_text]<\/p>\n<p style=\"text-align: center;\"><strong><a href=\"https:\/\/osi.rcm.upr.edu\/servicios-facultad-empleados\/\"><img loading=\"lazy\" decoding=\"async\" class=\"alignnone size-full wp-image-1506\" src=\"https:\/\/rcm1.rcm.upr.edu\/oficinasistemas\/wp-content\/uploads\/sites\/21\/2020\/04\/Facultad-y-Empleados.png\" alt=\"\" width=\"300\" height=\"200\" \/><\/a><\/strong><\/p>\n<p style=\"text-align: center;\"><strong><a href=\"https:\/\/rcm1.rcm.upr.edu\/oficinasistemas\/servicios-facultad-empleados\/\">Facultad y Empleados<\/a><\/strong><\/p>\n<p>[\/vc_column_text][vc_empty_space height=&#8221;15px&#8221;][vc_column_text]<\/p>\n<p style=\"text-align: center;\"><strong><a href=\"https:\/\/osi.rcm.upr.edu\/servicios-visitantes\/\"><img loading=\"lazy\" decoding=\"async\" class=\"wp-image-1753 aligncenter\" src=\"https:\/\/rcm1.rcm.upr.edu\/oficinasistemas\/wp-content\/uploads\/sites\/21\/2020\/04\/users-1-300x300-1.png\" alt=\"\" width=\"200\" height=\"200\" srcset=\"https:\/\/rcm1.rcm.upr.edu\/oficinasistemas\/wp-content\/uploads\/sites\/21\/2020\/04\/users-1-300x300-1.png 300w, https:\/\/rcm1.rcm.upr.edu\/oficinasistemas\/wp-content\/uploads\/sites\/21\/2020\/04\/users-1-300x300-1-150x150.png 150w\" sizes=\"auto, (max-width: 200px) 100vw, 200px\" \/><\/a><\/strong><\/p>\n<p style=\"text-align: center;\"><strong><a href=\"https:\/\/rcm1.rcm.upr.edu\/oficinasistemas\/servicios-visitantes\/\">Visitantes<\/a><\/strong><\/p>\n<p>[\/vc_column_text][\/vc_column][vc_column width=&#8221;1\/2&#8243;][vc_column_text]<\/p>\n<p style=\"text-align: center;\"><a href=\"https:\/\/rcm1.rcm.upr.edu\/oficinasistemas\/cuentas-de-acceso\/\"><strong>Cuentas de Acceso<\/strong><\/a><a href=\"https:\/\/rcm1.rcm.upr.edu\/oficinasistemas\/cuentas-de-acceso\/\"><img loading=\"lazy\" decoding=\"async\" class=\"aligncenter wp-image-160 size-full\" src=\"https:\/\/rcm1.rcm.upr.edu\/oficinasistemas\/wp-content\/uploads\/sites\/21\/2020\/04\/locked-3.png\" alt=\"Bot\u00f3n Cuentas de Acceso\" width=\"150\" height=\"150\" \/><\/a><\/p>\n<p>[\/vc_column_text][vc_empty_space height=&#8221;15px&#8221;][vc_column_text css=&#8221;&#8221;]<\/p>\n<p style=\"text-align: center;\"><a href=\"https:\/\/rcmacceso.rcm.upr.edu\/showLogin.cc\" target=\"_blank\" rel=\"noopener noreferrer\"><strong><img loading=\"lazy\" decoding=\"async\" class=\"\" src=\"https:\/\/rcm1.rcm.upr.edu\/oficinasistemas\/wp-content\/uploads\/sites\/21\/2020\/04\/Password-300x284.png\" width=\"155\" height=\"146\" \/><\/strong><\/a><\/p>\n<p style=\"text-align: center;\"><a href=\"https:\/\/rcmacceso.rcm.upr.edu\" target=\"_blank\" rel=\"noopener noreferrer\"><strong>Cambio de contrase\u00f1a Active Directory<\/strong><\/a><\/p>\n<p>[\/vc_column_text][vc_empty_space height=&#8221;15px&#8221;][\/vc_column][vc_column width=&#8221;1\/4&#8243;][vc_column_text css=&#8221;&#8221;]<\/p>\n<p style=\"text-align: center;\"><a href=\"https:\/\/helpdesk.rcm.upr.edu\"><img loading=\"lazy\" decoding=\"async\" class=\"aligncenter wp-image-1986 size-full\" src=\"https:\/\/rcm1.rcm.upr.edu\/oficinasistemas\/wp-content\/uploads\/sites\/21\/2022\/02\/Banner_Help_Desk_OSI.png\" alt=\"\" width=\"600\" height=\"150\" srcset=\"https:\/\/rcm1.rcm.upr.edu\/oficinasistemas\/wp-content\/uploads\/sites\/21\/2022\/02\/Banner_Help_Desk_OSI.png 600w, https:\/\/rcm1.rcm.upr.edu\/oficinasistemas\/wp-content\/uploads\/sites\/21\/2022\/02\/Banner_Help_Desk_OSI-300x75.png 300w\" sizes=\"auto, (max-width: 600px) 100vw, 600px\" \/><\/a><\/p>\n<p style=\"text-align: center;\"><strong><a href=\"https:\/\/helpdesk.rcm.upr.edu\" target=\"_blank\" rel=\"noopener\">Solicitud de Servicios de Apoyo T\u00e9cnico<\/a><\/strong><\/p>\n<p>[\/vc_column_text][vc_empty_space height=&#8221;15px&#8221;][vc_column_text]<\/p>\n<h3>Enlaces<\/h3>\n<p>[\/vc_column_text][vc_column_text]<\/p>\n<ul>\n<li><a href=\"https:\/\/rcm1.rcm.upr.edu\/\">Recinto de Ciencias M\u00e9dicas<\/a><\/li>\n<li><a href=\"https:\/\/login.microsoftonline.com\/common\/oauth2\/authorize?client_id=00000002-0000-0ff1-ce00-000000000000&amp;redirect_uri=https%3a%2f%2foutlook.office.com%2fowa%2f&amp;resource=00000002-0000-0ff1-ce00-000000000000&amp;response_mode=form_post&amp;response_type=code+id_token&amp;scope=openid&amp;msafed=1&amp;msaredir=1&amp;client-request-id=4902fd46-9111-4e64-ad5d-922ac6994eac&amp;protectedtoken=true&amp;claims=%7b%22id_token%22%3a%7b%22xms_cc%22%3a%7b%22values%22%3a%5b%22CP1%22%5d%7d%7d%7d&amp;nonce=637594449458655171.435e0e37-647e-4576-b241-f829caaf4788&amp;state=Dcs7EoAgDEXRoONyIiAvH5aDDrSWbt8U53Y3EdEetpBKhEybSQfQIa4i1eqJJrPMZqywyRBTvi9UXn71Z4wFc0_xHvn9Rv4B\" target=\"_blank\" rel=\"noopener noreferrer\">Email Microsoft 365 (Outlook)<\/a><\/li>\n<li><a href=\"https:\/\/idp.upr.edu\/module.php\/core\/no_cookie.php?retryURL=https%3A%2F%2Fidp.upr.edu%2Fsaml2%2Fidp%2FSSOService.php%3Fspentityid%3Dgoogle.com%252Fa%252Fupr.edu%26RelayState%3Dhttps%253A%252F%252Fwww.google.com%252Fa%252Fupr.edu%252FServiceLogin%253Fservice%253Dmail%2526passive%253Dtrue%2526rm%253Dfalse%2526continue%253Dhttps%25253A%25252F%25252Fmail.google.com%25252Fmail%25252F%2526ss%253D1%2526ltmpl%253Ddefault%2526ltmplcache%253D2%2526emr%253D1%2526osid%253D1%26cookieTime%3D1623848141\">Correo Electr\u00f3nico GAE<\/a><\/li>\n<li><a href=\"https:\/\/portal.upr.edu\/rcm\/portal.php?a=rea_login\">Portal Next<\/a><\/li>\n<li><a href=\"https:\/\/sistemaupr.sharepoint.com\/sites\/RCMIntranet\" target=\"_blank\" rel=\"noopener noreferrer\">Portal de Empleados<\/a><\/li>\n<li><a href=\"https:\/\/rcm1.rcm.upr.edu\/decanatoestudiantes\">Decanato de Estudiantes<\/a><\/li>\n<li><a href=\"https:\/\/sistemas.rcm.upr.edu\/prei\/\" target=\"_blank\" rel=\"noopener noreferrer\">PREI<\/a><\/li>\n<li><a href=\"https:\/\/sistemas.rcm.upr.edu\/mi-info\/\" target=\"_blank\" rel=\"noopener noreferrer\">Mi-Info<\/a><\/li>\n<li><a href=\"https:\/\/acceso.rcm.upr.edu\/showLogin.cc\" target=\"_blank\" rel=\"noopener noreferrer\">Manejo de Credenciales<\/a><\/li>\n<\/ul>\n<p>[\/vc_column_text][\/vc_column][\/vc_row]<\/p>\n<\/div>","protected":false},"excerpt":{"rendered":"<p>[vc_row][vc_column][vc_raw_js]JTNDJTIxLS0lMjBHbG9iYWwlMjBzaXRlJTIwdGFnJTIwJTI4Z3RhZy5qcyUyOSUyMC0lMjBHb29nbGUlMjBBbmFseXRpY3MlMjAtLSUzRSUwQSUzQ3NjcmlwdCUyMGFzeW5jJTIwc3JjJTNEJTIyaHR0cHMlM0ElMkYlMkZ3d3cuZ29vZ2xldGFnbWFuYWdlci5jb20lMkZndGFnJTJGanMlM0ZpZCUzRFVBLTExOTU5MDU2My0xJTIyJTNFJTNDJTJGc2NyaXB0JTNFJTBBJTNDc2NyaXB0JTNFJTBBJTIwJTIwd2luZG93LmRhdGFMYXllciUyMCUzRCUyMHdpbmRvdy5kYXRhTGF5ZXIlMjAlN0MlN0MlMjAlNUIlNUQlM0IlMEElMjAlMjBmdW5jdGlvbiUyMGd0YWclMjglMjklN0JkYXRhTGF5ZXIucHVzaCUyOGFyZ3VtZW50cyUyOSUzQiU3RCUwQSUyMCUyMGd0YWclMjglMjdqcyUyNyUyQyUyMG5ldyUyMERhdGUlMjglMjklMjklM0IlMEElMEElMjAlMjBndGFnJTI4JTI3Y29uZmlnJTI3JTJDJTIwJTI3VUEtMTE5NTkwNTYzLTElMjclMjklM0IlMEElM0MlMkZzY3JpcHQlM0UlMEE=[\/vc_raw_js][vc_row_inner][vc_column_inner width=&#8221;1\/6&#8243;][\/vc_column_inner][vc_column_inner width=&#8221;2\/3&#8243;][vc_column_text][\/vc_column_text][\/vc_column_inner][vc_column_inner width=&#8221;1\/6&#8243;][\/vc_column_inner][\/vc_row_inner][\/vc_column][\/vc_row][vc_row][vc_column][vc_empty_space][vc_column_text] Misi\u00f3n Proveer a la comunidad del Recinto de Ciencias M\u00e9dicas (RCM) acceso a los recursos de tecnolog\u00edas de informaci\u00f3n y facilitar su uso e integraci\u00f3n en las ciencias de la salud en estrecha alianza con la comunidad y el sector de la salud. &nbsp; Visi\u00f3n Convertirnos en el modelo de excelencia&hellip;<\/p>\n","protected":false},"author":1,"featured_media":0,"parent":0,"menu_order":0,"comment_status":"closed","ping_status":"closed","template":"template-microsite.php","meta":{"footnotes":""},"class_list":["post-526","page","type-page","status-publish","hentry","description-off"],"aioseo_notices":[],"_links":{"self":[{"href":"https:\/\/rcm1.rcm.upr.edu\/oficinasistemas\/wp-json\/wp\/v2\/pages\/526","targetHints":{"allow":["GET"]}}],"collection":[{"href":"https:\/\/rcm1.rcm.upr.edu\/oficinasistemas\/wp-json\/wp\/v2\/pages"}],"about":[{"href":"https:\/\/rcm1.rcm.upr.edu\/oficinasistemas\/wp-json\/wp\/v2\/types\/page"}],"author":[{"embeddable":true,"href":"https:\/\/rcm1.rcm.upr.edu\/oficinasistemas\/wp-json\/wp\/v2\/users\/1"}],"replies":[{"embeddable":true,"href":"https:\/\/rcm1.rcm.upr.edu\/oficinasistemas\/wp-json\/wp\/v2\/comments?post=526"}],"version-history":[{"count":14,"href":"https:\/\/rcm1.rcm.upr.edu\/oficinasistemas\/wp-json\/wp\/v2\/pages\/526\/revisions"}],"predecessor-version":[{"id":2089,"href":"https:\/\/rcm1.rcm.upr.edu\/oficinasistemas\/wp-json\/wp\/v2\/pages\/526\/revisions\/2089"}],"wp:attachment":[{"href":"https:\/\/rcm1.rcm.upr.edu\/oficinasistemas\/wp-json\/wp\/v2\/media?parent=526"}],"curies":[{"name":"wp","href":"https:\/\/api.w.org\/{rel}","templated":true}]}}