{"id":53,"date":"2016-12-06T18:58:09","date_gmt":"2016-12-06T18:58:09","guid":{"rendered":"http:\/\/127.0.0.1\/rcm\/osi\/servicios\/"},"modified":"2016-12-06T18:58:09","modified_gmt":"2016-12-06T18:58:09","slug":"servicios","status":"publish","type":"page","link":"https:\/\/rcm1.rcm.upr.edu\/oficinasistemas\/servicios\/","title":{"rendered":"Cat\u00e1logo de Servicios"},"content":{"rendered":"<div class=\"wpb-content-wrapper\"><p>[vc_row][vc_column][vc_empty_space][vc_column_text]Entre los servicios que ofrece la Oficina de Sistemas de Informaci\u00f3n a la comunidad del Recinto de Ciencias M\u00e9dicas est\u00e1n los siguientes:<\/p>\n<p>&nbsp;<\/p>\n<p><strong><img loading=\"lazy\" decoding=\"async\" class=\"wp-image-172 alignleft\" src=\"https:\/\/rcm1.rcm.upr.edu\/oficinasistemas\/wp-content\/uploads\/sites\/21\/2020\/04\/settings.png\" alt=\"Sistema Administrativo\" width=\"32\" height=\"32\" \/>\u00a0Administraci\u00f3n y Manejo del Sistema Administrativo y Estudiantil (HRS y SIS), adem\u00e1s de apoyo a ciertos procesos en UFIS y HRMS<\/strong><\/p>\n<p>&nbsp;<\/p>\n<p><strong><img loading=\"lazy\" decoding=\"async\" class=\"wp-image-210 alignleft\" src=\"https:\/\/rcm1.rcm.upr.edu\/oficinasistemas\/wp-content\/uploads\/sites\/21\/2020\/04\/cloud-computing.png\" alt=\"Cloud\" width=\"32\" height=\"32\" \/>\u00a0Administraci\u00f3n de Infraestructura de Servidores y Sistemas de Almacenamiento de Datos Centrales<\/strong><\/p>\n<p>&nbsp;<\/p>\n<p><strong><img loading=\"lazy\" decoding=\"async\" class=\"wp-image-211 alignleft\" src=\"https:\/\/rcm1.rcm.upr.edu\/oficinasistemas\/wp-content\/uploads\/sites\/21\/2020\/04\/internet.png\" alt=\"Network\" width=\"32\" height=\"32\" \/>\u00a0Administraci\u00f3n de Infraestructura y Servicios de Comunicaciones Electr\u00f3nicas del Recinto<\/strong><\/p>\n<p>&nbsp;<\/p>\n<p><strong><img loading=\"lazy\" decoding=\"async\" class=\"wp-image-212 alignleft\" src=\"https:\/\/rcm1.rcm.upr.edu\/oficinasistemas\/wp-content\/uploads\/sites\/21\/2020\/04\/computer.png\" alt=\"Computer\" width=\"32\" height=\"32\" \/>\u00a0Programaci\u00f3n de Aplicaciones y Sistemas de Informaci\u00f3n<\/strong><\/p>\n<p>&nbsp;<\/p>\n<p><img loading=\"lazy\" decoding=\"async\" class=\"wp-image-173 alignleft\" src=\"https:\/\/rcm1.rcm.upr.edu\/oficinasistemas\/wp-content\/uploads\/sites\/21\/2020\/04\/group.png\" alt=\"Otras Cuentas\" width=\"32\" height=\"32\" \/>\u00a0<strong>Ejecuci\u00f3n de procesos para aplicar y completar transacciones sometidas al Sistema Administrativo (HRS) y Estudiantil (SIS)<\/strong><\/p>\n<p>&nbsp;<\/p>\n<p><img loading=\"lazy\" decoding=\"async\" class=\"wp-image-169 alignleft\" src=\"https:\/\/rcm1.rcm.upr.edu\/oficinasistemas\/wp-content\/uploads\/sites\/21\/2020\/04\/email.png\" alt=\"Email\" width=\"32\" height=\"32\" \/>\u00a0<strong>Creaci\u00f3n y Manejo de Cuentas:<\/strong> Cuenta de Correo Electr\u00f3nico Institucional, Active Directory, VPN y para el Sistema Administrativo<\/p>\n<p>&nbsp;<\/p>\n<p><img loading=\"lazy\" decoding=\"async\" class=\"wp-image-171 alignleft\" src=\"https:\/\/rcm1.rcm.upr.edu\/oficinasistemas\/wp-content\/uploads\/sites\/21\/2020\/04\/earth-globe.png\" alt=\"VPN\" width=\"32\" height=\"32\" \/>\u00a0<strong>Acceso al Portal de Empleados o Intranet del RCM u otras Aplicaciones y Sistemas en l\u00ednea<\/strong><\/p>\n<p>&nbsp;<\/p>\n<p><img loading=\"lazy\" decoding=\"async\" class=\"wp-image-211 alignleft\" src=\"https:\/\/rcm1.rcm.upr.edu\/oficinasistemas\/wp-content\/uploads\/sites\/21\/2020\/04\/internet.png\" alt=\"Network\" width=\"32\" height=\"32\" \/>\u00a0<strong>Acceso a la Red Alambrada e Inal\u00e1mbrica (<em>Wireless<\/em>)<\/strong><\/p>\n<p>&nbsp;<\/p>\n<p><img loading=\"lazy\" decoding=\"async\" class=\"wp-image-214 alignleft\" src=\"https:\/\/rcm1.rcm.upr.edu\/oficinasistemas\/wp-content\/uploads\/sites\/21\/2020\/04\/browser.png\" alt=\"App\" width=\"32\" height=\"32\" \/>\u00a0<strong>Adquisici\u00f3n de programas de la Compa\u00f1\u00eda <em>Microsoft\u00ae<\/em> o <em>Adobe<\/em>:<\/strong><\/p>\n<p style=\"text-align: left\">La Universidad de Puerto Rico tiene un acuerdo con la compa\u00f1\u00eda\u00a0<em>Microsoft\u00a0<\/em>para\u00a0la adquisici\u00f3n de programas para computadoras de la instituci\u00f3n. El acuerdo tambi\u00e9n permite que utilice el<em>\u00a0Microsoft Office<\/em>\u00a0365 en sus dispositivos y computadoras personales. Puede activar y descargar la versi\u00f3n de\u00a0<em>Office<\/em>\u00a0365, seg\u00fan aplique a su dispositivo a trav\u00e9s del portal\u00a0<em>Next<\/em>.<\/p>\n<p>&nbsp;<\/p>\n<p style=\"text-align: left\">La UPR otorg\u00f3 a la compa\u00f1\u00eda PEGS-PR la subasta institucional para la adquisici\u00f3n de programas de la compa\u00f1\u00eda Adobe. Para informaci\u00f3n adici\u00f3nal, comun\u00edquese a\u00a0 <a href=\"https:\/\/rcmworks.rcm.upr.edu\/portal\" target=\"_blank\" rel=\"noopener noreferrer\">http:\/\/rcmworks.rcm.upr.edu\/portal<\/a>.<\/p>\n<p>&nbsp;<\/p>\n<p><img loading=\"lazy\" decoding=\"async\" class=\"wp-image-211 alignleft\" src=\"https:\/\/rcm1.rcm.upr.edu\/oficinasistemas\/wp-content\/uploads\/sites\/21\/2020\/04\/internet.png\" alt=\"Network\" width=\"32\" height=\"32\" \/>\u00a0<strong>Servicio de Apoyo T\u00e9cnico y Telecomunicaciones<\/strong><\/p>\n<p>En caso de no tener personal t\u00e9cnico asignado a su unidad, departamento, escuela o decanato, o de necesitar alguno de los servicios antes mencionados. Puede solicitar los servicios de apoyo t\u00e9cnico a trav\u00e9s del Sistema Electr\u00f3nico de Apoyo al Usuario en: <a href=\"https:\/\/rcmworks.rcm.upr.edu\/portal\" target=\"_blank\" rel=\"noopener noreferrer\">http:\/\/rcmworks.rcm.upr.edu\/portal<\/a>. De no lograr acceso al Sistema Electr\u00f3nico, nos puede visitar en la Oficina A205, segundo piso del Edificio Principal (Guillermo Arbona Irrizarry), o se puede comunicar a las extensiones 1244, 1245 y 1064.<\/p>\n<p>&nbsp;<\/p>\n<p><img loading=\"lazy\" decoding=\"async\" class=\"wp-image-215 alignleft\" src=\"https:\/\/rcm1.rcm.upr.edu\/oficinasistemas\/wp-content\/uploads\/sites\/21\/2020\/04\/shield-2.png\" alt=\"\" width=\"32\" height=\"32\" \/>\u00a0<strong>Programa para protecci\u00f3n de virus inform\u00e1ticos y asuntos sobre Seguridad y Privacidad de la Informaci\u00f3n<\/strong><\/p>\n<p>&nbsp;<\/p>\n<p><img loading=\"lazy\" decoding=\"async\" class=\"wp-image-216 alignleft\" src=\"https:\/\/rcm1.rcm.upr.edu\/oficinasistemas\/wp-content\/uploads\/sites\/21\/2020\/04\/shield-1.png\" alt=\"Firewall\" width=\"32\" height=\"32\" \/>\u00a0<strong>Cambios a tr\u00e1fico en el Firewall<\/strong><\/p>\n<p>&nbsp;<\/p>\n<p><img loading=\"lazy\" decoding=\"async\" class=\"wp-image-171 alignleft\" src=\"https:\/\/rcm1.rcm.upr.edu\/oficinasistemas\/wp-content\/uploads\/sites\/21\/2020\/04\/earth-globe.png\" alt=\"VPN\" width=\"32\" height=\"32\" \/>\u00a0<strong>Registro de nombre para subdominio Ej. (subdominio.rcm.upr.edu)<\/strong><\/p>\n<p>&nbsp;<\/p>\n<p><img loading=\"lazy\" decoding=\"async\" class=\"wp-image-211 alignleft\" src=\"https:\/\/rcm1.rcm.upr.edu\/oficinasistemas\/wp-content\/uploads\/sites\/21\/2020\/04\/internet.png\" alt=\"Network\" width=\"32\" height=\"32\" \/>\u00a0<strong>Asistencia en identificaci\u00f3n, selecci\u00f3n de equipo de telecomunicaciones y servidores y en su integraci\u00f3n con la infraestructura de tecnolog\u00edas existente en el RCM.<\/strong><\/p>\n<p>&nbsp;<\/p>\n<p><img loading=\"lazy\" decoding=\"async\" class=\"wp-image-217 alignleft\" src=\"https:\/\/rcm1.rcm.upr.edu\/oficinasistemas\/wp-content\/uploads\/sites\/21\/2020\/04\/document-3.png\" alt=\"Documents\" width=\"32\" height=\"32\" \/>\u00a0<strong>Administrar y manejar informes de n\u00f3minas e imprimir informes generados por los sistemas administrativos y sus m\u00f3dulos UFIS, HRS y SIS.<\/strong><\/p>\n<p>&nbsp;<\/p>\n<h3 style=\"text-align: center\">Para solicitar los servicios antes mencionados acceda la <a href=\"https:\/\/osi.rcm.upr.edu\/contactenos\/\">Secci\u00f3n Cont\u00e1ctenos<\/a>.<\/h3>\n<p>Servicios Especializados:<\/p>\n<p>La Oficina de Sistemas de Informaci\u00f3n provee servicios especializados mediante Acuerdos de Servicios para Escuelas, Decanatos, Departamentos y Unidades del Recinto.<\/p>\n<ol>\n<li>\u00a0Dise\u00f1o, creaci\u00f3n y alojamiento de p\u00e1ginas de Internet y portales cibern\u00e9ticos<\/li>\n<li>\u00a0Alojamiento de Servidor F\u00edsico<\/li>\n<li>\u00a0Alojamiento de Servidor Virtual<\/li>\n<li>\u00a0Resguardo de Datos<\/li>\n<li>\u00a0Almacenamiento de Datos<\/li>\n<\/ol>\n<p>Para solicitar alguno de los servicios especializados, debe llenar una Solicitud de Servicio, o en caso de no tener acceso al Sistema Electr\u00f3nico puede comunicarse a la extensi\u00f3n 1243, o contactarnos a trav\u00e9s de <a href=\"mailto:rcmticket.rcm@upr.edu\">rcmticket.rcm@upr.edu<\/a>.[\/vc_column_text][\/vc_column][\/vc_row]<\/p>\n<\/div>","protected":false},"excerpt":{"rendered":"<p>[vc_row][vc_column][vc_empty_space][vc_column_text]Entre los servicios que ofrece la Oficina de Sistemas de Informaci\u00f3n a la comunidad del Recinto de Ciencias M\u00e9dicas est\u00e1n los siguientes: &nbsp; \u00a0Administraci\u00f3n y Manejo del Sistema Administrativo y Estudiantil (HRS y SIS), adem\u00e1s de apoyo a ciertos procesos en UFIS y HRMS &nbsp; \u00a0Administraci\u00f3n de Infraestructura de Servidores y Sistemas de Almacenamiento de&hellip;<\/p>\n","protected":false},"author":1,"featured_media":0,"parent":0,"menu_order":0,"comment_status":"closed","ping_status":"closed","template":"template-microsite.php","meta":{"footnotes":""},"class_list":["post-53","page","type-page","status-publish","hentry","description-off"],"aioseo_notices":[],"_links":{"self":[{"href":"https:\/\/rcm1.rcm.upr.edu\/oficinasistemas\/wp-json\/wp\/v2\/pages\/53","targetHints":{"allow":["GET"]}}],"collection":[{"href":"https:\/\/rcm1.rcm.upr.edu\/oficinasistemas\/wp-json\/wp\/v2\/pages"}],"about":[{"href":"https:\/\/rcm1.rcm.upr.edu\/oficinasistemas\/wp-json\/wp\/v2\/types\/page"}],"author":[{"embeddable":true,"href":"https:\/\/rcm1.rcm.upr.edu\/oficinasistemas\/wp-json\/wp\/v2\/users\/1"}],"replies":[{"embeddable":true,"href":"https:\/\/rcm1.rcm.upr.edu\/oficinasistemas\/wp-json\/wp\/v2\/comments?post=53"}],"version-history":[{"count":0,"href":"https:\/\/rcm1.rcm.upr.edu\/oficinasistemas\/wp-json\/wp\/v2\/pages\/53\/revisions"}],"wp:attachment":[{"href":"https:\/\/rcm1.rcm.upr.edu\/oficinasistemas\/wp-json\/wp\/v2\/media?parent=53"}],"curies":[{"name":"wp","href":"https:\/\/api.w.org\/{rel}","templated":true}]}}