{"id":156,"date":"2018-10-12T17:44:40","date_gmt":"2018-10-12T17:44:40","guid":{"rendered":"http:\/\/exalumnos.rcm.upr.edu\/pdc\/?page_id=13"},"modified":"2018-10-12T17:44:40","modified_gmt":"2018-10-12T17:44:40","slug":"unidades","status":"publish","type":"page","link":"https:\/\/rcm1.rcm.upr.edu\/planificaciondiseno\/unidades\/","title":{"rendered":"Unidades"},"content":{"rendered":"<h3><strong>Oficina del Director<\/strong><\/h3>\n<blockquote><p><b>Funciones Principales<\/b><\/p>\n<ol>\n<li>Planificar, dirigir y supervisar todas las actividades de la oficina.<\/li>\n<li>Coordina con los decanos todos los planes de desarrollo f\u00edsico de su decanato<\/li>\n<li>Asesora al Rector en aspectos relacionados con el desarrollo f\u00edsico del Recinto<\/li>\n<li>Asesora al Rector en la evaluaci\u00f3n de los espacios f\u00edsicos<\/li>\n<li>Coordina con la Oficina de Planificaci\u00f3n y Desarrollo F\u00edsico Central todo lo relacionado con los proyectos de mejoras permanentes del Recinto<\/li>\n<\/ol>\n<p>&nbsp;<\/p>\n<h3><b>A. <strong>Unidad Administrativa<\/strong><\/b><\/h3>\n<p><b>Funciones Principales<\/b><\/p>\n<ol>\n<li>Preparar y administrar los contratos de dise\u00f1o, construcci\u00f3n e inspecci\u00f3n<\/li>\n<li>Recibir y procesar las facturas y certificaciones de dise\u00f1adores, contratistas e inspectores<\/li>\n<li>Supervisar los fondos de dise\u00f1o, construcci\u00f3n e inspecci\u00f3n de proyectos<\/li>\n<li>Administrar los procesos de la Junta de Subastas de Mejoras Permanentes<\/li>\n<\/ol>\n<p>&nbsp;<\/p>\n<h3><b><b><b>B.\u00a0<\/b><\/b><\/b><strong>Unidad de Planificaci\u00f3n y Dise\u00f1o<\/strong><\/h3>\n<p><b>Funciones Principales<\/b><\/p>\n<ol>\n<li>Planificar y programar los proyectos de construcci\u00f3n (PMP)<\/li>\n<li>Dise\u00f1ar o coordinar el dise\u00f1o de proyectos<\/li>\n<li>Mantener el inventario de espacios del Recinto de Ciencias M\u00e9dicas<\/li>\n<li>Evaluaci\u00f3n de espacios para maximizar su eficiencia<\/li>\n<li>Administrar el Plan Maestro<\/li>\n<li>Asesorar al Rector y otros funcionarios y a la Junta de Subasta de Mejoras Permanentes<\/li>\n<\/ol>\n<p>&nbsp;<\/p>\n<h3><b>C. <strong>Unidad de Construcci\u00f3n<\/strong><\/b><\/h3>\n<p><b>Funciones Principales<\/b><\/p>\n<ol>\n<li>Administrar los proyectos de construcci\u00f3n<\/li>\n<li>Programar la construcci\u00f3n de proyectos<\/li>\n<li>Inspeccionar los proyectos con fondos institucionales<\/li>\n<li>Evaluar y aprobar las certificaciones de pago de proyectos<\/li>\n<\/ol>\n<\/blockquote>\n","protected":false},"excerpt":{"rendered":"<p>Oficina del Director Funciones Principales Planificar, dirigir y supervisar todas las actividades de la oficina. Coordina con los decanos todos los planes de desarrollo f\u00edsico de su decanato Asesora al Rector en aspectos relacionados con el desarrollo f\u00edsico del Recinto Asesora al Rector en la evaluaci\u00f3n de los espacios f\u00edsicos Coordina con la Oficina de&hellip;<\/p>\n","protected":false},"author":1,"featured_media":0,"parent":0,"menu_order":0,"comment_status":"closed","ping_status":"closed","template":"template-microsite.php","meta":{"footnotes":""},"class_list":["post-156","page","type-page","status-publish","hentry","description-off"],"aioseo_notices":[],"_links":{"self":[{"href":"https:\/\/rcm1.rcm.upr.edu\/planificaciondiseno\/wp-json\/wp\/v2\/pages\/156","targetHints":{"allow":["GET"]}}],"collection":[{"href":"https:\/\/rcm1.rcm.upr.edu\/planificaciondiseno\/wp-json\/wp\/v2\/pages"}],"about":[{"href":"https:\/\/rcm1.rcm.upr.edu\/planificaciondiseno\/wp-json\/wp\/v2\/types\/page"}],"author":[{"embeddable":true,"href":"https:\/\/rcm1.rcm.upr.edu\/planificaciondiseno\/wp-json\/wp\/v2\/users\/1"}],"replies":[{"embeddable":true,"href":"https:\/\/rcm1.rcm.upr.edu\/planificaciondiseno\/wp-json\/wp\/v2\/comments?post=156"}],"version-history":[{"count":0,"href":"https:\/\/rcm1.rcm.upr.edu\/planificaciondiseno\/wp-json\/wp\/v2\/pages\/156\/revisions"}],"wp:attachment":[{"href":"https:\/\/rcm1.rcm.upr.edu\/planificaciondiseno\/wp-json\/wp\/v2\/media?parent=156"}],"curies":[{"name":"wp","href":"https:\/\/api.w.org\/{rel}","templated":true}]}}