{"id":39,"date":"2018-06-27T17:58:45","date_gmt":"2018-06-27T17:58:45","guid":{"rendered":"http:\/\/127.0.0.1\/rcm\/prensa\/"},"modified":"2018-06-27T17:58:45","modified_gmt":"2018-06-27T17:58:45","slug":"inicio","status":"publish","type":"page","link":"https:\/\/rcm1.rcm.upr.edu\/prensa\/","title":{"rendered":"Oficina de Prensa y Comunicaciones"},"content":{"rendered":"<div class=\"wpb-content-wrapper\"><p>[vc_row][vc_column][vc_raw_js]JTNDJTIxLS0lMjBHbG9iYWwlMjBzaXRlJTIwdGFnJTIwJTI4Z3RhZy5qcyUyOSUyMC0lMjBHb29nbGUlMjBBbmFseXRpY3MlMjAtLSUzRSUwQSUzQ3NjcmlwdCUyMGFzeW5jJTIwc3JjJTNEJTIyaHR0cHMlM0ElMkYlMkZ3d3cuZ29vZ2xldGFnbWFuYWdlci5jb20lMkZndGFnJTJGanMlM0ZpZCUzRFVBLTExOTU5MjEyMy0xMyUyMiUzRSUzQyUyRnNjcmlwdCUzRSUwQSUzQ3NjcmlwdCUzRSUwQSUyMCUyMHdpbmRvdy5kYXRhTGF5ZXIlMjAlM0QlMjB3aW5kb3cuZGF0YUxheWVyJTIwJTdDJTdDJTIwJTVCJTVEJTNCJTBBJTIwJTIwZnVuY3Rpb24lMjBndGFnJTI4JTI5JTdCZGF0YUxheWVyLnB1c2glMjhhcmd1bWVudHMlMjklM0IlN0QlMEElMjAlMjBndGFnJTI4JTI3anMlMjclMkMlMjBuZXclMjBEYXRlJTI4JTI5JTI5JTNCJTBBJTBBJTIwJTIwZ3RhZyUyOCUyN2NvbmZpZyUyNyUyQyUyMCUyN1VBLTExOTU5MjEyMy0xMyUyNyUyOSUzQiUwQSUzQyUyRnNjcmlwdCUzRSUwQQ==[\/vc_raw_js][vc_column_text]La Oficina de Prensa y Comunicaciones del Recinto de Ciencias M\u00e9dicas (RCM) es el enlace entre la instituci\u00f3n y la comunidad universitaria, los medios de comunicaci\u00f3n del pa\u00eds y la poblaci\u00f3n general.<\/p>\n<p>&nbsp;<\/p>\n<p>Parte de las labores de los profesionales que se desempe\u00f1an en esta oficina es dar a conocer al p\u00fablico interno y externo el quehacer diario del RCM dentro del \u00e1mbito acad\u00e9mico, investigativo y de servicios de salud. Para lograr este objetivo se utilizan diversas estrategias, tales como: conferencias de prensa, comunicados de prensa, publicaci\u00f3n de art\u00edculos en los medios de comunicaci\u00f3n digitales e impresos y redes sociales. Tambi\u00e9n coordinamos la participaci\u00f3n de recursos del RCM en programas radiales y televisivos, entre otras.<\/p>\n<p>&nbsp;<\/p>\n<p>Otra de las funciones de la Oficina es asesorar a la comunidad universitaria sobre las diversas estrategias de comunicaci\u00f3n que pueden utilizar para lograr las metas de sus programas. Adem\u00e1s, somos el v\u00ednculo de los reporteros del pa\u00eds y los profesores, investigadores y estudiantes. A trav\u00e9s de la oficina se tramitan entrevistas, grabaciones y colaboraciones con los medios de comunicaci\u00f3n.<\/p>\n<p>&nbsp;<\/p>\n<p>Como Oficina de Prensa y Comunicaciones de la principal instituci\u00f3n educativa dedicada a la salud del pa\u00eds, nuestra misi\u00f3n es que las investigaciones e iniciativas que genera el RCM tengan un impacto y trascendencia social a nivel local, nacional e internacional.[\/vc_column_text][vc_empty_space][vc_separator][vc_column_text]<em>The MSC is\u00a0committed to transparency and effective communication with the university community. To achieve this goal, the Institution adopted the\u00a0<b>S2C2.6-Clear Communication approach of the<\/b>\u00a0<b data-ogsc=\"\">National Institute of Health, Office of Communications and Public Liaison<\/b><span class=\"x_x_x_x_MsoCommentReference\"><a class=\"x_x_x_x_msocomanchor\" href=\"https:\/\/rcm2.rcm.upr.edu\/wp-content\/uploads\/2021\/07\/S2C2.6-Clear-Communication-_-National-Institutes-of-Health-NIH.pdf\" target=\"_blank\" rel=\"noopener\" data-linkindex=\"2\" data-ogsc=\"\">[DHS1]<\/a><\/span>.\u00a0The approach proposes information dissemination of initiatives in a transparent, compelling, inclusive, and accessible way to diverse audiences. Cultural respect is our starting point, for that reason, we incorporate simple language approaches and the use of new technologies to disseminate initiatives that are relevant and innovative in the context of local, national, and international interest.<\/em>[\/vc_column_text][\/vc_column][\/vc_row]<\/p>\n<\/div>","protected":false},"excerpt":{"rendered":"<p>[vc_row][vc_column][vc_raw_js]JTNDJTIxLS0lMjBHbG9iYWwlMjBzaXRlJTIwdGFnJTIwJTI4Z3RhZy5qcyUyOSUyMC0lMjBHb29nbGUlMjBBbmFseXRpY3MlMjAtLSUzRSUwQSUzQ3NjcmlwdCUyMGFzeW5jJTIwc3JjJTNEJTIyaHR0cHMlM0ElMkYlMkZ3d3cuZ29vZ2xldGFnbWFuYWdlci5jb20lMkZndGFnJTJGanMlM0ZpZCUzRFVBLTExOTU5MjEyMy0xMyUyMiUzRSUzQyUyRnNjcmlwdCUzRSUwQSUzQ3NjcmlwdCUzRSUwQSUyMCUyMHdpbmRvdy5kYXRhTGF5ZXIlMjAlM0QlMjB3aW5kb3cuZGF0YUxheWVyJTIwJTdDJTdDJTIwJTVCJTVEJTNCJTBBJTIwJTIwZnVuY3Rpb24lMjBndGFnJTI4JTI5JTdCZGF0YUxheWVyLnB1c2glMjhhcmd1bWVudHMlMjklM0IlN0QlMEElMjAlMjBndGFnJTI4JTI3anMlMjclMkMlMjBuZXclMjBEYXRlJTI4JTI5JTI5JTNCJTBBJTBBJTIwJTIwZ3RhZyUyOCUyN2NvbmZpZyUyNyUyQyUyMCUyN1VBLTExOTU5MjEyMy0xMyUyNyUyOSUzQiUwQSUzQyUyRnNjcmlwdCUzRSUwQQ==[\/vc_raw_js][vc_column_text]La Oficina de Prensa y Comunicaciones del Recinto de Ciencias M\u00e9dicas (RCM) es el enlace entre la instituci\u00f3n y la comunidad universitaria, los medios de comunicaci\u00f3n del pa\u00eds y la poblaci\u00f3n general. &nbsp; Parte de las labores de los profesionales que se desempe\u00f1an en esta oficina es dar a conocer al p\u00fablico interno y externo&hellip;<\/p>\n","protected":false},"author":1,"featured_media":0,"parent":0,"menu_order":0,"comment_status":"closed","ping_status":"closed","template":"template-microsite.php","meta":{"footnotes":""},"class_list":["post-39","page","type-page","status-publish","hentry","description-off"],"aioseo_notices":[],"_links":{"self":[{"href":"https:\/\/rcm1.rcm.upr.edu\/prensa\/wp-json\/wp\/v2\/pages\/39","targetHints":{"allow":["GET"]}}],"collection":[{"href":"https:\/\/rcm1.rcm.upr.edu\/prensa\/wp-json\/wp\/v2\/pages"}],"about":[{"href":"https:\/\/rcm1.rcm.upr.edu\/prensa\/wp-json\/wp\/v2\/types\/page"}],"author":[{"embeddable":true,"href":"https:\/\/rcm1.rcm.upr.edu\/prensa\/wp-json\/wp\/v2\/users\/1"}],"replies":[{"embeddable":true,"href":"https:\/\/rcm1.rcm.upr.edu\/prensa\/wp-json\/wp\/v2\/comments?post=39"}],"version-history":[{"count":0,"href":"https:\/\/rcm1.rcm.upr.edu\/prensa\/wp-json\/wp\/v2\/pages\/39\/revisions"}],"wp:attachment":[{"href":"https:\/\/rcm1.rcm.upr.edu\/prensa\/wp-json\/wp\/v2\/media?parent=39"}],"curies":[{"name":"wp","href":"https:\/\/api.w.org\/{rel}","templated":true}]}}