{"id":63,"date":"2018-10-12T13:09:04","date_gmt":"2018-10-12T13:09:04","guid":{"rendered":"http:\/\/127.0.0.1\/rcm\/procclaustral\/acerca-del-procurador\/"},"modified":"2018-10-12T13:09:04","modified_gmt":"2018-10-12T13:09:04","slug":"acerca-del-procurador","status":"publish","type":"page","link":"https:\/\/rcm1.rcm.upr.edu\/procuraduriaclaustral\/","title":{"rendered":"Acerca del Procurador"},"content":{"rendered":"<div class=\"wpb-content-wrapper\"><p>[vc_row][vc_column][vc_raw_js]JTNDJTIxLS0lMjBHbG9iYWwlMjBzaXRlJTIwdGFnJTIwJTI4Z3RhZy5qcyUyOSUyMC0lMjBHb29nbGUlMjBBbmFseXRpY3MlMjAtLSUzRSUwQSUzQ3NjcmlwdCUyMGFzeW5jJTIwc3JjJTNEJTIyaHR0cHMlM0ElMkYlMkZ3d3cuZ29vZ2xldGFnbWFuYWdlci5jb20lMkZndGFnJTJGanMlM0ZpZCUzRFVBLTExOTU5MjEyMy0xNSUyMiUzRSUzQyUyRnNjcmlwdCUzRSUwQSUzQ3NjcmlwdCUzRSUwQSUyMCUyMHdpbmRvdy5kYXRhTGF5ZXIlMjAlM0QlMjB3aW5kb3cuZGF0YUxheWVyJTIwJTdDJTdDJTIwJTVCJTVEJTNCJTBBJTIwJTIwZnVuY3Rpb24lMjBndGFnJTI4JTI5JTdCZGF0YUxheWVyLnB1c2glMjhhcmd1bWVudHMlMjklM0IlN0QlMEElMjAlMjBndGFnJTI4JTI3anMlMjclMkMlMjBuZXclMjBEYXRlJTI4JTI5JTI5JTNCJTBBJTBBJTIwJTIwZ3RhZyUyOCUyN2NvbmZpZyUyNyUyQyUyMCUyN1VBLTExOTU5MjEyMy0xNSUyNyUyOSUzQiUwQSUzQyUyRnNjcmlwdCUzRSUwQQ==[\/vc_raw_js][vc_column_text]<\/p>\n<h3><strong>\u00bfQu\u00e9 es la Procuradur\u00eda Claustral?<\/strong><\/h3>\n<p>Es una alternativa que el RCM ofrece a sus docentes donde se le atiendan aquellas situaciones que pudieran interferir con un ambiente de trabajo adecuado.[\/vc_column_text][vc_column_text]<\/p>\n<h3><strong>Prop\u00f3sito de la OPC<\/strong><\/h3>\n<ul>\n<li>Atender todo tipo de situaci\u00f3n que pudiera afectar al claustral. Estas situaciones pudieran ser de naturaleza personal, acad\u00e9mica o de relaciones de trabajo.<\/li>\n<li>Proveer a los facultativos un espacio donde ventilar aquellas situaciones de conflicto que pudieran surgir en el desempe\u00f1o de sus funciones y que interfieran con el mantenimiento de un ambiente acad\u00e9mico y administrativo adecuado.<\/li>\n<\/ul>\n<p>[\/vc_column_text][vc_column_text]<\/p>\n<h3><strong>Meta<\/strong><\/h3>\n<p>Asegurar que los Facultativos del Recinto de Ciencias M\u00e9dicas reciban un trato justo y razonable en sus relaciones con las autoridades y los funcionarios universitarios.[\/vc_column_text][vc_column_text]<\/p>\n<h3><strong>Misi\u00f3n<\/strong><\/h3>\n<p>La Oficina de la Procuradur\u00eda Claustral (OPC) es un mecanismo para la comunicaci\u00f3n e intercambio de ideas con la intenci\u00f3n de vincular efectivamente a los componentes de la comunidad universitaria en la b\u00fasqueda de la verdad.\u00a0Tiene el compromiso de atender necesidades o reclamos de los docentes del Recinto de Ciencias M\u00e9dicas que sean inherentes al quehacer universitario y que puedan presentarse como desaf\u00edos o retos a la integridad institucional.\u00a0Asegurar\u00e1 un trato objetivo e imparcial durante los procesos organizacionales para no afectar las relaciones entre los diferentes sectores que componen la comunidad acad\u00e9mica.\u00a0Identificar\u00e1 oportunidades de justicia en los enfoques, procesos y decisiones institucionales, proveyendo m\u00e9todos alternos e informales para la soluci\u00f3n de las situaciones planteadas.\u00a0Tiene la responsabilidad de salvaguardar los principios medulares que rigen el servicio de la procuradur\u00eda: autonom\u00eda, confidencialidad, imparcialidad y accesibilidad en toda gesti\u00f3n en la que participa.\u00a0Promover\u00e1 la adopci\u00f3n de cambios que sean beneficiosos a todos los niveles de la organizaci\u00f3n a la luz de las experiencias del servicio.[\/vc_column_text][vc_column_text]<\/p>\n<h3><strong>Visi\u00f3n<\/strong><\/h3>\n<p>La Oficina de la Procuradur\u00eda Claustral es un componente institucional donde se tomar\u00e1n en consideraci\u00f3n todos aquellos asuntos, enfoques, opciones y decisiones administrativas \u00f3 de otra \u00edndole que conciernan a los docentes del RCM.\u00a0Esta Oficina ser\u00e1 considerada como un lugar de encuentro y di\u00e1logo, manteniendo el compromiso y la responsabilidad de proveer canales abiertos de comunicaci\u00f3n a la vez de proteger la calidad del ambiente universitario y la integridad de sus constituyentes.\u00a0Es un espacio que ser\u00e1 utilizado para favorecer la reconciliaci\u00f3n y restauraci\u00f3n de las relaciones de los sectores que componen la comunidad universitaria.[\/vc_column_text][vc_column_text]<\/p>\n<h3><strong>Deberes<\/strong><\/h3>\n<ul>\n<li>Buscar soluci\u00f3n r\u00e1pida a las situaciones presentadas a su consideraci\u00f3n.<\/li>\n<li>Corroborar la informaci\u00f3n presentada.<\/li>\n<li>Escuchar, aclarar, informar, aconsejar y referir.<\/li>\n<li>Complementar pero no sustituir los mecanismos de soluci\u00f3n de controversias.<\/li>\n<li>Dar seguimiento para asegurarse de que se resolvieron los casos tra\u00eddos a su consideraci\u00f3n.<\/li>\n<li>Dar a conocer los servicios de la Oficina.<\/li>\n<\/ul>\n<p>[\/vc_column_text][vc_column_text]<\/p>\n<h3><strong>Principios<\/strong><\/h3>\n<ul>\n<li>Accesibilidad<\/li>\n<li>Disponibilidad<\/li>\n<li>Imparcialidad<\/li>\n<li>Criterio principal que se haga justicia, sin prejuicio particular en contra de nadie.<\/li>\n<li>Confidencialidad<\/li>\n<li>La divulgaci\u00f3n de informaci\u00f3n tiene que ser autorizada.<\/li>\n<li>Privacidad<\/li>\n<li>Autonom\u00eda<\/li>\n<li>Libre de influencias, gu\u00edas o control de otros.<\/li>\n<\/ul>\n<p>[\/vc_column_text][\/vc_column][\/vc_row]<\/p>\n<\/div>","protected":false},"excerpt":{"rendered":"<p>[vc_row][vc_column][vc_raw_js]JTNDJTIxLS0lMjBHbG9iYWwlMjBzaXRlJTIwdGFnJTIwJTI4Z3RhZy5qcyUyOSUyMC0lMjBHb29nbGUlMjBBbmFseXRpY3MlMjAtLSUzRSUwQSUzQ3NjcmlwdCUyMGFzeW5jJTIwc3JjJTNEJTIyaHR0cHMlM0ElMkYlMkZ3d3cuZ29vZ2xldGFnbWFuYWdlci5jb20lMkZndGFnJTJGanMlM0ZpZCUzRFVBLTExOTU5MjEyMy0xNSUyMiUzRSUzQyUyRnNjcmlwdCUzRSUwQSUzQ3NjcmlwdCUzRSUwQSUyMCUyMHdpbmRvdy5kYXRhTGF5ZXIlMjAlM0QlMjB3aW5kb3cuZGF0YUxheWVyJTIwJTdDJTdDJTIwJTVCJTVEJTNCJTBBJTIwJTIwZnVuY3Rpb24lMjBndGFnJTI4JTI5JTdCZGF0YUxheWVyLnB1c2glMjhhcmd1bWVudHMlMjklM0IlN0QlMEElMjAlMjBndGFnJTI4JTI3anMlMjclMkMlMjBuZXclMjBEYXRlJTI4JTI5JTI5JTNCJTBBJTBBJTIwJTIwZ3RhZyUyOCUyN2NvbmZpZyUyNyUyQyUyMCUyN1VBLTExOTU5MjEyMy0xNSUyNyUyOSUzQiUwQSUzQyUyRnNjcmlwdCUzRSUwQQ==[\/vc_raw_js][vc_column_text] \u00bfQu\u00e9 es la Procuradur\u00eda Claustral? Es una alternativa que el RCM ofrece a sus docentes donde se le atiendan aquellas situaciones que pudieran interferir con un ambiente de trabajo adecuado.[\/vc_column_text][vc_column_text] Prop\u00f3sito de la OPC Atender todo tipo de situaci\u00f3n que pudiera afectar al claustral. Estas situaciones pudieran ser de naturaleza personal, acad\u00e9mica o de&hellip;<\/p>\n","protected":false},"author":1,"featured_media":0,"parent":0,"menu_order":0,"comment_status":"closed","ping_status":"closed","template":"template-microsite.php","meta":{"footnotes":""},"class_list":["post-63","page","type-page","status-publish","hentry","description-off"],"aioseo_notices":[],"_links":{"self":[{"href":"https:\/\/rcm1.rcm.upr.edu\/procuraduriaclaustral\/wp-json\/wp\/v2\/pages\/63","targetHints":{"allow":["GET"]}}],"collection":[{"href":"https:\/\/rcm1.rcm.upr.edu\/procuraduriaclaustral\/wp-json\/wp\/v2\/pages"}],"about":[{"href":"https:\/\/rcm1.rcm.upr.edu\/procuraduriaclaustral\/wp-json\/wp\/v2\/types\/page"}],"author":[{"embeddable":true,"href":"https:\/\/rcm1.rcm.upr.edu\/procuraduriaclaustral\/wp-json\/wp\/v2\/users\/1"}],"replies":[{"embeddable":true,"href":"https:\/\/rcm1.rcm.upr.edu\/procuraduriaclaustral\/wp-json\/wp\/v2\/comments?post=63"}],"version-history":[{"count":0,"href":"https:\/\/rcm1.rcm.upr.edu\/procuraduriaclaustral\/wp-json\/wp\/v2\/pages\/63\/revisions"}],"wp:attachment":[{"href":"https:\/\/rcm1.rcm.upr.edu\/procuraduriaclaustral\/wp-json\/wp\/v2\/media?parent=63"}],"curies":[{"name":"wp","href":"https:\/\/api.w.org\/{rel}","templated":true}]}}