{"id":235,"date":"2018-08-28T18:10:06","date_gmt":"2018-08-28T18:10:06","guid":{"rendered":"http:\/\/127.0.0.1\/rcm\/procestudiantil\/personal\/"},"modified":"2024-10-16T13:01:54","modified_gmt":"2024-10-16T13:01:54","slug":"personal","status":"publish","type":"page","link":"https:\/\/rcm1.rcm.upr.edu\/procuraduriaestudiantil\/personal\/","title":{"rendered":"Personal"},"content":{"rendered":"<div class=\"wpb-content-wrapper\"><p>[vc_row][vc_column][vc_column_text css=&#8221;&#8221;]<strong>Procurador Estudiantil<\/strong><\/p>\n<p>El doctor Juan Carlos Soto Santiago es Catedr\u00e1tico de la Escuela de Enfermer\u00eda del Recinto de Ciencias M\u00e9dicas de la Universidad de Puerto Rico.\u00a0 Posee un bachillerato y maestr\u00eda en Enfermer\u00eda de ese mismo Recinto y su grado doctoral es en educaci\u00f3n con especialidad en administraci\u00f3n de la Universidad Interamericana de Puerto Rico del Recinto Metropolitano. Ha ocupado distintas posiciones de liderazgo en la Escuela de Enfermer\u00eda, entre ellas: Decano Auxiliar de Asuntos Estudiantes (2002 y 2023), Director del Departamento Sub graduado (2006) y Director del Departamento Graduado (2014).\u00a0 Fue Procurador del Estudiante del Recinto de Ciencias M\u00e9dica del 2009 al 2012 y en la actualidad desde agosto de 2024.\u00a0 En el Colegio de Profesionales de la Enfermer\u00eda de Puerto Rico, ocup\u00f3 las posiciones de Editor de la Revista Impulso (2010-2011) y Presidente de las Juntas de Gobierno 2014-2015 y 2016-2017. En el \u00e1rea de servicio es colaborador del Programa HOLA (Helping Older Adults with their Loneliness and Activity) el cual ofrece servicios a la comunidad de adultos mayores en el Centro de Enfermer\u00eda de Alcance Comunitario, segunda extensi\u00f3n 3105, del Residencial Manuel A. P\u00e9rez de San Juan. En el \u00e1rea de investigaci\u00f3n: fue enlace de la Escuela de Enfermer\u00eda del Recinto de Ciencias M\u00e9dicas en el Proyecto de T\u00edtulo V Cooperativo entre el R.C.M. y la Universidad Central del Caribe (2016 \u2013 2021, <em>Expanding Undergraduate Students Education, Opportunities and Options in Clinical and Translational Research<\/em>), es enlace de la Escuela de Enfermer\u00eda del Recinto de Ciencias M\u00e9dicas en el Proyecto de T\u00edtulo V R.C.M. (2020 \u2013 2025, <em>Clinical and Translational Research with an interdisciplinary and entrepreneurial approach for students and faculty of undergraduate programs in Puerto Rico<\/em>) y co-coordinador del ProyectoT\u00edtulo V R.C.M. (2024-2029, <em>Developing the next generation of translational scientists in Puerto Rico through the empowerment of the Center for Research, Education and Communication of Science &#8211; Mentoring Opportunities<\/em>).[\/vc_column_text][\/vc_column][\/vc_row]<\/p>\n<\/div>","protected":false},"excerpt":{"rendered":"<p>[vc_row][vc_column][vc_column_text css=&#8221;&#8221;]Procurador Estudiantil El doctor Juan Carlos Soto Santiago es Catedr\u00e1tico de la Escuela de Enfermer\u00eda del Recinto de Ciencias M\u00e9dicas de la Universidad de Puerto Rico.\u00a0 Posee un bachillerato y maestr\u00eda en Enfermer\u00eda de ese mismo Recinto y su grado doctoral es en educaci\u00f3n con especialidad en administraci\u00f3n de la Universidad Interamericana de Puerto&hellip;<\/p>\n","protected":false},"author":1,"featured_media":0,"parent":0,"menu_order":0,"comment_status":"closed","ping_status":"closed","template":"template-microsite.php","meta":{"footnotes":""},"class_list":["post-235","page","type-page","status-publish","hentry","description-off"],"aioseo_notices":[],"_links":{"self":[{"href":"https:\/\/rcm1.rcm.upr.edu\/procuraduriaestudiantil\/wp-json\/wp\/v2\/pages\/235","targetHints":{"allow":["GET"]}}],"collection":[{"href":"https:\/\/rcm1.rcm.upr.edu\/procuraduriaestudiantil\/wp-json\/wp\/v2\/pages"}],"about":[{"href":"https:\/\/rcm1.rcm.upr.edu\/procuraduriaestudiantil\/wp-json\/wp\/v2\/types\/page"}],"author":[{"embeddable":true,"href":"https:\/\/rcm1.rcm.upr.edu\/procuraduriaestudiantil\/wp-json\/wp\/v2\/users\/1"}],"replies":[{"embeddable":true,"href":"https:\/\/rcm1.rcm.upr.edu\/procuraduriaestudiantil\/wp-json\/wp\/v2\/comments?post=235"}],"version-history":[{"count":2,"href":"https:\/\/rcm1.rcm.upr.edu\/procuraduriaestudiantil\/wp-json\/wp\/v2\/pages\/235\/revisions"}],"predecessor-version":[{"id":955,"href":"https:\/\/rcm1.rcm.upr.edu\/procuraduriaestudiantil\/wp-json\/wp\/v2\/pages\/235\/revisions\/955"}],"wp:attachment":[{"href":"https:\/\/rcm1.rcm.upr.edu\/procuraduriaestudiantil\/wp-json\/wp\/v2\/media?parent=235"}],"curies":[{"name":"wp","href":"https:\/\/api.w.org\/{rel}","templated":true}]}}