{"id":956,"date":"2024-11-09T16:27:28","date_gmt":"2024-11-09T16:27:28","guid":{"rendered":"https:\/\/rcm1.rcm.upr.edu\/procuraduriaestudiantil\/?page_id=956"},"modified":"2025-04-01T23:33:45","modified_gmt":"2025-04-01T23:33:45","slug":"boletines-informativos","status":"publish","type":"page","link":"https:\/\/rcm1.rcm.upr.edu\/procuraduriaestudiantil\/boletines-informativos\/","title":{"rendered":"Boletines Informativos"},"content":{"rendered":"<div class=\"wpb-content-wrapper\"><p>[vc_row][vc_column][vc_column_text]<\/p>\n<h3><strong>Procuradur\u00eda Estudiantil Informa<\/strong><\/h3>\n<p>[\/vc_column_text][vc_column_text css=&#8221;&#8221;]<\/p>\n<h3><strong>2025<\/strong><\/h3>\n<p>[\/vc_column_text][vc_column_text css=&#8221;&#8221;]<a href=\"https:\/\/rcm1.rcm.upr.edu\/procuraduriaestudiantil\/wp-content\/uploads\/sites\/27\/2025\/04\/boletin-foro-abril-2025.pdf\">45 FORO ANUAL DE INVESTIGACI\u00d3N Y EDUCACI\u00d3N DEL RECINTO DE CIENCIAS M\u00c9DICAS<\/a><\/p>\n<p><a href=\"https:\/\/rcm1.rcm.upr.edu\/procuraduriaestudiantil\/wp-content\/uploads\/sites\/27\/2025\/02\/boletin-proc-est-ene-2025.pdf\">Servicios de la Procuradur\u00eda Estudiantil<\/a>[\/vc_column_text][vc_column_text css=&#8221;&#8221;]<\/p>\n<h3><strong>2024<\/strong><\/h3>\n<p>[\/vc_column_text][vc_column_text css=&#8221;&#8221;]<\/p>\n<ul>\n<li><a href=\"https:\/\/rcm1.rcm.upr.edu\/procuraduriaestudiantil\/wp-content\/uploads\/sites\/27\/2024\/11\/boletin-nov-2024.pdf\">Boleti\u0301n de Noviembre 2024 &#8211; Prevenci\u00f3n de hostigamiento<\/a><\/li>\n<li><a href=\"https:\/\/rcm1.rcm.upr.edu\/procuraduriaestudiantil\/wp-content\/uploads\/sites\/27\/2024\/10\/boletin-octubre-2024.pdf\">Boleti\u0301n de Octubre 2024 &#8211; Derechos de los Estudiantes<\/a><\/li>\n<\/ul>\n<p>[\/vc_column_text][vc_column_text]<\/p>\n<h3><strong>2020<\/strong><\/h3>\n<p>[\/vc_column_text][vc_column_text]<\/p>\n<ul>\n<li><a href=\"https:\/\/rcm1.rcm.upr.edu\/procuraduriaestudiantil\/wp-content\/uploads\/sites\/27\/2020\/11\/Boletin-Noviembre-Redes-Sociales.pdf\" target=\"_blank\" rel=\"noopener noreferrer\">Bolet\u00edn Noviembre: Redes Sociales<\/a><\/li>\n<li><a href=\"https:\/\/rcm1.rcm.upr.edu\/procuraduriaestudiantil\/wp-content\/uploads\/sites\/27\/2021\/02\/Dia-del-Ombudsperson.pdf\" target=\"_blank\" rel=\"noopener noreferrer\">Procuradores Organizacionales 2020<\/a><\/li>\n<li><a href=\"https:\/\/rcm1.rcm.upr.edu\/procuraduriaestudiantil\/wp-content\/uploads\/sites\/27\/2021\/01\/Dia-Salud-Mental-2020.pdf\" target=\"_blank\" rel=\"noopener noreferrer\">D\u00eda Mundial de la Salud Mental 2020<\/a><\/li>\n<li><a href=\"https:\/\/rcm1.rcm.upr.edu\/procuraduriaestudiantil\/wp-content\/uploads\/sites\/27\/2020\/08\/Boletin-Procuraduria-Estudiantil-Agosto-24.pdf\" target=\"_blank\" rel=\"noopener noreferrer\">Bolet\u00edn Agosto: Derechos de los Estudiantes: Reglamento General de Estudiantes UPR<\/a><\/li>\n<li><a href=\"https:\/\/rcm1.rcm.upr.edu\/procuraduriaestudiantil\/wp-content\/uploads\/sites\/27\/2020\/04\/Boletin-Coronavirus.pdf\" target=\"_blank\" rel=\"noopener noreferrer\">Boletin Abril: Coronavirus<\/a><\/li>\n<li><a href=\"https:\/\/rcm1.rcm.upr.edu\/procuraduriaestudiantil\/wp-content\/uploads\/sites\/27\/2020\/04\/boletin-feb-2020.pdf\" target=\"_blank\" rel=\"noopener noreferrer\">Bolet\u00edn Febrero: C\u00f3digo de Conducta Estudiantil<\/a><\/li>\n<\/ul>\n<p>[\/vc_column_text][vc_empty_space height=&#8221;15px&#8221;][vc_column_text]<\/p>\n<h3><strong>2019<\/strong><\/h3>\n<p>[\/vc_column_text][vc_column_text]<\/p>\n<ul>\n<li><a href=\"https:\/\/rcm1.rcm.upr.edu\/procuraduriaestudiantil\/wp-content\/uploads\/sites\/27\/2020\/04\/BOLETIN-4-NOV.pdf\" target=\"_blank\" rel=\"noopener noreferrer\">Bolet\u00edn Noviembre: Certificaciones<\/a><\/li>\n<li><a href=\"https:\/\/rcm1.rcm.upr.edu\/procuraduriaestudiantil\/wp-content\/uploads\/sites\/27\/2020\/04\/boletin-3.pdf\" target=\"_blank\" rel=\"noopener noreferrer\">Bolet\u00edn Octubre: Educar y adiestrar<\/a><\/li>\n<li><a href=\"https:\/\/rcm1.rcm.upr.edu\/procuraduriaestudiantil\/wp-content\/uploads\/sites\/27\/2020\/04\/boletin-2.pdf\" target=\"_blank\" rel=\"noopener noreferrer\">Bolet\u00edn Septiembre: Pol\u00edtica Institucional sobre la Convivencia en la UPR\u2014 Certificaci\u00f3n 38, JG, (2015\u20142016)<\/a><\/li>\n<li><a href=\"https:\/\/rcm1.rcm.upr.edu\/procuraduriaestudiantil\/wp-content\/uploads\/sites\/27\/2020\/04\/boletin-1.pdf\" target=\"_blank\" rel=\"noopener noreferrer\">Bolet\u00edn Abril: Deberes y Derechos de los Estudiantes<\/a><\/li>\n<\/ul>\n<p>[\/vc_column_text][\/vc_column][\/vc_row]<\/p>\n<\/div>","protected":false},"excerpt":{"rendered":"<p>[vc_row][vc_column][vc_column_text] Procuradur\u00eda Estudiantil Informa [\/vc_column_text][vc_column_text css=&#8221;&#8221;] 2025 [\/vc_column_text][vc_column_text css=&#8221;&#8221;]45 FORO ANUAL DE INVESTIGACI\u00d3N Y EDUCACI\u00d3N DEL RECINTO DE CIENCIAS M\u00c9DICAS Servicios de la Procuradur\u00eda Estudiantil[\/vc_column_text][vc_column_text css=&#8221;&#8221;] 2024 [\/vc_column_text][vc_column_text css=&#8221;&#8221;] Boleti\u0301n de Noviembre 2024 &#8211; Prevenci\u00f3n de hostigamiento Boleti\u0301n de Octubre 2024 &#8211; Derechos de los Estudiantes [\/vc_column_text][vc_column_text] 2020 [\/vc_column_text][vc_column_text] Bolet\u00edn Noviembre: Redes Sociales Procuradores Organizacionales&hellip;<\/p>\n","protected":false},"author":3,"featured_media":0,"parent":0,"menu_order":0,"comment_status":"closed","ping_status":"closed","template":"","meta":{"footnotes":""},"class_list":["post-956","page","type-page","status-publish","hentry","description-off"],"aioseo_notices":[],"_links":{"self":[{"href":"https:\/\/rcm1.rcm.upr.edu\/procuraduriaestudiantil\/wp-json\/wp\/v2\/pages\/956","targetHints":{"allow":["GET"]}}],"collection":[{"href":"https:\/\/rcm1.rcm.upr.edu\/procuraduriaestudiantil\/wp-json\/wp\/v2\/pages"}],"about":[{"href":"https:\/\/rcm1.rcm.upr.edu\/procuraduriaestudiantil\/wp-json\/wp\/v2\/types\/page"}],"author":[{"embeddable":true,"href":"https:\/\/rcm1.rcm.upr.edu\/procuraduriaestudiantil\/wp-json\/wp\/v2\/users\/3"}],"replies":[{"embeddable":true,"href":"https:\/\/rcm1.rcm.upr.edu\/procuraduriaestudiantil\/wp-json\/wp\/v2\/comments?post=956"}],"version-history":[{"count":6,"href":"https:\/\/rcm1.rcm.upr.edu\/procuraduriaestudiantil\/wp-json\/wp\/v2\/pages\/956\/revisions"}],"predecessor-version":[{"id":972,"href":"https:\/\/rcm1.rcm.upr.edu\/procuraduriaestudiantil\/wp-json\/wp\/v2\/pages\/956\/revisions\/972"}],"wp:attachment":[{"href":"https:\/\/rcm1.rcm.upr.edu\/procuraduriaestudiantil\/wp-json\/wp\/v2\/media?parent=956"}],"curies":[{"name":"wp","href":"https:\/\/api.w.org\/{rel}","templated":true}]}}